Schwyzi's weather

 Latitude N 47° 32' 21"    Longitude E 07° 10' 18"    Elevation 385 m

Dawn: 07:29 Sunrise: 08:00 Moonrise: 18:04 Moon
Dusk: 19:02 Sunset:  18:31 Moonset: 05:02
Daylight: 11:33 Day length: 10:31 Moon Phase: Waxing Gibbous
Select a Year or Month report

Report for 2018 Oct
                   Monthly Climatological Summary for Okt 2018

Name: Schwyzi's Wetter   City: 68580 Seppois le Bas   State: France
Elevation: 385 m  Lat: N 47 32' 21"   Lon: E 007 10' 18"

                  Temperature (C), Rain (mm), Wind Speed (km/h)

                                      Heat  Cool        Avg
    Mean                              Deg   Deg         Wind                 Dom
Day Temp  High   Time   Low    Time   Days  Days  Rain  Speed High   Time    Dir
----------------------------------------------------------------------------------
 1   3.8   3.8   00:00   3.8   00:00  14.5   0.0   0.0  13.3   0.0   00:00     N
 2   3.8   3.8   00:00   3.8   00:00  14.5   0.0   0.0  13.3   0.0   00:00     N
 3   3.8   3.8   00:00   3.8   00:00  14.5   0.0   0.0  13.3   0.0   00:00     N
 4   3.8   3.8   00:00   3.8   00:00  14.5   0.0   0.0  13.3   0.0   00:00     N
 5   3.8   3.8   00:00   3.8   00:00  14.5   0.0   0.0  13.3   0.0   00:00     N
 6   3.8   3.8   00:00   3.8   00:00  14.5   0.0   0.0  13.3   0.0   00:00     N
 7   3.8   3.8   00:00   3.8   00:00  14.5   0.0   0.0  13.3   0.0   00:00     N
 8   3.8   3.8   00:00   3.8   00:00  14.5   0.0   0.0  13.3   0.0   00:00     N
 9   3.8   3.8   00:00   3.8   00:00  14.5   0.0   0.0  13.3   0.0   00:00     N
10   3.8   3.8   00:00   3.8   00:00  14.5   0.0   0.0  13.3   0.0   00:00     N
11   3.8   3.8   00:00   3.8   00:00  14.5   0.0   0.0  13.3   0.0   00:00     N
12   3.8   3.8   00:00   3.8   00:00  14.5   0.0   0.0  13.3   0.0   00:00     N
13   3.8   3.8   00:00   3.8   00:00  14.5   0.0   0.0  13.3   0.0   00:00     N
14   3.8   3.8   00:00   3.8   00:00  14.5   0.0   0.0  13.3   0.0   00:00     N
15   3.8   3.8   00:00   3.8   00:00  14.5   0.0   0.0  13.3   0.0   00:00     N
16   3.8   3.8   00:00   3.8   00:00  14.5   0.0   0.0  13.3   0.0   00:00     N
17   3.8   3.8   00:00   3.8   00:00  14.5   0.0   0.0  13.3   0.0   00:00     N
18   3.8   3.8   00:00   3.8   00:00  14.5   0.0   0.0  13.3   0.0   00:00     N
19   3.8   3.8   00:00   3.8   00:00  14.5   0.0   0.0  13.3   0.0   00:00     N
20   3.8   3.8   00:00   3.8   00:00  14.5   0.0   0.0  13.3   0.0   00:00     N
21   3.8   3.8   00:00   3.8   00:00  14.5   0.0   0.0  13.3   0.0   00:00     N
----------------------------------------------------------------------------------
     3.8   3.8     1     3.8     1   304.5   0.0   0.0  13.3   0.0     0       N

Max >=  27.0:  0
Max <=   0.0:  0
Min <=   0.0:  0
Min <= -18.0:  0
Max Rain: 0.0 on day 0
Days of Rain: 0 (>= 0.2 mm)  0 (>= 2.0 mm)  0 (>= 20.0 mm)
Heat Base: 18.3  Cool Base: 18.3  Method: Integration
:now::gauges::today::yesterday::this month::this year::NOAA-style reports: :records::monthly records::trends::webcam:


Page updated 22.10.2018 17:25:01
powered by Cumulus v1.9.4 (1099)