Schwyzi's weather

 Latitude N 47° 32' 21"    Longitude E 07° 10' 18"    Elevation 385 m

Dawn: 05:59 Sunrise: 06:32 Moonrise: 15:41 Moon
Dusk: 21:10 Sunset:  20:37 Moonset: 00:30
Daylight: 15:11 Day length: 14:05 Moon Phase: Waxing Gibbous
Select a Year or Month report
V/Λ2018 > Jan Feb Mar Apr May Jun Jul Aug Sep Oct Nov Dec
V/Λ2017 > Jan Feb Mar Apr May Jun Jul Aug Sep Oct Nov Dec
V/Λ2016 > Jan Feb Mar Apr May Jun Jul Aug Sep Oct Nov Dec
V/Λ2015 > Jan Feb Mar Apr May Jun Jul Aug Sep Oct Nov Dec
V/Λ2014 > Jan Feb Mar Apr May Jun Jul Aug Sep Oct Nov Dec
V/Λ2013 > Jan Feb Mar Apr May Jun Jul Aug Sep Oct Nov Dec

Report for 2018 Aug
                   Monthly Climatological Summary for Aug 2018

Name: Schwyzi's Wetter   City: 68580 Seppois le Bas   State: France
Elevation: 385 m  Lat: N 47 32' 21"   Lon: E 007 10' 18"

                  Temperature (C), Rain (mm), Wind Speed (km/h)

                                      Heat  Cool        Avg
    Mean                              Deg   Deg         Wind                 Dom
Day Temp  High   Time   Low    Time   Days  Days  Rain  Speed High   Time    Dir
----------------------------------------------------------------------------------
 1  25.3  32.0   12:41  19.1   05:33   0.0   7.0   4.2   0.2  30.6   14:47   NNE
 2  24.8  33.1   16:35  16.7   06:17   0.1   6.7   2.1   0.0  12.2   16:52   NNE
 3  27.1  36.2   16:12  17.6   06:07   0.0   8.8   0.0   0.0  15.8   15:31     N
 4  27.6  38.8   17:42  19.7   05:55   0.0   9.3   0.0   0.0   9.7   16:23   NNW
 5  26.3  34.5   16:36  18.1   06:26   0.0   8.0   0.0   0.0  12.2   09:14     N
 6  26.9  38.0   17:16 -22.4   17:57   0.1   8.7   0.0   0.0   9.7   14:51   NNW
 7  24.6  36.6   13:18  18.7   06:11   0.0   6.3   1.8   0.0  13.3   13:06   NNE
 8  24.6  31.2   16:41  18.3   02:27   0.0   6.3   0.0   0.1  22.0   03:53     S
 9  22.1  32.0   12:09  17.3   06:43   0.1   3.9   3.3   0.1  35.6   13:23     S
10  19.8  28.6   16:47  12.3   06:24   1.5   3.0   0.3   0.0  12.2   00:12   SSE
11  19.6  28.8   18:36  10.9   06:41   2.0   3.3   0.0   0.0   6.1   13:11   ---
12  21.3  34.9   18:33   9.5   06:13   2.4   5.4   0.0   0.0   1.1   10:09   ---
13  19.9  27.6   16:30  15.1   05:14   0.6   2.2   9.0   0.0   5.0   06:58   ---
14  20.9  27.9   17:17  15.9   06:43   0.5   3.1   0.3   0.0   5.0   12:30   ---
15  21.4  32.7   18:20  12.5   06:12   1.4   4.6   0.0   0.0   2.5   16:46   ---
16  22.8  35.2   18:38  12.9   06:07   1.3   5.8   0.0   0.0   3.6   11:14   ---
17  22.8  30.3   12:32  15.1   06:34   0.7   5.2   0.0   0.0   5.0   12:36   ---
18  22.0  30.2   17:26  16.1   04:25   0.2   3.9   0.0   0.0   1.1   17:04   ---
----------------------------------------------------------------------------------
    23.3  38.8     4   -22.4     6    10.9 101.5  21.0   0.0  35.6     9     ENE

Max >=  27.0: 18
Max <=   0.0:  0
Min <=   0.0:  1
Min <= -18.0:  1
Max Rain: 9.0 on day 13
Days of Rain: 7 (>= 0.2 mm)  4 (>= 2.0 mm)  0 (>= 20.0 mm)
Heat Base: 18.3  Cool Base: 18.3  Method: Integration
:now::gauges::today::yesterday::this month::this year::NOAA-style reports: :records::monthly records::trends::webcam:


Page updated 19.08.2018 23:05:01
powered by Cumulus v1.9.4 (1099)