Schwyzi's weather

 Latitude N 47° 32' 21"    Longitude E 07° 10' 18"    Elevation 385 m

Dawn: 07:30 Sunrise: 08:02 Moonrise: 11:23 Moon
Dusk: 19:00 Sunset:  18:29 Moonset: 20:53
Daylight: 11:30 Day length: 10:27 Moon Phase: Waxing Crescent

Report for 2013
                   Annual Climatological Summary for 2013

Name: Schwyzi's Wetter   City: 68580 Seppois le Bas   State: France
Elevation: 385 m  Lat: N 47 32' 21"   Lon: E 007 10' 18"

                  Temperature (C), Heat Base: 18.3  Cool Base: 18.3
                          Dep.  Heat  Cool                       Max  Max  Min  Min
        Mean  Mean        From  Deg   Deg                        >=   <=   <=   <=
 YR MO  Max   Min   Mean  Norm  Days  Days  Hi  Date  Low  Date 27.0  0.0  0.0 -18.0
------------------------------------------------------------------------------------
 13  1   5.2  -0.6   2.1   0.0   497     0  18.1  30  -9.2   16    0    4   20    0
 13  2   5.7  -3.0   0.8   0.0   490     0  12.9  19 -13.9   14    0    2   20    0
 13  3   9.4   0.3   4.2   0.0   437     0  20.1   7  -6.9   16    0    0   12    0
 13  4  17.2   5.9  10.8   0.0   244    20  29.9  17  -0.2    1    4    0    2    0
 13  5  19.0   8.1  12.6   0.0   188    10  27.8   8   4.8   25    1    0    0    0
 13  6  26.6  11.7  18.6   0.0    74    83  39.1  17   5.8    4   14    0    0    0
 13  7  31.9  15.0  22.6   0.0    23   157  41.0  27   9.1    1   28    0    0    0
 13  8  29.9  13.2  20.4   0.0    48   115  41.8   2   8.0   21   23    0    0    0
 13  9  24.2  11.0  16.3   0.0    98    38  36.8   5   6.9   22   10    0    0    0
 13 10  20.2   8.6  13.0   0.0   173     9  28.0  19   0.8   31    4    0    0    0
 13 11   9.6   2.4   5.5   0.0   382     0  20.9   2  -5.8   27    0    0    6    0
 13 12  12.4  -1.4   3.5   0.0   460     0  20.7  24  -5.0   10    0    0   20    0
------------------------------------------------------------------------------------
        17.6   5.9  10.9   0.0  3120   434  41.8 Aug -13.9  Feb   84    6   80    0

                                Precipitation (mm)

              Dep.   Max        Days of Rain
              From   Obs.           >=
 YR MO Total  Norm   Day Date  0.2  2.0 20.0
---------------------------------------------
 13  1  37.8   0.0   9.0  30    11    6    0
 13  2  76.8   0.0  21.3   1    17    6    1
 13  3  53.4   0.0   8.1  28    18   10    0
 13  4 104.1   0.0  24.3  27    14   11    1
 13  5 106.8   0.0  19.5  31    23   15    0
 13  6  47.4   0.0  13.8  10     9    5    0
 13  7  59.1   0.0  18.6   3    12    8    0
 13  8  89.1   0.0  24.9   7    11    9    1
 13  9  59.7   0.0  13.8   7    13    7    0
 13 10 100.5   0.0  19.8  10    18   12    0
 13 11  88.2   0.0  19.2   3    15   13    0
 13 12  83.4   0.0  33.3  25    15    6    1
---------------------------------------------
       906.3   0.0  33.3  Dez  176  108    4

                                Wind Speed (km/h)
                          Dom
 YR MO   Avg.  Hi   Date  Dir
------------------------------
 13  1   0.8  25.9   31   NNW
 13  2   1.0  25.9    5   NNE
 13  3   0.8  20.2   20   ENE
 13  4   1.3  31.0   10   NNE
 13  5   1.6  24.5   23   NNW
 13  6   1.6  27.7   20   NNE
 13  7   1.1  21.2   23    SE
 13  8   1.0  21.2   24   NNE
 13  9   1.0  31.7   18   NNE
 13 10   0.6  27.7   27    NE
 13 11   1.0  33.1   10   NNE
 13 12   0.9  23.4   28   ENE
------------------------------
         1.1  33.1  Nov   NNE
:now::gauges::today::yesterday::this month::this year::NOAA-style reports: :records::monthly records::trends::webcam:


Page updated 23.10.2017 00:35:01
powered by Cumulus v1.9.4 (1099)