Schwyzi's weather

 Latitude N 47° 32' 21"    Longitude E 07° 10' 18"    Elevation 385 m

Dawn: 07:30 Sunrise: 08:02 Moonrise: 11:23 Moon
Dusk: 19:00 Sunset:  18:29 Moonset: 20:53
Daylight: 11:30 Day length: 10:27 Moon Phase: Waxing Crescent

Report for 2013 Jan
                   Monthly Climatological Summary for Jan 2013

Name: Schwyzi's Wetter   City: 68580 Seppois le Bas   State: France
Elevation: 385 m  Lat: N 47 32' 21"   Lon: E 007 10' 18"

                  Temperature (C), Rain (mm), Wind Speed (km/h)

                                      Heat  Cool        Avg
    Mean                              Deg   Deg         Wind                 Dom
Day Temp  High   Time   Low    Time   Days  Days  Rain  Speed High   Time    Dir
----------------------------------------------------------------------------------
 1   4.7   8.5   12:09  -0.6   01:46  13.7   0.0   5.1   1.1  11.5   11:17     N
 2   2.9   9.4   12:33  -2.5   23:38  15.5   0.0   0.0   0.5   7.2   11:00    NW
 3   1.9   5.4   23:49  -3.1   02:17  16.4   0.0   1.2   0.4   5.8   22:29    NW
 4   7.3   9.5   13:49   5.3   00:13  11.0   0.0   0.0   0.9   9.0   18:59    NW
 5   6.9   7.6   00:00   5.6   23:56  11.4   0.0   0.0   1.1  11.5   12:21    NW
 6   5.4   6.4   15:26   0.7   23:49  12.9   0.0   0.0   0.5   9.0   10:28   NNW
 7   2.0   5.8   14:32  -1.1   03:54  16.3   0.0   0.0   0.7   9.7   10:01     E
 8   1.6   3.0   14:27   0.5   00:00  16.7   0.0   0.0   0.8   8.3   15:25    NW
 9   0.4   1.4   14:12  -0.5   08:51  17.9   0.0   0.0   1.0  10.4   17:29    NW
10   2.1   3.6   23:44   0.5   00:00  16.2   0.0   6.9   1.2  11.5   12:54    NW
11   3.5   3.8   00:30   3.3   02:34  14.8   0.0   2.1   0.0   2.5   01:31    NW
12   3.5   9.7   14:12   0.6   22:40  14.1   0.0   0.0   0.3   5.8   14:44     E
13   0.5   1.1   14:41  -0.4   23:54  17.8   0.0   0.0   0.4   6.5   11:01     E
14  -0.3   0.1   10:17  -1.0   23:10  18.6   0.0   0.0   0.2   5.0   23:58    NW
15  -0.6   1.3   13:57  -3.2   05:55  18.9   0.0   0.0   0.3   8.3   00:25    NW
16  -2.3   6.8   12:51  -9.2   23:09  20.6   0.0   0.3   0.2   5.0   12:26   NNE
17  -4.5  -1.0   14:08  -7.9   00:00  22.8   0.0   0.0   0.5   5.8   12:21   NNW
18  -2.5   3.3   14:22  -4.2   08:13  20.8   0.0   0.0   1.4   9.7   12:27     E
19  -2.1   0.2   13:49  -3.7   03:34  20.4   0.0   0.0   0.6   7.2   18:11     E
20  -0.2   1.4   14:40  -1.5   07:32  18.5   0.0   0.0   0.0  13.7   20:32   NNW
21   0.8   5.9   13:01  -1.1   01:35  17.5   0.0   1.5   0.2   7.2   23:16     E
22   2.1  10.3   14:25  -3.2   22:47  16.2   0.0   1.2   1.1  13.7   04:58   NNW
23  -1.8   0.7   13:13  -5.2   08:10  20.1   0.0   0.0   0.5   5.8   13:41   ESE
24  -0.5  -0.4   08:08  -0.9   05:47  18.8   0.0   0.0   0.2   7.2   04:23     E
25  -0.4  -0.4   00:00  -0.4   00:00  18.7   0.0   0.0   0.0   0.7   00:00     E
26  -0.7  -0.4   00:00  -2.8   20:16  14.9   0.0   0.0   0.1   5.8   22:36   NNW
27   1.1   5.9   11:46  -3.7   08:21  17.2   0.0   1.2   0.5   7.2   13:14     N
28   4.0  10.7   13:46   2.0   05:38  14.3   0.0   2.1   0.8  10.4   17:12    NW
29   8.0  10.6   23:58   3.9   00:14  10.3   0.0   7.2   1.5  13.0   12:50     N
30  12.7  18.1   13:37   9.2   23:59   5.6   0.0   9.0   3.3  24.5   18:53   NNW
31   9.3  14.0   12:55   4.8   07:50   9.0   0.0   0.0   3.2  25.9   13:42   NNW
----------------------------------------------------------------------------------
     2.1  18.1    30    -9.2    16   497.9   0.0  37.8   0.8  25.9    31     NNW

Max >=  27.0:  0
Max <=   0.0:  4
Min <=   0.0: 20
Min <= -18.0:  0
Max Rain: 9.0 on day 30
Days of Rain: 11 (>= 0.2 mm)  6 (>= 2.0 mm)  0 (>= 20.0 mm)
Heat Base: 18.3  Cool Base: 18.3  Method: Integration
:now::gauges::today::yesterday::this month::this year::NOAA-style reports: :records::monthly records::trends::webcam:


Page updated 23.10.2017 00:45:00
powered by Cumulus v1.9.4 (1099)