Schwyzi's weather

 Latitude N 47° 32' 21"    Longitude E 07° 10' 18"    Elevation 385 m

Dawn: 07:30 Sunrise: 08:02 Moonrise: 11:23 Moon
Dusk: 19:00 Sunset:  18:29 Moonset: 20:53
Daylight: 11:30 Day length: 10:27 Moon Phase: Waxing Crescent

Report for 2013 Feb
                   Monthly Climatological Summary for Feb 2013

Name: Schwyzi's Wetter   City: 68580 Seppois le Bas   State: France
Elevation: 385 m  Lat: N 47 32' 21"   Lon: E 007 10' 18"

                  Temperature (C), Rain (mm), Wind Speed (km/h)

                                      Heat  Cool        Avg
    Mean                              Deg   Deg         Wind                 Dom
Day Temp  High   Time   Low    Time   Days  Days  Rain  Speed High   Time    Dir
----------------------------------------------------------------------------------
 1   9.4  11.8   16:18   6.6   08:50   8.9   0.0  21.3   2.2  18.0   21:57   NNW
 2   4.3   8.8   14:38   0.7   20:45  14.0   0.0  11.4   2.4  15.5   01:37   NNW
 3   2.4   9.2   13:45   0.7   04:57  15.9   0.0   0.3   1.1  18.7   22:24   NNW
 4   4.6   8.4   22:09   1.0   02:45  13.7   0.0   6.3   1.3  16.2   15:25   NNW
 5   4.8   8.6   10:12   1.1   23:26  13.5   0.0  14.4   2.4  25.9   10:34   NNW
 6   1.6   3.7   14:10   0.6   06:09  16.7   0.0  14.1   1.2  19.4   09:33   NNW
 7   0.9   6.2   12:37  -2.5   06:09  17.4   0.0   0.6   1.4  13.0   23:09   NNW
 8   1.3  10.1   14:00  -1.4   07:36  17.0   0.0   3.3   1.9  14.8   03:23   NNW
 9  -1.3   8.7   14:39  -8.0   23:41  19.6   0.0   1.2   0.9   8.3   00:48   NNW
10  -3.0   3.7   13:13 -10.3   07:48  21.3   0.0   0.3   1.3   9.7   17:57   ESE
11  -1.1   1.4   13:45  -3.2   00:09  19.4   0.0   0.0   0.6   9.0   00:00   ESE
12  -1.9  -1.2   00:00  -2.8   21:55  20.2   0.0   0.0   0.0   2.5   16:10     S
13  -2.1   2.4   12:25  -9.2   23:57  20.4   0.0   0.3   0.4   6.5   15:15   SSE
14  -4.9   1.3   12:49 -13.9   07:33  23.2   0.0   0.0   0.6   4.0   01:29    SE
15   2.4   5.3   12:21  -0.8   00:09  15.9   0.0   1.2   1.0  11.5   12:50   NNW
16   3.4  11.9   15:29  -1.1   23:57  14.9   0.0   0.0   0.3   5.8   14:41    SE
17   1.8   4.1   16:09  -1.3   00:09  16.5   0.0   0.0   0.8   8.3   09:29   ESE
18   3.0  10.5   15:14  -2.7   23:46  15.3   0.0   0.0   0.8  10.4   13:36   ESE
19   2.8  12.9   14:13  -5.0   07:27  15.5   0.0   0.0   0.9   9.7   15:26    NW
20   1.9   3.0   00:36   0.3   23:49  16.4   0.0   0.0   0.8   9.0   11:00   ESE
21  -0.4   3.1   12:01  -1.9   06:59  18.7   0.0   0.0   1.4  11.5   16:31   ESE
22  -3.4  -1.9   00:00  -4.6   22:42  21.7   0.0   0.0   1.5  11.5   00:14     E
23  -3.3   1.1   12:53  -5.3   02:48  21.6   0.0   0.3   1.2  11.5   16:34   ESE
24  -2.7   3.3   14:31  -7.2   23:59  21.0   0.0   0.9   0.5   7.2   14:35   NNW
25  -1.7   7.1   14:47  -8.9   01:35  20.0   0.0   0.3   0.7   8.3   15:32   ESE
26  -0.9   3.3   13:16  -6.3   03:58  19.2   0.0   0.0   0.8   9.7   11:17   ESE
27   1.6   2.5   15:12   0.9   00:23  16.7   0.0   0.3   0.5   5.8   18:56   ESE
28   2.6   9.5   15:01  -0.7   21:19  15.7   0.0   0.3   0.5   9.0   14:23   ESE
----------------------------------------------------------------------------------
     0.8  12.9    19   -13.9    14   490.3   0.0  76.8   1.0  25.9     5     NNE

Max >=  27.0:  0
Max <=   0.0:  2
Min <=   0.0: 20
Min <= -18.0:  0
Max Rain: 21.3 on day 1
Days of Rain: 17 (>= 0.2 mm)  6 (>= 2.0 mm)  1 (>= 20.0 mm)
Heat Base: 18.3  Cool Base: 18.3  Method: Integration
:now::gauges::today::yesterday::this month::this year::NOAA-style reports: :records::monthly records::trends::webcam:


Page updated 23.10.2017 00:40:00
powered by Cumulus v1.9.4 (1099)