Schwyzi's weather

 Latitude N 47° 32' 21"    Longitude E 07° 10' 18"    Elevation 385 m

Dawn: 07:30 Sunrise: 08:02 Moonrise: 11:23 Moon
Dusk: 19:00 Sunset:  18:29 Moonset: 20:53
Daylight: 11:30 Day length: 10:27 Moon Phase: Waxing Crescent

Report for 2013 Mar
                   Monthly Climatological Summary for Mrz 2013

Name: Schwyzi's Wetter   City: 68580 Seppois le Bas   State: France
Elevation: 385 m  Lat: N 47 32' 21"   Lon: E 007 10' 18"

                  Temperature (C), Rain (mm), Wind Speed (km/h)

                                      Heat  Cool        Avg
    Mean                              Deg   Deg         Wind                 Dom
Day Temp  High   Time   Low    Time   Days  Days  Rain  Speed High   Time    Dir
----------------------------------------------------------------------------------
 1   1.5   2.7   14:29   0.4   02:33  16.8   0.0   0.0   1.0   9.0   10:57   ESE
 2   1.6   2.6   14:59   0.8   07:33  16.7   0.0   0.0   0.8   8.3   23:17   ESE
 3   2.8   9.1   15:15   0.5   07:20  15.5   0.0   0.0   1.3  12.2   12:47   ESE
 4   4.4  15.1   15:22  -1.9   05:08  13.9   0.0   0.0   0.7   8.3   13:42   ESE
 5   5.1  14.5   15:08  -3.4   05:45  13.2   0.0   0.0   0.3   5.0   13:36   ESE
 6   8.1  17.1   15:45   1.5   07:29  10.2   0.0   0.0   0.3   5.8   12:53    SE
 7  10.2  20.1   15:44   3.2   05:58   8.1   0.0   0.0   0.7   8.3   12:17    NW
 8   9.4  15.3   13:45   2.9   03:19   8.9   0.0   1.2   0.8   9.7   13:46   NNW
 9  11.1  17.5   12:28   5.5   07:24   7.2   0.0   0.3   0.9  12.2   21:12    NW
10   8.3  18.1   13:39   2.8   23:58  10.0   0.0   5.1   0.7  10.4   13:40     N
11   5.3   9.0   14:57   2.1   00:30  13.0   0.0   3.9   0.3   5.8   18:24   ESE
12   4.8   8.0   15:27   1.7   23:51  13.5   0.0   0.6   1.8  14.8   14:08   NNW
13   0.2   1.7   00:00  -1.6   23:25  18.1   0.0   0.0   0.6   8.3   01:38   NNW
14  -0.7   6.4   12:58  -6.7   05:59  19.0   0.0   1.2   0.5   9.7   15:48   ESE
15   0.4   8.9   15:40  -3.3   22:36  17.9   0.0   0.6   0.5   7.2   13:42   ESE
16   2.4  10.3   15:18  -6.9   06:40  15.9   0.0   0.0   1.0   9.7   11:31   ESE
17   5.2   7.1   12:12   2.2   01:36  13.1   0.0   5.4   0.5  10.4   23:56   ESE
18   4.6  10.1   15:32   1.5   21:07  13.7   0.0   5.7   0.8  10.4   18:31   NNW
19   6.1  12.7   14:43   2.4   20:52  12.2   0.0   4.5   1.9  19.4   11:48   NNW
20   5.1  11.4   14:13   2.1   02:07  13.2   0.0   6.0   2.2  20.2   17:50   NNW
21   6.4  14.9   13:25   0.8   22:52  11.9   0.0   0.0   0.9   9.0   15:31    NW
22   7.1  14.7   14:20   1.6   07:28  11.2   0.0   0.0   1.1  11.5   10:20   ESE
23   3.9   6.4   00:00   2.2   23:24  14.4   0.0   0.6   0.6   6.5   17:50   ESE
24   3.2   5.3   12:31   1.2   21:57  15.1   0.0   0.0   1.2  13.7   16:39   ESE
25   0.7   1.3   13:48   0.0   21:41  17.6   0.0   0.0   0.1   6.5   16:32    SE
26   0.4   2.1   15:27  -0.7   05:32  17.9   0.0   0.9   0.4   7.2   23:34   ESE
27   1.3   5.1   14:08  -1.1   23:55  17.0   0.0   2.1   1.1  11.5   10:17   ESE
28   1.3   2.9   17:09  -1.3   00:23  17.0   0.0   8.1   0.7  12.2   23:09     N
29   2.9   8.5   10:50  -1.6   06:12  15.4   0.0   3.6   0.6   9.7   00:16   NNW
30   3.1   4.7   15:28   2.0   00:31  15.2   0.0   3.0   0.3   8.3   23:34   ESE
31   2.9   6.9   13:37  -0.6   23:23  14.7   0.0   0.6   0.5   8.3   12:54   ESE
----------------------------------------------------------------------------------
     4.2  20.1     7    -6.9    16   437.5   0.0  53.4   0.8  20.2    20      NE

Max >=  27.0:  0
Max <=   0.0:  0
Min <=   0.0: 12
Min <= -18.0:  0
Max Rain: 8.1 on day 28
Days of Rain: 18 (>= 0.2 mm)  10 (>= 2.0 mm)  0 (>= 20.0 mm)
Heat Base: 18.3  Cool Base: 18.3  Method: Integration
:now::gauges::today::yesterday::this month::this year::NOAA-style reports: :records::monthly records::trends::webcam:


Page updated 23.10.2017 00:45:00
powered by Cumulus v1.9.4 (1099)