Schwyzi's weather

 Latitude N 47° 32' 21"    Longitude E 07° 10' 18"    Elevation 385 m

Dawn: 07:30 Sunrise: 08:02 Moonrise: 11:23 Moon
Dusk: 19:00 Sunset:  18:29 Moonset: 20:53
Daylight: 11:30 Day length: 10:27 Moon Phase: Waxing Crescent

Report for 2013 Apr
                   Monthly Climatological Summary for Apr 2013

Name: Schwyzi's Wetter   City: 68580 Seppois le Bas   State: France
Elevation: 385 m  Lat: N 47 32' 21"   Lon: E 007 10' 18"

                  Temperature (C), Rain (mm), Wind Speed (km/h)

                                      Heat  Cool        Avg
    Mean                              Deg   Deg         Wind                 Dom
Day Temp  High   Time   Low    Time   Days  Days  Rain  Speed High   Time    Dir
----------------------------------------------------------------------------------
 1   4.5  10.4   15:44  -0.2   00:00  13.8   0.0   0.0   2.4  18.7   14:08   ESE
 2   5.3  12.6   15:43  -0.1   07:17  13.0   0.0   0.0   1.4  12.2   15:50     E
 3   4.9  11.1   16:19   0.6   03:52  13.4   0.0   0.0   1.2  16.2   15:26   ESE
 4   6.4  13.1   14:22   0.5   06:13  11.9   0.0   0.0   1.5  15.5   12:25   ESE
 5   5.6  11.0   15:14   1.4   07:40  12.7   0.0   0.0   1.2   9.7   13:11   ESE
 6   6.1  12.1   14:57   2.9   07:28  12.2   0.0   0.0   1.1  11.5   15:22   ESE
 7   5.2   8.4   17:16   2.1   23:59  13.1   0.0   0.0   0.9   9.0   21:10   ESE
 8   5.4  12.2   14:08   0.6   05:51  12.9   0.0   3.0   0.6   9.0   14:50     N
 9   7.2  13.7   16:07   2.8   07:07  11.1   0.0  16.2   1.2  20.2   17:31   NNW
10  11.0  16.2   15:59   7.9   06:37   7.3   0.0   0.0   3.4  31.0   03:42   NNW
11  13.4  19.7   11:35   9.0   03:07   5.0   0.0  16.5   1.6  18.7   07:37   NNW
12  10.9  17.5   13:33   7.7   20:34   7.4   0.0  10.5   3.3  21.2   14:23   NNW
13  12.0  19.6   17:40   7.0   06:37   6.3   0.0   3.9   1.9  16.2   12:39   NNW
14  17.1  27.9   16:17   8.0   07:15   4.0   2.8   0.0   0.8   8.3   14:43   ESE
15  17.5  27.5   15:54   7.6   06:11   3.6   2.7   0.0   1.4  14.8   12:21   NNW
16  18.1  25.0   13:55  12.2   05:38   2.0   1.9   0.3   1.5  13.0   16:34   NNW
17  19.0  29.9   15:50  12.0   00:00   2.9   3.6   0.0   0.6   6.5   13:15   ESE
18  16.6  25.4   14:30  10.5   05:55   3.0   1.3   0.0   2.4  15.5   10:50   NNW
19  10.9  14.3   00:00   6.3   23:39   7.4   0.0   8.4   1.0   7.2   12:42     N
20   6.9   8.0   14:53   5.1   06:45  11.4   0.0   9.9   1.4  13.0   15:26   ESE
21   9.1  12.3   15:41   7.1   03:43   9.2   0.0   0.3   0.4   7.2   00:30    NE
22  10.5  14.4   13:54   8.2   06:34   7.8   0.0   0.0   0.2   5.0   10:09    NW
23  14.4  23.9   16:58   8.2   05:54   4.8   0.9   0.0   0.7   9.0   18:24    NW
24  15.7  26.9   14:52   4.5   06:34   5.1   2.5   0.0   0.9   9.7   15:22    NW
25  18.1  29.8   15:36   6.8   05:14   3.9   3.7   0.0   0.7   8.3   15:49   ESE
26  15.9  23.5   13:34  10.7   03:23   3.1   0.7   5.7   1.7  18.7   12:49   NNW
27   8.8  13.3   00:00   5.4   22:16   9.5   0.0  24.3   1.3  11.5   04:32   NNW
28   8.1  11.3   16:13   5.2   02:36  10.2   0.0   2.4   0.2   5.0   00:40   SSE
29   9.7  11.4   14:36   8.3   05:37   8.6   0.0   2.4   0.2   5.0   20:21   ESE
30  10.8  14.0   16:57   9.6   03:28   7.5   0.0   0.3   0.6   8.3   20:19   ESE
----------------------------------------------------------------------------------
    10.8  29.9    17    -0.2     1   244.1  20.1 104.1   1.3  31.0    10     NNE

Max >=  27.0:  4
Max <=   0.0:  0
Min <=   0.0:  2
Min <= -18.0:  0
Max Rain: 24.3 on day 27
Days of Rain: 14 (>= 0.2 mm)  11 (>= 2.0 mm)  1 (>= 20.0 mm)
Heat Base: 18.3  Cool Base: 18.3  Method: Integration
:now::gauges::today::yesterday::this month::this year::NOAA-style reports: :records::monthly records::trends::webcam:


Page updated 23.10.2017 00:40:00
powered by Cumulus v1.9.4 (1099)