Schwyzi's weather

 Latitude N 47° 32' 21"    Longitude E 07° 10' 18"    Elevation 385 m

Dawn: 07:30 Sunrise: 08:02 Moonrise: 11:23 Moon
Dusk: 19:00 Sunset:  18:29 Moonset: 20:53
Daylight: 11:30 Day length: 10:27 Moon Phase: Waxing Crescent

Report for 2013 May
                   Monthly Climatological Summary for Mai 2013

Name: Schwyzi's Wetter   City: 68580 Seppois le Bas   State: France
Elevation: 385 m  Lat: N 47 32' 21"   Lon: E 007 10' 18"

                  Temperature (C), Rain (mm), Wind Speed (km/h)

                                      Heat  Cool        Avg
    Mean                              Deg   Deg         Wind                 Dom
Day Temp  High   Time   Low    Time   Days  Days  Rain  Speed High   Time    Dir
----------------------------------------------------------------------------------
 1  12.3  19.1   14:58   9.1   07:30   6.0   0.0   4.8   0.8   9.7   07:20     E
 2  13.3  19.0   14:31   8.4   04:15   5.1   0.0   5.4   0.4   9.0   16:25   ESE
 3  12.6  20.1   17:10   9.8   22:42   5.7   0.0   4.5   0.2  10.4   19:22   NNW
 4  13.0  18.2   15:25  10.4   04:47   5.3   0.0   0.6   1.2  12.2   15:18   NNW
 5  14.4  24.1   15:44   6.3   05:21   4.8   0.9   0.0   0.4   9.7   11:31   ESE
 6  15.2  23.7   13:24   8.3   04:14   4.0   0.9   0.0   1.1  13.0   15:54    NW
 7  16.2  24.7   16:20   8.6   06:22   3.3   1.3   0.0   1.3  12.2   14:22   NNW
 8  17.3  27.8   14:15   6.7   06:06   3.6   2.7   0.9   0.9   9.0   13:50    NW
 9  16.8  22.7   14:16  14.0   02:06   2.0   0.5   5.1   1.5  10.4   08:08   NNW
10  13.6  19.6   15:27   9.7   23:58   4.8   0.1   5.4   2.8  18.0   14:56   NNW
11  12.1  18.1   17:12   7.4   03:52   6.2   0.0   0.0   1.6  15.5   15:06   NNW
12  11.0  16.9   17:06   6.6   23:13   7.3   0.0   3.3   2.2  16.2   13:05   NNW
13  12.5  17.7   17:05   7.5   00:00   5.8   0.0   0.0   2.0  14.8   11:55   NNW
14  15.1  25.0   18:14   6.2   05:52   4.5   1.2   0.0   1.4  14.8   11:28   NNW
15  13.7  16.8   12:05  10.8   02:05   4.6   0.0   5.1   0.8   8.3   14:49    NW
16  11.9  13.9   11:46   9.7   23:30   6.4   0.0   4.8   1.6  13.7   12:14   NNW
17  11.7  17.5   16:05   8.9   06:09   6.6   0.0   7.8   1.5  11.5   16:09   NNW
18  15.5  23.0   16:11   6.6   05:53   3.9   1.1   0.9   1.6  21.2   21:55   ENE
19  11.9  18.9   14:57   8.1   22:15   6.4   0.0   7.2   1.6  18.7   16:23   NNW
20  11.3  15.1   11:42   8.8   03:32   7.0   0.0   0.6   2.4  19.4   12:07   NNW
21  10.6  13.0   15:05   8.5   06:07   7.7   0.0   7.2   0.8  10.4   12:39   NNW
22  10.3  13.2   14:51   9.0   06:29   8.0   0.0   6.6   3.0  15.5   13:53   NNW
23   9.3  16.2   11:13   6.1   16:41   9.0   0.0   1.2   2.1  24.5   15:21   NNW
24   8.2  14.2   15:51   5.0   05:50  10.1   0.0   1.2   2.0  15.5   13:57   NNW
25   8.8  17.0   17:15   4.8   05:47   9.5   0.0   1.5   1.1  16.9   15:07   ENE
26   8.8  14.4   13:32   6.9   05:05   9.5   0.0   1.5   3.6  23.4   12:57   NNW
27  14.3  24.3   17:05   7.6   06:05   4.8   0.8   0.0   0.8   9.0   08:35     E
28  13.5  24.8   12:37   8.0   05:24   5.7   0.9   6.9   1.2  16.9   17:20   NNW
29  10.6  17.8   18:39   8.1   02:37   7.7   0.0   4.8   1.4  16.9   16:52   NNW
30  12.6  19.8   15:05   6.0   06:05   5.7   0.1   0.0   2.2  14.8   15:18   NNW
31  10.8  13.1   22:57   8.7   01:17   7.5   0.0  19.5   3.1  18.7   13:19   NNW
----------------------------------------------------------------------------------
    12.6  27.8     8     4.8    25   188.5  10.5 106.8   1.6  24.5    23     NNW

Max >=  27.0:  1
Max <=   0.0:  0
Min <=   0.0:  0
Min <= -18.0:  0
Max Rain: 19.5 on day 31
Days of Rain: 23 (>= 0.2 mm)  15 (>= 2.0 mm)  0 (>= 20.0 mm)
Heat Base: 18.3  Cool Base: 18.3  Method: Integration
:now::gauges::today::yesterday::this month::this year::NOAA-style reports: :records::monthly records::trends::webcam:


Page updated 23.10.2017 00:35:01
powered by Cumulus v1.9.4 (1099)