Schwyzi's weather

 Latitude N 47° 32' 21"    Longitude E 07° 10' 18"    Elevation 385 m

Dawn: 07:30 Sunrise: 08:02 Moonrise: 11:23 Moon
Dusk: 19:00 Sunset:  18:29 Moonset: 20:53
Daylight: 11:30 Day length: 10:27 Moon Phase: Waxing Crescent

Report for 2013 Jun
                   Monthly Climatological Summary for Jun 2013

Name: Schwyzi's Wetter   City: 68580 Seppois le Bas   State: France
Elevation: 385 m  Lat: N 47 32' 21"   Lon: E 007 10' 18"

                  Temperature (C), Rain (mm), Wind Speed (km/h)

                                      Heat  Cool        Avg
    Mean                              Deg   Deg         Wind                 Dom
Day Temp  High   Time   Low    Time   Days  Days  Rain  Speed High   Time    Dir
----------------------------------------------------------------------------------
 1  12.4  13.3   02:06  11.1   10:53   5.9   0.0   9.0   2.8  18.7   15:16   NNW
 2  14.4  24.2   17:45   8.8   23:40   4.4   0.5   0.0   0.4   8.3   15:36   NNW
 3  11.8  17.1   13:15   6.2   03:48   6.5   0.0   0.0   1.6  18.7   22:51   ESE
 4  14.8  23.2   17:25   5.8   05:42   4.4   0.9   0.0   1.4  13.0   00:18   ESE
 5  18.8  28.5   17:24   8.5   05:29   2.9   3.4   0.0   0.9   9.7   10:52   ESE
 6  20.5  29.7   15:05  10.0   06:08   2.2   4.4   0.0   0.8  18.7   14:10   ESE
 7  20.7  31.1   15:53  10.2   05:48   2.3   4.7   0.0   0.8   9.0   13:06   ESE
 8  21.1  32.6   16:36  11.9   05:40   1.6   4.4   0.0   0.8  10.4   11:43   ESE
 9  19.0  28.7   15:57  13.5   23:56   1.5   2.2  11.7   1.5  16.9   00:36   NNW
10  16.0  22.6   14:05  12.5   05:49   2.8   0.5  13.8   2.1  16.2   13:34   NNW
11  19.8  30.4   18:39  13.0   23:54   1.7   3.3   0.0   1.0   8.3   13:25    NW
12  19.3  27.7   15:04  11.0   02:12   2.1   3.2   0.0   0.8   9.0   12:56    NW
13  21.8  33.7   15:28  13.0   05:29   1.7   5.2   0.3   1.8  25.2   19:40   NNW
14  16.4  23.1   17:06  11.7   06:05   2.6   0.7   0.0   1.4  11.5   00:07     E
15  19.7  28.5   16:46  10.8   03:04   2.1   3.6   0.0   2.4  18.7   11:40     N
16  22.9  34.1   17:29  13.2   05:27   1.3   5.8   0.0   0.6   9.0   13:07    SE
17  26.9  39.1   16:46  15.6   04:53   0.4   9.0   0.0   0.9  11.5   21:49    SE
18  27.9  37.2   17:35  18.1   06:06   0.0   9.1   0.0   0.6   8.3   09:34    SE
19  27.7  38.5   17:50  16.7   05:40   0.1   9.6   0.0   1.0  13.7   21:46   NNE
20  21.2  28.6   15:35  15.7   23:54   0.5   3.4   5.7   1.6  27.7   18:37   NNE
21  18.6  25.2   15:08  11.9   06:07   1.6   1.9   0.3   2.0  14.8   12:08   NNE
22  20.3  26.6   15:10  12.5   06:07   1.0   3.0   0.0   2.3  15.5   15:58   NNE
23  17.4  21.8   17:48  14.0   22:14   1.5   0.6   0.0   3.7  22.0   16:49   NNE
24  14.8  19.5   18:16  12.1   06:15   3.5   0.0   1.8   3.3  16.9   18:21   NNE
25  14.7  20.5   16:44  10.6   05:43   3.7   0.1   0.0   1.9  12.2   11:20   NNE
26  16.1  23.5   17:39   9.3   06:08   3.1   0.9   0.0   0.9  10.4   10:49     S
27  14.0  20.2   15:05   9.8   23:58   4.4   0.1   0.6   1.4  19.4   14:27   NNE
28  15.0  22.1   15:25   8.5   05:44   3.8   0.5   0.0   2.0  13.7   11:17   NNE
29  16.0  22.3   18:52  12.6   05:46   2.8   0.5   4.2   2.3  18.0   11:52   NNE
30  18.0  25.9   19:08  12.4   05:28   2.3   2.0   0.0   0.8   9.7   14:24     N
----------------------------------------------------------------------------------
    18.6  39.1    17     5.8     4    74.7  83.5  47.4   1.6  27.7    20     NNE

Max >=  27.0: 14
Max <=   0.0:  0
Min <=   0.0:  0
Min <= -18.0:  0
Max Rain: 13.8 on day 10
Days of Rain: 9 (>= 0.2 mm)  5 (>= 2.0 mm)  0 (>= 20.0 mm)
Heat Base: 18.3  Cool Base: 18.3  Method: Integration
:now::gauges::today::yesterday::this month::this year::NOAA-style reports: :records::monthly records::trends::webcam:


Page updated 23.10.2017 00:40:00
powered by Cumulus v1.9.4 (1099)