Schwyzi's weather

 Latitude N 47° 32' 21"    Longitude E 07° 10' 18"    Elevation 385 m

Dawn: 07:30 Sunrise: 08:02 Moonrise: 11:23 Moon
Dusk: 19:00 Sunset:  18:29 Moonset: 20:53
Daylight: 11:30 Day length: 10:27 Moon Phase: Waxing Crescent

Report for 2013 Jul
                   Monthly Climatological Summary for Jul 2013

Name: Schwyzi's Wetter   City: 68580 Seppois le Bas   State: France
Elevation: 385 m  Lat: N 47 32' 21"   Lon: E 007 10' 18"

                  Temperature (C), Rain (mm), Wind Speed (km/h)

                                      Heat  Cool        Avg
    Mean                              Deg   Deg         Wind                 Dom
Day Temp  High   Time   Low    Time   Days  Days  Rain  Speed High   Time    Dir
----------------------------------------------------------------------------------
 1  20.0  31.0   17:57   9.1   05:34   2.7   4.4   0.0   0.7   9.7   10:58    SE
 2  20.3  33.3   15:43  11.6   05:48   1.6   3.6   5.1   1.1  18.0   18:20   SSE
 3  17.5  20.7   15:25  16.0   06:51   1.0   0.2  18.6   1.0  15.5   15:30   NNE
 4  18.1  24.1   17:46  15.6   05:23   0.9   0.7   0.9   1.9  11.5   17:55   NNE
 5  20.4  29.0   16:30  13.4   02:47   1.4   3.5   0.0   0.7   9.0   11:22     S
 6  22.1  31.0   17:11  13.2   05:33   1.2   5.0   0.0   1.1  11.5   14:22     S
 7  22.6  31.1   17:05  13.9   05:31   0.9   5.2   0.0   1.2  12.2   21:13     S
 8  23.5  31.7   16:18  15.1   05:34   0.4   5.6   0.0   1.4  14.8   12:48   SSE
 9  23.0  31.4   16:34  15.5   04:59   0.6   5.3   0.0   1.0  16.2   15:33     S
10  24.5  32.8   16:14  16.6   05:57   0.2   6.4   0.0   1.0  10.4   13:56     S
11  21.8  27.5   17:14  16.8   06:16   0.2   3.7   0.0   1.9  20.2   16:43     S
12  20.3  30.2   17:43  11.3   05:29   2.0   3.9   0.0   1.1  16.2   13:49   SSE
13  20.9  31.6   16:33  11.7   06:07   1.8   4.5   0.0   0.9   9.7   08:18     S
14  21.6  31.8   17:08  12.6   05:07   1.5   4.8   0.0   0.9   9.7   10:42     S
15  22.0  31.0   17:29  13.8   06:17   1.1   4.9   0.0   1.1  12.2   12:13     S
16  22.5  34.0   17:50  12.2   06:17   1.5   5.7   0.0   0.9  12.2   15:48     S
17  21.5  29.7   14:53  15.5   05:19   0.5   3.7   0.0   0.9  14.8   15:32     S
18  21.9  31.7   18:05  15.5   06:10   0.6   4.2   3.0   0.9  13.0   20:06     S
19  23.1  33.0   16:49  15.0   05:33   0.6   5.5   2.7   1.0  13.0   20:55     S
20  24.3  33.7   17:22  15.5   05:29   0.4   6.4   0.0   0.9  10.4   15:45     S
21  25.4  36.3   17:42  15.8   05:27   0.3   7.4   0.0   0.9  10.4   12:25     S
22  26.8  37.9   16:49  16.2   05:49   0.2   8.7   0.0   0.7   9.0   14:16   SSW
23  25.1  38.3   15:17  17.0   06:29   0.1   6.9   0.3   0.9  21.2   15:56     N
24  24.0  34.1   18:54  18.4   02:15   0.0   5.7   2.1   1.0  11.5   12:58   NNE
25  25.2  34.3   18:26  17.3   04:58   0.1   7.0   0.0   1.6  16.9   14:42   NNE
26  26.2  37.1   18:26  16.3   06:14   0.2   8.2   0.0   0.7  10.4   13:07   NNW
27  28.9  41.0   18:10  18.8   06:43   0.0  10.6   0.9   0.8  13.0   16:47     S
28  23.7  32.3   13:57  19.0   23:43   0.0   5.4   5.7   1.8  20.2   15:21   NNE
29  19.0  25.6   18:23  15.4   23:59   0.2   0.9  14.7   0.9  18.0   13:35   NNE
30  20.8  28.2   18:28  14.4   01:17   1.0   3.5   3.6   1.9  19.4   16:50   NNE
31  24.2  33.5   17:56  17.0   06:13   0.1   5.9   1.5   1.2  12.2   09:19     N
----------------------------------------------------------------------------------
    22.6  41.0    27     9.1     1    23.3 157.4  59.1   1.1  21.2    23      SE

Max >=  27.0: 28
Max <=   0.0:  0
Min <=   0.0:  0
Min <= -18.0:  0
Max Rain: 18.6 on day 3
Days of Rain: 12 (>= 0.2 mm)  8 (>= 2.0 mm)  0 (>= 20.0 mm)
Heat Base: 18.3  Cool Base: 18.3  Method: Integration
:now::gauges::today::yesterday::this month::this year::NOAA-style reports: :records::monthly records::trends::webcam:


Page updated 23.10.2017 00:40:00
powered by Cumulus v1.9.4 (1099)