Schwyzi's weather

 Latitude N 47° 32' 21"    Longitude E 07° 10' 18"    Elevation 385 m

Dawn: 07:30 Sunrise: 08:02 Moonrise: 11:23 Moon
Dusk: 19:00 Sunset:  18:29 Moonset: 20:53
Daylight: 11:30 Day length: 10:27 Moon Phase: Waxing Crescent

Report for 2013 Aug
                   Monthly Climatological Summary for Aug 2013

Name: Schwyzi's Wetter   City: 68580 Seppois le Bas   State: France
Elevation: 385 m  Lat: N 47 32' 21"   Lon: E 007 10' 18"

                  Temperature (C), Rain (mm), Wind Speed (km/h)

                                      Heat  Cool        Avg
    Mean                              Deg   Deg         Wind                 Dom
Day Temp  High   Time   Low    Time   Days  Days  Rain  Speed High   Time    Dir
----------------------------------------------------------------------------------
 1  25.3  38.4   18:11  14.4   05:33   0.7   7.7   0.0   0.5   9.0   14:32     S
 2  28.2  41.8   17:55  17.8   06:30   0.0   9.9   0.0   0.8  16.2   14:10     S
 3  26.0  32.7   15:29  19.6   01:59   0.0   7.7   0.0   1.4  13.0   16:22     N
 4  22.9  33.5   18:05  17.0   10:26   0.1   4.8  15.6   0.8  18.7   10:25   SSW
 5  25.8  38.0   17:46  16.0   05:51   0.4   7.8   0.0   0.6  13.0   20:41     S
 6  25.3  32.6   17:12  19.4   06:07   0.0   7.0   0.0   1.4  18.0   13:09     N
 7  20.0  25.4   13:17  17.5   23:51   0.1   1.8  24.9   1.3  14.8   14:37   NNE
 8  19.5  25.1   15:49  16.8   05:21   0.4   1.6   3.3   0.6   9.0   20:25   SSW
 9  20.2  29.0   18:07  15.9   06:29   0.7   2.6   4.8   1.7  15.5   14:43     N
10  20.7  27.8   17:31  13.6   06:31   1.1   3.5   0.0   1.6  16.2   16:08     N
11  19.6  28.1   16:11  12.0   06:32   1.8   3.1   0.0   1.6  16.2   11:32     N
12  20.7  31.6   16:41  11.3   06:14   1.9   4.4   0.0   1.1  13.7   12:56     N
13  19.8  27.6   16:22  12.2   23:54   0.8   2.3   0.0   1.5  13.0   12:51     N
14  17.6  26.9   15:44   9.6   06:19   3.1   2.4   0.0   0.8  13.0   14:14   WSW
15  18.3  29.9   17:39   9.4   05:30   3.2   3.2   0.0   1.2  15.5   12:26     S
16  21.0  34.0   17:06   9.9   05:25   2.5   5.2   0.0   0.6   9.7   17:49   NNW
17  22.9  33.0   17:50  13.5   06:34   1.0   5.7   0.0   1.4  13.0   15:57     N
18  22.1  31.5   16:07  14.7   05:09   0.9   4.7   0.0   1.8  15.5   16:57     N
19  19.4  26.2   15:34  14.1   22:47   0.5   1.6   6.9   1.2  16.9   12:09   NNE
20  18.0  28.1   17:41  10.2   06:18   2.9   2.6   0.3   1.0  14.8   13:20     S
21  17.9  29.7   16:25   8.0   06:51   3.4   3.0   0.0   0.9  13.7   15:34     S
22  19.2  29.6   16:08   9.4   06:29   2.7   3.6   0.0   0.9  13.0   14:18     S
23  20.9  34.1   17:37  11.4   06:52   2.1   4.8   0.0   0.6   8.3   10:08   SSW
24  17.2  23.7   18:20  13.8   04:17   1.7   0.7  14.4   0.9  21.2   22:42   NNE
25  16.2  23.5   14:40  11.4   23:52   2.6   0.4   4.5   0.9  15.5   12:18     N
26  16.9  27.1   16:15   9.5   06:54   3.3   1.9  10.8   1.1  14.8   11:29     N
27  17.3  25.1   15:59  14.2   01:17   2.0   1.1   2.4   0.6  10.4   16:23   WNW
28  17.1  22.9   12:57  13.8   03:28   2.1   0.8   1.2   0.5   8.3   12:50   NNW
29  18.4  28.7   16:11  11.9   05:07   2.3   2.5   0.0   0.7  12.2   13:05     S
30  19.3  31.4   16:20  10.4   06:44   2.6   3.6   0.0   0.6   8.3   11:18   SSW
31  19.4  28.4   15:19  11.2   06:48   2.0   3.1   0.0   1.0  12.2   14:24     N
----------------------------------------------------------------------------------
    20.4  41.8     2     8.0    21    48.9 115.1  89.1   1.0  21.2    24       N

Max >=  27.0: 23
Max <=   0.0:  0
Min <=   0.0:  0
Min <= -18.0:  0
Max Rain: 24.9 on day 7
Days of Rain: 11 (>= 0.2 mm)  9 (>= 2.0 mm)  1 (>= 20.0 mm)
Heat Base: 18.3  Cool Base: 18.3  Method: Integration
:now::gauges::today::yesterday::this month::this year::NOAA-style reports: :records::monthly records::trends::webcam:


Page updated 23.10.2017 00:40:00
powered by Cumulus v1.9.4 (1099)