Schwyzi's weather

 Latitude N 47° 32' 21"    Longitude E 07° 10' 18"    Elevation 385 m

Dawn: 07:30 Sunrise: 08:02 Moonrise: 11:23 Moon
Dusk: 19:00 Sunset:  18:29 Moonset: 20:53
Daylight: 11:30 Day length: 10:27 Moon Phase: Waxing Crescent

Report for 2013 Sep
                   Monthly Climatological Summary for Sep 2013

Name: Schwyzi's Wetter   City: 68580 Seppois le Bas   State: France
Elevation: 385 m  Lat: N 47 32' 21"   Lon: E 007 10' 18"

                  Temperature (C), Rain (mm), Wind Speed (km/h)

                                      Heat  Cool        Avg
    Mean                              Deg   Deg         Wind                 Dom
Day Temp  High   Time   Low    Time   Days  Days  Rain  Speed High   Time    Dir
----------------------------------------------------------------------------------
 1  16.7  24.5   13:28  11.7   23:45   2.4   0.7   0.0   0.5   8.3   14:18   SSW
 2  17.1  29.1   17:38   8.7   07:30   3.9   2.7   0.0   0.6   9.7   15:45   WNW
 3  18.5  31.2   17:32   8.0   07:07   3.5   3.6   0.0   0.9  12.2   15:28   SSE
 4  21.0  34.2   17:41  11.7   06:43   2.0   4.7   0.0   0.7  10.4   11:59     S
 5  22.6  36.8   17:53  12.3   06:23   1.5   5.8   0.0   0.5  11.5   13:33     N
 6  22.6  34.4   15:27  14.8   03:24   0.8   5.1   0.0   0.9  13.0   12:49   NNE
 7  20.5  27.8   13:18  15.2   23:41   0.2   2.4  13.8   0.7  20.2   23:13   SSE
 8  17.1  21.2   14:18  14.2   23:55   1.5   0.3  11.4   1.2  14.8   13:50   NNE
 9  16.6  24.0   17:37   9.9   06:48   2.7   1.0   0.3   1.3  13.7   12:23     N
10  14.9  18.8   16:23   9.3   23:28   3.4   0.0   8.7   1.7  16.9   08:33   NNE
11  11.7  15.6   11:23   8.1   06:18   6.6   0.0   0.0   2.0  18.0   13:33   NNE
12  13.4  18.3   14:59  11.7   23:45   4.9   0.0   0.9   2.2  16.2   12:49   NNE
13  15.5  23.2   14:21  10.7   04:07   3.5   0.7   0.3   0.8  10.4   14:57     N
14  17.1  20.8   17:09  13.6   07:31   1.7   0.4   0.0   1.0  13.0   15:08   NNE
15  16.4  21.7   14:48  13.0   23:21   2.2   0.4   4.8   1.9  16.9   16:21   NNE
16  13.4  15.3   17:31   9.9   23:58   4.9   0.0   6.9   1.4  16.2   23:26   NNE
17  11.4  16.1   14:06   8.2   07:05   6.9   0.0   6.9   1.5  18.0   15:59   NNE
18  16.5  21.2   15:18  11.9   00:00   2.0   0.3   3.9   3.5  31.7   13:35   NNE
19  14.0  20.3   13:42  10.1   07:49   4.3   0.0   0.9   1.7  13.0   13:45   NNE
20  14.0  21.1   17:26  10.1   07:25   4.3   0.1   0.0   1.0  12.2   13:41     N
21  14.7  26.0   15:58   7.1   05:36   4.7   1.1   0.0   0.5   9.0   12:30     S
22  14.2  28.4   16:36   6.9   06:59   5.5   1.5   0.0   0.4   9.7   13:53     S
23  15.1  26.7   16:29   7.6   07:22   4.7   1.5   0.0   1.3  16.2   11:59     S
24  13.4  29.1   17:52   8.1   03:47   5.5   0.6   0.0   0.1   5.8   07:25     S
25  16.9  27.7   15:12   8.9   07:20   3.6   2.2   0.0   1.2  15.5   14:49     N
26  19.2  28.7   14:47  14.2   06:51   1.2   2.1   0.3   1.0  15.5   12:41     N
27  17.0  25.0   16:27  13.4   03:07   2.2   0.9   0.0   0.5  10.4   14:43   SSE
28  17.0  25.1   16:23  14.0   07:28   2.0   0.7   0.0   0.5   8.3   13:34     S
29  16.0  18.9   16:09  14.2   23:57   2.3   0.0   0.6   0.4   8.3   03:34     S
30  14.3  16.2   16:17  13.2   23:50   4.0   0.0   0.0   0.2   6.5   14:10     S
----------------------------------------------------------------------------------
    16.3  36.8     5     6.9    22    98.9  38.8  59.7   1.0  31.7    18     NNE

Max >=  27.0: 10
Max <=   0.0:  0
Min <=   0.0:  0
Min <= -18.0:  0
Max Rain: 13.8 on day 7
Days of Rain: 13 (>= 0.2 mm)  7 (>= 2.0 mm)  0 (>= 20.0 mm)
Heat Base: 18.3  Cool Base: 18.3  Method: Integration
:now::gauges::today::yesterday::this month::this year::NOAA-style reports: :records::monthly records::trends::webcam:


Page updated 23.10.2017 00:45:00
powered by Cumulus v1.9.4 (1099)