Schwyzi's weather

 Latitude N 47° 32' 21"    Longitude E 07° 10' 18"    Elevation 385 m

Dawn: 07:30 Sunrise: 08:02 Moonrise: 11:23 Moon
Dusk: 19:00 Sunset:  18:29 Moonset: 20:53
Daylight: 11:30 Day length: 10:27 Moon Phase: Waxing Crescent

Report for 2013 Oct
                   Monthly Climatological Summary for Okt 2013

Name: Schwyzi's Wetter   City: 68580 Seppois le Bas   State: France
Elevation: 385 m  Lat: N 47 32' 21"   Lon: E 007 10' 18"

                  Temperature (C), Rain (mm), Wind Speed (km/h)

                                      Heat  Cool        Avg
    Mean                              Deg   Deg         Wind                 Dom
Day Temp  High   Time   Low    Time   Days  Days  Rain  Speed High   Time    Dir
----------------------------------------------------------------------------------
 1  14.5  19.0   12:36  12.5   03:37   3.8   0.0   0.0   0.6   7.2   11:58     S
 2  15.2  21.8   14:08  10.5   07:17   3.5   0.4   0.0   1.2  14.8   11:32   SSE
 3  14.5  21.2   14:43   9.3   07:27   4.0   0.2   0.0   1.4  11.5   01:13   SSE
 4  16.7  27.7   15:34  11.8   00:14   2.6   1.0   3.0   0.5   6.5   23:10     S
 5  16.1  17.1   00:00  15.8   06:48   2.2   0.0   3.3   0.0   4.0   05:07     N
 6  15.3  16.9   14:09  11.0   11:50   3.0   0.0   0.0   0.2  10.4   14:21    SE
 7  13.6  14.9   16:20  12.5   07:11   4.7   0.0   0.0   0.1   9.7   00:18   SSE
 8  13.3  14.6   16:47  12.1   07:18   5.0   0.0   0.0   0.0   5.0   09:54    SE
 9  13.8  18.4   14:07  12.1   06:09   4.5   0.0   0.0   0.3   9.0   15:51   NNW
10  10.1  14.1   15:23   5.7   23:32   8.2   0.0  19.8   1.1   9.0   03:56   NNW
11   7.9  13.3   14:47   5.5   23:29  10.3   0.0   1.2   0.4   9.0   16:31   NNW
12   8.4  16.2   13:46   5.8   01:11   9.9   0.0  10.8   0.3   5.8   13:13   SSE
13  10.1  19.4   15:37   3.6   08:12   8.2   0.0   0.3   0.8   9.7   11:14   ENE
14  12.4  19.1   14:33  10.0   00:00   5.9   0.0   4.5   0.3   9.0   16:57    SE
15  14.3  18.4   15:57  10.3   00:00   4.0   0.0   5.1   1.6  15.5   13:41     N
16  12.5  18.3   13:56   6.5   08:10   5.8   0.0   6.9   0.6  10.4   01:26   NNW
17  13.8  21.6   14:15   7.9   23:29   4.7   0.2   1.8   1.7  18.7   02:11   NNW
18  10.8  19.2   15:49   4.4   06:51   7.5   0.0   0.0   0.7  18.0   13:49   ESE
19  13.8  28.0   15:10   5.1   04:27   5.9   1.3   0.0   0.3   5.8   11:09    SE
20  13.8  16.6   16:13  10.2   23:15   4.5   0.0   6.0   0.2   5.0   05:42    SE
21  13.2  22.1   15:50   9.2   07:44   5.3   0.3   4.8   0.2   8.3   16:30    SE
22  14.9  25.1   14:48  10.3   02:35   4.3   0.9   0.0   0.4   9.7   15:59   ESE
23  13.7  19.3   08:22  10.8   01:27   4.6   0.0  12.9   0.9  22.0   08:58   ESE
24  13.4  24.8   14:30   7.1   23:58   5.6   0.7   0.3   0.3   8.3   13:46   ESE
25  13.3  25.3   14:24   6.7   01:29   5.8   0.8   0.0   0.2   6.5   15:21    SE
26  15.1  27.6   15:56   8.3   07:49   4.8   1.6   0.0   0.5   6.5   16:24    SE
27  16.4  21.9   14:07  11.7   00:00   2.6   0.6  11.1   2.1  27.7   14:16     N
28  16.3  27.5   13:17  11.5   23:59   3.4   1.4   7.2   1.6  22.7   11:41     N
29  11.1  17.9   14:13   5.7   22:30   7.2   0.0   1.2   0.7  14.8   12:37   NNW
30   8.1  19.7   13:44   2.0   23:25  10.2   0.0   0.3   0.3   7.2   09:12    NW
31   6.6  19.2   13:55   0.8   06:08  11.7   0.0   0.0   0.4  11.5   12:53    SE
----------------------------------------------------------------------------------
    13.0  28.0    19     0.8    31   173.7   9.4 100.5   0.6  27.7    27      NE

Max >=  27.0:  4
Max <=   0.0:  0
Min <=   0.0:  0
Min <= -18.0:  0
Max Rain: 19.8 on day 10
Days of Rain: 18 (>= 0.2 mm)  12 (>= 2.0 mm)  0 (>= 20.0 mm)
Heat Base: 18.3  Cool Base: 18.3  Method: Integration
:now::gauges::today::yesterday::this month::this year::NOAA-style reports: :records::monthly records::trends::webcam:


Page updated 23.10.2017 00:35:01
powered by Cumulus v1.9.4 (1099)