Schwyzi's weather

 Latitude N 47° 32' 21"    Longitude E 07° 10' 18"    Elevation 385 m

Dawn: 07:30 Sunrise: 08:02 Moonrise: 11:23 Moon
Dusk: 19:00 Sunset:  18:29 Moonset: 20:53
Daylight: 11:30 Day length: 10:27 Moon Phase: Waxing Crescent

Report for 2013 Nov
                   Monthly Climatological Summary for Nov 2013

Name: Schwyzi's Wetter   City: 68580 Seppois le Bas   State: France
Elevation: 385 m  Lat: N 47 32' 21"   Lon: E 007 10' 18"

                  Temperature (C), Rain (mm), Wind Speed (km/h)

                                      Heat  Cool        Avg
    Mean                              Deg   Deg         Wind                 Dom
Day Temp  High   Time   Low    Time   Days  Days  Rain  Speed High   Time    Dir
----------------------------------------------------------------------------------
 1   7.8  16.2   13:25   1.7   04:24  10.5   0.0   0.0   0.2   4.0   00:29    SE
 2  13.6  20.9   12:53   9.2   00:00   4.7   0.0   3.6   1.1  20.2   12:12   NNE
 3   9.9  14.4   14:55   5.2   23:16   8.4   0.0  19.2   2.0  27.7   09:08     N
 4  10.3  12.3   05:51   6.0   01:07   8.0   0.0   7.2   1.6  16.9   10:19    NE
 5   8.0  11.1   12:25   3.5   06:17  10.3   0.0   3.9   2.0  25.9   22:42   NNW
 6  12.7  15.3   13:13   9.8   00:39   5.6   0.0   4.2   2.9  21.2   09:28     N
 7  15.7  18.8   13:42  11.7   23:54   2.6   0.0   0.0   1.5  18.0   13:07     N
 8  13.4  17.9   11:49  10.7   04:32   4.9   0.0   8.4   0.8  15.5   20:28   NNW
 9   9.5  15.4   12:57   5.2   17:58   8.8   0.0   5.7   1.4  16.9   02:07   NNW
10   7.1  10.5   10:10   4.4   21:38  11.2   0.0   8.4   3.1  33.1   11:50   NNW
11   5.1  11.7   14:49   0.2   23:07  13.2   0.0   0.0   0.4   9.7   11:49    SE
12   3.9  14.0   14:24   0.3   07:46  14.4   0.0   0.0   0.9  10.4   10:48    SE
13   4.9   6.3   16:44   2.2   00:00  13.4   0.0   0.0   1.0  11.5   12:50   ESE
14   5.4   8.1   13:50   3.8   19:12  12.9   0.0   0.0   0.8  14.8   13:25   NNW
15   5.0   6.8   12:10   3.5   03:11  13.3   0.0   0.0   1.5  18.7   11:17   ESE
16   5.2   5.7   13:37   4.5   06:13  13.1   0.0   0.0   0.9  10.4   00:54    SE
17   5.0   7.0   13:42   0.1   23:15  13.3   0.0   0.0   0.4   9.7   12:26    SE
18   5.2  18.5   14:07  -0.6   07:46  13.1   0.0   0.0   0.3   6.5   12:45    SE
19   3.6   5.1   15:07   1.8   19:30  14.7   0.0   9.6   0.2   7.2   16:31   NNW
20   2.8   4.6   15:08   0.7   23:45  15.5   0.0   4.5   0.4  12.2   20:55   NNW
21   1.6   2.8   13:07   0.9   00:00  16.7   0.0   4.8   0.5  10.4   15:45   NNW
22   1.6   2.6   11:50   0.9   00:07  16.7   0.0   4.2   0.1   5.8   08:58   ENE
23   1.6   1.6   00:00   1.6   00:00  16.7   0.0   0.0   0.0   0.0   00:00     E
24   1.6   4.7   23:53   0.4   19:39  16.9   0.0   0.0   0.0   7.2   23:55     S
25   1.8   7.6   13:34  -1.6   17:45  16.5   0.0   0.0   1.2  13.7   00:25    SE
26   0.2   5.5   13:59  -4.2   23:40  18.1   0.0   0.3   0.8  11.5   08:35   SSE
27  -1.6   4.7   13:54  -5.8   07:37  19.9   0.0   0.0   0.9   9.7   10:23    SE
28  -0.4   2.9   10:25  -3.9   06:32  18.7   0.0   0.0   0.7   8.3   11:29    SE
29   2.9   5.5   13:13   0.5   07:57  15.4   0.0   0.3   0.7   9.7   22:43    NW
30   3.0   8.9   14:20  -1.3   23:24  15.3   0.0   3.9   0.9  13.0   03:59     N
----------------------------------------------------------------------------------
     5.5  20.9     2    -5.8    27   382.8   0.0  88.2   1.0  33.1    10     NNE

Max >=  27.0:  0
Max <=   0.0:  0
Min <=   0.0:  6
Min <= -18.0:  0
Max Rain: 19.2 on day 3
Days of Rain: 15 (>= 0.2 mm)  13 (>= 2.0 mm)  0 (>= 20.0 mm)
Heat Base: 18.3  Cool Base: 18.3  Method: Integration
:now::gauges::today::yesterday::this month::this year::NOAA-style reports: :records::monthly records::trends::webcam:


Page updated 23.10.2017 00:40:00
powered by Cumulus v1.9.4 (1099)