Schwyzi's weather

 Latitude N 47° 32' 21"    Longitude E 07° 10' 18"    Elevation 385 m

Dawn: 07:30 Sunrise: 08:02 Moonrise: 11:23 Moon
Dusk: 19:00 Sunset:  18:29 Moonset: 20:53
Daylight: 11:30 Day length: 10:27 Moon Phase: Waxing Crescent

Report for 2013 Dec
                   Monthly Climatological Summary for Dez 2013

Name: Schwyzi's Wetter   City: 68580 Seppois le Bas   State: France
Elevation: 385 m  Lat: N 47 32' 21"   Lon: E 007 10' 18"

                  Temperature (C), Rain (mm), Wind Speed (km/h)

                                      Heat  Cool        Avg
    Mean                              Deg   Deg         Wind                 Dom
Day Temp  High   Time   Low    Time   Days  Days  Rain  Speed High   Time    Dir
----------------------------------------------------------------------------------
 1   1.2   7.7   12:51  -4.1   05:38  17.1   0.0   0.3   0.9  12.2   15:17    SE
 2   3.5   9.3   15:13   0.3   23:59  14.8   0.0   0.0   1.9  18.0   12:20   ESE
 3   0.7  12.8   14:07  -4.5   08:07  17.6   0.0   0.0   0.4   4.0   12:44     S
 4   1.8  10.1   13:10  -3.4   07:44  16.5   0.0   0.0   1.7  15.5   15:08   NNW
 5   4.4   9.1   15:15   0.1   01:07  13.9   0.0   0.0   1.7  20.2   21:47   NNW
 6   4.4   6.9   13:29   2.6   17:42  13.9   0.0   7.2   2.8  18.0   04:16     N
 7   3.0  12.7   13:13  -1.9   23:58  15.3   0.0   0.0   0.8   9.0   11:56    NW
 8   1.4  18.0   14:37  -4.0   07:32  16.9   0.0   0.0   0.3   5.8   19:48   SSE
 9   1.3  16.2   14:34  -4.1   07:51  17.0   0.0   0.0   0.3   5.0   12:25     S
10   1.0  14.3   13:07  -5.0   06:41  17.3   0.0   0.0   0.3   6.5   14:34   SSE
11   0.6  11.4   14:45  -4.6   08:26  17.7   0.0   0.0   0.4   7.2   15:44    SE
12  -1.5   7.6   14:35  -4.0   23:57  19.8   0.0   0.0   0.4   5.0   01:51     W
13   0.7  14.9   13:10  -4.9   01:29  17.6   0.0   0.3   0.3   4.0   21:32   SSE
14   1.0   5.6   12:48  -3.8   02:22  17.2   0.0   1.5   0.7  13.0   17:08   NNW
15   1.8  13.9   14:22  -3.0   23:43  16.5   0.0   0.0   0.5   9.7   12:52    SE
16   2.2  16.3   12:57  -3.2   08:14  16.1   0.0   0.3   1.5   6.5   06:41    SE
17   3.3  20.5   13:36  -1.7   05:21  15.1   0.0   0.0   1.5   6.5   00:27    SE
18   3.0  13.0   12:24  -1.5   00:44  15.3   0.0   0.0   0.4   6.5   12:57    SE
19   5.8  11.4   12:48   0.2   01:09  12.5   0.0   4.2   1.0  13.7   10:48   ESE
20   5.4  10.1   12:57   0.2   22:45  12.9   0.0   2.7   0.3   9.7   15:08     N
21   3.2  11.4   15:28   0.0   00:15  15.1   0.0   0.3   0.6   6.5   13:27    SE
22   7.8  13.8   12:52   1.5   01:36  10.5   0.0   0.6   1.8  13.7   11:39   NNE
23   9.5  18.7   15:20   1.1   23:59   8.8   0.0   0.9   1.0  18.7   00:07     N
24   9.8  20.7   12:33   0.0   03:53   8.6   0.1   0.0   1.6  21.2   10:49    SE
25   8.7  15.8   01:12   4.6   21:47   9.6   0.0  33.3   1.7  18.7   07:20    NE
26   5.0   6.3   01:57   3.9   21:29  13.3   0.0  11.7   1.5  11.5   18:30     N
27   3.6  12.2   13:37  -1.9   07:49  14.7   0.0   0.0   0.4   6.5   21:35    SE
28   4.8   8.6   06:34   0.6   01:51  13.5   0.0  19.5   1.1  23.4   23:06   NNE
29   4.7   8.9   14:33   1.8   07:56  13.6   0.0   0.3   0.8  11.5   00:07     N
30   2.6  13.1   13:27  -1.4   08:22  15.7   0.0   0.3   0.2   5.0   14:13    SE
31   2.3  14.4   13:47  -2.9   07:35  16.0   0.0   0.0   0.2   5.0   14:35   SSE
----------------------------------------------------------------------------------
     3.5  20.7    24    -5.0    10   460.4   0.1  83.4   0.9  23.4    28      NE

Max >=  27.0:  0
Max <=   0.0:  0
Min <=   0.0: 20
Min <= -18.0:  0
Max Rain: 33.3 on day 25
Days of Rain: 15 (>= 0.2 mm)  6 (>= 2.0 mm)  1 (>= 20.0 mm)
Heat Base: 18.3  Cool Base: 18.3  Method: Integration
:now::gauges::today::yesterday::this month::this year::NOAA-style reports: :records::monthly records::trends::webcam:


Page updated 23.10.2017 00:40:00
powered by Cumulus v1.9.4 (1099)