Schwyzi's weather

 Latitude N 47° 32' 21"    Longitude E 07° 10' 18"    Elevation 385 m

Dawn: 07:30 Sunrise: 08:02 Moonrise: 11:23 Moon
Dusk: 19:00 Sunset:  18:29 Moonset: 20:53
Daylight: 11:30 Day length: 10:27 Moon Phase: Waxing Crescent

Report for 2014 Jan
                   Monthly Climatological Summary for Jan 2014

Name: Schwyzi's Wetter   City: 68580 Seppois le Bas   State: France
Elevation: 385 m  Lat: N 47 32' 21"   Lon: E 007 10' 18"

                  Temperature (C), Rain (mm), Wind Speed (km/h)

                                      Heat  Cool        Avg
    Mean                              Deg   Deg         Wind                 Dom
Day Temp  High   Time   Low    Time   Days  Days  Rain  Speed High   Time    Dir
----------------------------------------------------------------------------------
 1   5.4  18.1   13:13  -0.2   00:00  12.9   0.0   0.3   0.6   7.2   13:29    SE
 2   7.2  12.6   15:30   1.6   23:46  11.1   0.0   6.3   0.6  18.0   15:52     E
 3   6.9  13.5   13:50   0.3   04:11  11.4   0.0   0.6   0.5  13.7   20:10   ENE
 4   5.9   9.3   16:25   1.9   22:41  12.4   0.0  11.4   0.7  13.0   16:59    SE
 5   4.8  10.8   12:26  -0.4   22:25  13.5   0.0   3.0   1.3  16.2   01:46     N
 6   4.7  11.9   13:25  -1.2   02:14  13.6   0.0   0.0   0.5   7.2   11:50    SE
 7  10.4  16.9   13:56   4.9   00:00   7.9   0.0   0.0   0.4   8.3   01:25     E
 8   8.8  19.8   13:33   4.1   23:26   9.5   0.0   0.0   0.3   5.8   01:58    SE
 9   8.0  15.9   12:59   2.4   07:29  10.3   0.0   0.6   1.6  19.4   21:47     N
10   5.6  10.9   13:36   0.5   22:32  12.7   0.0   5.4   0.3   9.0   01:23     N
11   5.4   9.7   13:23   0.9   00:27  12.9   0.0   0.0   0.5   9.7   14:31   NNW
12   5.6  12.2   14:25   0.3   20:24  12.7   0.0   0.0   0.5   9.7   06:26    SE
13   3.8   8.6   13:34   0.1   06:36  14.5   0.0   4.2   0.5   9.7   15:35    SE
14   4.9   7.6   12:48   3.0   00:00  13.4   0.0   1.8   0.8  13.7   17:09   NNW
15   4.2   9.9   12:18   0.0   07:35  14.1   0.0   0.3   0.4   9.0   00:34     N
16   5.4   7.8   13:14   2.8   07:56  12.9   0.0  10.5   0.5  12.2   15:13    NE
17   5.6  17.9   15:47  -0.6   23:07  12.7   0.0   0.3   0.6  10.4   04:34    SE
18   2.1  10.0   14:17  -2.2   07:07  16.2   0.0   0.0   0.4  10.4   13:16    SE
19   2.8   8.3   14:35   1.1   06:11  15.5   0.0   0.0   0.5   9.7   08:51    SE
20   4.2   6.4   14:57   2.4   00:00  14.1   0.0   0.6   1.4  13.0   19:51   NNW
21   4.1   7.2   13:08   0.0   23:59  14.2   0.0   0.0   1.3  12.2   05:36   NNW
22   1.9   8.0   15:50  -2.3   23:56  16.4   0.0   0.0   0.1   7.2   15:19    SE
23   3.1   5.8   15:33  -2.5   00:45  15.2   0.0   3.0   0.7  12.2   13:46     N
24   3.2  11.1   14:31  -2.0   23:57  15.1   0.0   4.2   1.6  16.2   01:19   NNW
25   1.5   8.4   14:47  -4.0   08:07  16.8   0.0   0.0   0.8  13.0   23:47   NNW
26   5.5   8.4   09:53   2.7   00:47  12.8   0.0   3.0   2.4  24.5   07:03     N
27   5.5  10.4   12:48   2.8   14:12  12.8   0.0   6.3   2.3  31.0   13:59     N
28   3.5  13.7   14:20  -2.2   23:31  14.8   0.0   0.0   0.6   9.0   11:12    SE
29   0.6   4.4   15:46  -3.0   01:21  17.7   0.0   0.0   1.0  16.9   09:31   ESE
30   1.8   4.5   12:19  -0.7   08:07  16.5   0.0   0.0   0.3   8.3   15:23    SE
31   2.7  14.4   14:57  -1.5   22:56  15.6   0.0   0.0   0.5   7.2   10:59    SE
----------------------------------------------------------------------------------
     4.7  19.8     8    -4.0    25   422.2   0.0  61.8   0.8  31.0    27     NNE

Max >=  27.0:  0
Max <=   0.0:  0
Min <=   0.0: 15
Min <= -18.0:  0
Max Rain: 11.4 on day 4
Days of Rain: 17 (>= 0.2 mm)  10 (>= 2.0 mm)  0 (>= 20.0 mm)
Heat Base: 18.3  Cool Base: 18.3  Method: Integration
:now::gauges::today::yesterday::this month::this year::NOAA-style reports: :records::monthly records::trends::webcam:


Page updated 23.10.2017 00:40:00
powered by Cumulus v1.9.4 (1099)