Schwyzi's weather

 Latitude N 47° 32' 21"    Longitude E 07° 10' 18"    Elevation 385 m

Dawn: 07:30 Sunrise: 08:02 Moonrise: 11:23 Moon
Dusk: 19:00 Sunset:  18:29 Moonset: 20:53
Daylight: 11:30 Day length: 10:27 Moon Phase: Waxing Crescent

Report for 2014 Feb
                   Monthly Climatological Summary for Feb 2014

Name: Schwyzi's Wetter   City: 68580 Seppois le Bas   State: France
Elevation: 385 m  Lat: N 47 32' 21"   Lon: E 007 10' 18"

                  Temperature (C), Rain (mm), Wind Speed (km/h)

                                      Heat  Cool        Avg
    Mean                              Deg   Deg         Wind                 Dom
Day Temp  High   Time   Low    Time   Days  Days  Rain  Speed High   Time    Dir
----------------------------------------------------------------------------------
 1   2.5   9.4   12:36  -3.0   05:42  15.8   0.0   3.6   0.6  13.0   16:19   ESE
 2   4.9  13.0   14:33   2.5   23:52  13.4   0.0   3.0   0.4   9.0   11:44   NNW
 3   3.8  11.2   15:09   0.0   21:28  14.5   0.0   0.0   0.5   9.0   14:28    SE
 4   3.7   8.1   15:51  -1.0   23:24  14.6   0.0   0.3   0.4   6.5   05:49    SE
 5   2.8   6.9   15:40  -1.9   02:40  15.5   0.0   2.1   0.4  16.2   14:30   ESE
 6   8.7  17.6   14:07   2.4   23:08   9.6   0.0   0.3   0.9  13.0   03:25   ESE
 7   6.2  10.3   15:38   1.2   02:55  12.1   0.0   5.1   1.3  18.0   07:44   ENE
 8   5.0   9.8   12:07  -0.4   04:08  13.3   0.0   3.3   1.0  21.2   14:41   ENE
 9   5.9  11.5   15:08  -0.2   23:49  12.4   0.0   0.9   2.1  25.9   12:38     N
10   4.6   9.1   15:20  -0.5   00:52  13.7   0.0   2.4   1.4  14.8   23:48     N
11   5.5  14.0   14:48   0.8   22:30  12.8   0.0   0.3   1.5  13.7   03:31     N
12   5.7  15.0   15:07   1.1   00:00  12.6   0.0   0.3   1.4  14.8   10:11   NNW
13   6.4  14.6   13:33   2.8   07:31  11.9   0.0  16.8   3.1  33.1   14:36     N
14   5.9  10.6   12:41   2.3   05:41  12.4   0.0   0.0   0.8  13.7   01:15    SE
15   6.3  10.1   12:18   3.0   02:18  12.0   0.0  13.2   1.2  12.2   14:17   NNE
16   6.6  10.1   14:28   1.2   23:44  11.7   0.0   1.8   0.7  12.2   13:40   NNW
17   6.1  17.2   13:08   0.2   06:51  12.2   0.0   0.0   0.9  10.4   16:13    SE
18   6.0  18.0   15:15  -1.1   07:30  12.3   0.0   0.0   0.4   5.0   10:59    SE
19   7.6  14.5   14:29   4.0   01:47  10.7   0.0   0.3   0.7  10.4   10:50   NNW
20   9.1  18.8   14:36   2.6   05:46   9.2   0.0   0.3   0.8  12.2   21:08   NNW
21   7.3  12.2   16:21   2.4   23:59  11.0   0.0   9.6   1.7  18.0   15:17     N
22   6.4  11.8   13:49   1.4   01:07  11.9   0.0   3.6   1.0  16.2   14:22   NNW
23   7.0  15.7   14:53   1.0   23:55  11.3   0.0   0.0   0.6  10.4   17:23    SE
24   6.9  20.5   13:54  -1.7   07:34  11.5   0.1   0.0   0.6   6.5   14:24    SE
25   8.1  19.7   13:19   0.8   07:08  10.2   0.0   0.0   0.7  10.4   12:48   NNE
26   6.5   9.1   01:34   5.3   23:17  11.8   0.0   7.5   1.1  11.5   14:14   NNW
27   7.5  14.8   13:19   3.1   07:30  10.8   0.0   1.5   1.1  20.2   23:29   NNE
28   6.6  15.0   12:32   1.9   22:09  11.7   0.0   2.1   1.1  19.4   16:44     E
----------------------------------------------------------------------------------
     6.1  20.5    24    -3.0     1   342.9   0.1  78.3   1.0  33.1    13     NNE

Max >=  27.0:  0
Max <=   0.0:  0
Min <=   0.0:  9
Min <= -18.0:  0
Max Rain: 16.8 on day 13
Days of Rain: 21 (>= 0.2 mm)  12 (>= 2.0 mm)  0 (>= 20.0 mm)
Heat Base: 18.3  Cool Base: 18.3  Method: Integration
:now::gauges::today::yesterday::this month::this year::NOAA-style reports: :records::monthly records::trends::webcam:


Page updated 23.10.2017 00:40:00
powered by Cumulus v1.9.4 (1099)