Schwyzi's weather

 Latitude N 47° 32' 21"    Longitude E 07° 10' 18"    Elevation 385 m

Dawn: 07:30 Sunrise: 08:02 Moonrise: 11:23 Moon
Dusk: 19:00 Sunset:  18:29 Moonset: 20:53
Daylight: 11:30 Day length: 10:27 Moon Phase: Waxing Crescent

Report for 2014 Mar
                   Monthly Climatological Summary for Mrz 2014

Name: Schwyzi's Wetter   City: 68580 Seppois le Bas   State: France
Elevation: 385 m  Lat: N 47 32' 21"   Lon: E 007 10' 18"

                  Temperature (C), Rain (mm), Wind Speed (km/h)

                                      Heat  Cool        Avg
    Mean                              Deg   Deg         Wind                 Dom
Day Temp  High   Time   Low    Time   Days  Days  Rain  Speed High   Time    Dir
----------------------------------------------------------------------------------
 1   4.7  10.0   13:38   1.7   01:42  13.6   0.0   0.3   0.9  11.5   10:51   NNW
 2   5.9  13.8   12:54   1.8   22:27  12.4   0.0   0.0   0.8  11.5   15:19   ESE
 3   4.8   9.7   15:15   0.1   23:52  13.5   0.0   2.4   1.1  13.7   10:23   NNE
 4   5.0  11.1   11:47  -1.1   02:58  13.3   0.0   0.0   0.3   7.2   10:10   SSE
 5   7.6  16.2   14:33   2.4   23:49  10.7   0.0   0.0   0.5  12.2   14:08    SE
 6   6.2  15.5   15:07   0.3   05:24  12.1   0.0   0.0   0.8  10.4   12:58    SE
 7   7.4  20.7   15:55  -0.6   06:22  11.0   0.1   0.0   0.8   8.3   14:47   ESE
 8   9.1  19.2   15:27   0.0   05:57   9.2   0.0   0.0   1.4  14.8   09:27   ESE
 9  10.1  21.5   15:09   0.5   06:39   8.4   0.2   0.0   0.9  11.5   13:32    SE
10   8.4  19.9   13:52   0.5   06:25  10.0   0.1   0.0   0.9  10.4   12:39    SE
11   7.7  19.1   15:51   0.5   05:57  10.6   0.0   0.0   1.0  15.5   13:23    SE
12   8.9  22.1   15:30  -0.1   06:56   9.7   0.3   0.0   0.8   8.3   10:43    SE
13  10.1  24.0   15:27   0.6   05:08   8.9   0.6   0.0   0.8   6.5   14:34    SE
14  11.1  25.5   15:51   1.4   06:07   8.1   0.9   0.0   0.8   9.7   13:42    SE
15   8.2  13.8   13:07   3.9   04:07  10.1   0.0   0.0   2.5  25.9   13:25   NNW
16  11.6  20.7   14:56   5.1   06:58   6.8   0.2   0.0   1.9  20.2   12:11   NNW
17  12.5  24.8   14:30   3.3   06:54   6.6   0.7   0.0   1.7  14.8   15:15     N
18  13.5  24.0   14:11   2.6   06:59   5.7   1.0   0.0   3.0  22.7   22:31   NNW
19  12.0  20.8   16:55   5.7   22:47   6.4   0.1   0.0   1.8  15.5   01:26   NNW
20  13.3  27.0   15:19   1.9   06:10   6.6   1.6   0.0   0.5  11.5   14:25     N
21  14.3  22.9   13:24   5.7   06:43   4.9   0.9   0.0   2.2  22.0   14:19   NNW
22   9.3  13.1   00:19   5.6   23:58   9.0   0.0   9.3   1.1  27.7   18:08   NNW
23   6.3   9.7   13:41   2.7   23:40  12.0   0.0   0.3   2.1  20.2   14:26   NNW
24   5.1  11.8   12:45   0.6   22:07  13.2   0.0   0.0   1.8  22.0   13:10   NNW
25   4.8  12.3   16:47  -2.3   06:12  13.5   0.0   0.3   0.9  13.0   14:08   ESE
26   5.0  11.9   14:55  -0.7   05:43  13.3   0.0   0.0   0.9  12.2   10:33    SE
27   7.8  18.1   15:53  -0.5   06:10  10.5   0.0   0.0   0.7  10.4   12:22    SE
28  10.3  22.6   15:18   0.6   06:11   8.5   0.5   0.0   1.0  10.4   13:56    SE
29  11.4  22.4   16:48   1.0   06:10   7.5   0.7   0.0   1.3  12.2   14:27   ESE
30  12.8  25.2   14:31   2.3   06:47   6.5   1.2   0.0   1.0   9.0   12:15    SE
31  14.0  26.9   16:18   4.6   07:06   5.9   1.5   0.0   1.1  15.5   11:54   NNE
----------------------------------------------------------------------------------
     9.0  27.0    20    -2.3    25   298.5  10.6  12.6   1.2  27.7    22     NNE

Max >=  27.0:  1
Max <=   0.0:  0
Min <=   0.0:  7
Min <= -18.0:  0
Max Rain: 9.3 on day 22
Days of Rain: 5 (>= 0.2 mm)  2 (>= 2.0 mm)  0 (>= 20.0 mm)
Heat Base: 18.3  Cool Base: 18.3  Method: Integration
:now::gauges::today::yesterday::this month::this year::NOAA-style reports: :records::monthly records::trends::webcam:


Page updated 23.10.2017 00:40:00
powered by Cumulus v1.9.4 (1099)