Schwyzi's weather

 Latitude N 47° 32' 21"    Longitude E 07° 10' 18"    Elevation 385 m

Dawn: 07:30 Sunrise: 08:02 Moonrise: 11:23 Moon
Dusk: 19:00 Sunset:  18:29 Moonset: 20:53
Daylight: 11:30 Day length: 10:27 Moon Phase: Waxing Crescent

Report for 2014 Apr
                   Monthly Climatological Summary for Apr 2014

Name: Schwyzi's Wetter   City: 68580 Seppois le Bas   State: France
Elevation: 385 m  Lat: N 47 32' 21"   Lon: E 007 10' 18"

                  Temperature (C), Rain (mm), Wind Speed (km/h)

                                      Heat  Cool        Avg
    Mean                              Deg   Deg         Wind                 Dom
Day Temp  High   Time   Low    Time   Days  Days  Rain  Speed High   Time    Dir
----------------------------------------------------------------------------------
 1  14.6  24.5   16:10   6.3   07:11   5.0   1.3   0.0   1.2  11.5   11:35   ENE
 2  15.8  27.7   17:45   6.0   07:33   4.7   2.2   0.0   1.3  13.0   14:41    SE
 3  14.3  18.8   14:52  11.0   00:18   4.0   0.0   0.0   0.6   9.0   05:53   NNW
 4  14.0  20.3   16:17  10.0   07:39   4.5   0.1   0.0   1.3  13.7   15:07   NNW
 5  12.0  13.0   13:11  11.0   00:56   6.3   0.0   0.0   1.4  13.0   09:57   NNW
 6  15.4  26.0   17:07   8.0   06:50   4.2   1.3   0.0   0.8   8.3   12:47   NNW
 7  16.0  28.1   17:34   5.4   05:55   4.6   2.3   0.0   0.8   7.2   14:15    SE
 8  14.3  18.9   02:20  10.7   23:56   4.0   0.0   2.7   3.6  23.4   16:07   NNW
 9  12.7  22.9   18:54   4.8   05:25   6.2   0.6   0.0   1.0  10.4   13:52    NW
10  12.8  23.7   16:28   2.6   06:57   6.6   1.0   0.0   1.2  11.5   12:53    SE
11  14.9  28.8   17:58   3.6   07:08   5.6   2.2   0.0   1.0  10.4   11:03   ESE
12  15.7  24.6   15:46   7.2   05:07   4.2   1.6   0.0   2.0  19.4   16:07   NNW
13  15.5  23.7   15:06   7.3   23:59   3.7   0.9   0.0   1.7  13.7   16:37   NNW
14  11.4  20.3   16:20   4.7   04:21   6.9   0.0   0.0   2.9  24.5   17:24   NNW
15   8.5  16.4   16:53   1.3   06:12   9.8   0.0   0.0   1.4  16.2   09:52    SE
16   8.4  16.5   16:40  -1.4   06:42   9.9   0.0   0.0   3.4  26.6   12:39   ESE
17  11.0  22.4   13:58   0.5   13:52   7.5   0.2   0.0   1.4  15.5   11:14   ESE
18   8.2  14.1   11:26   2.7   23:57  10.1   0.0   2.4   0.5  12.2   20:28     S
19   5.3   8.5   18:29   1.0   02:52  13.0   0.0   0.3   0.3  12.2   10:38   NNE
20  14.0  23.4   15:44   5.0   06:53   5.0   0.7   0.0   0.3   8.3   12:23    SW
21  12.5  17.8   13:46  10.1   06:47   5.8   0.0   1.2   0.3   7.2   03:29   SSE
22  15.3  24.0   12:48   9.4   06:55   3.7   0.7   0.6   0.4   8.3   14:18    SW
23  16.6  26.4   14:47  10.2   02:10   3.5   1.8   0.3   0.3  11.5   18:31    NE
24  17.7  27.0   13:55  10.1   03:09   3.0   2.5   0.0   0.4   9.7   14:29     N
25  15.8  24.7   13:31   9.7   06:40   3.5   1.0   0.6   0.6  11.5   16:10    SE
26  14.6  21.7   14:19  10.7   23:46   4.1   0.3   9.9   0.2   8.3   22:29   SSE
27  12.9  20.5   13:57   9.6   06:18   5.5   0.1   7.8   0.3   8.3   12:42   SSE
28  11.5  16.0   12:32   9.4   06:46   6.8   0.0   6.6   0.1   5.0   10:50     S
29  11.9  15.9   16:38   8.9   23:58   6.4   0.0   0.0   0.1   5.8   11:35    SW
30  11.9  15.8   16:27   8.7   00:07   6.4   0.0   3.3   0.3   6.5   11:24    SE
----------------------------------------------------------------------------------
    13.2  28.8    11    -1.4    16   174.5  20.8  35.7   1.0  26.6    16      NE

Max >=  27.0:  4
Max <=   0.0:  0
Min <=   0.0:  1
Min <= -18.0:  0
Max Rain: 9.9 on day 26
Days of Rain: 11 (>= 0.2 mm)  6 (>= 2.0 mm)  0 (>= 20.0 mm)
Heat Base: 18.3  Cool Base: 18.3  Method: Integration
:now::gauges::today::yesterday::this month::this year::NOAA-style reports: :records::monthly records::trends::webcam:


Page updated 23.10.2017 00:45:00
powered by Cumulus v1.9.4 (1099)