Schwyzi's weather

 Latitude N 47° 32' 21"    Longitude E 07° 10' 18"    Elevation 385 m

Dawn: 07:30 Sunrise: 08:02 Moonrise: 11:23 Moon
Dusk: 19:00 Sunset:  18:29 Moonset: 20:53
Daylight: 11:30 Day length: 10:27 Moon Phase: Waxing Crescent

Report for 2014 May
                   Monthly Climatological Summary for Mai 2014

Name: Schwyzi's Wetter   City: 68580 Seppois le Bas   State: France
Elevation: 385 m  Lat: N 47 32' 21"   Lon: E 007 10' 18"

                  Temperature (C), Rain (mm), Wind Speed (km/h)

                                      Heat  Cool        Avg
    Mean                              Deg   Deg         Wind                 Dom
Day Temp  High   Time   Low    Time   Days  Days  Rain  Speed High   Time    Dir
----------------------------------------------------------------------------------
 1  12.8  17.5   14:58  11.0   04:26   5.5   0.0   5.4   0.1   7.2   18:12    SE
 2  12.8  21.8   14:15   9.4   02:30   5.6   0.1   8.7   0.2   8.3   13:59     N
 3   9.5  11.8   00:00   7.8   22:10   8.8   0.0   0.3   0.6  13.0   16:41   NNE
 4  11.2  18.2   14:44   5.9   02:07   7.1   0.0   0.0   0.8  12.2   11:42   NNE
 5  13.6  25.0   15:31   2.1   05:54   5.8   1.1   0.0   0.4   9.7   11:18   WNW
 6  16.0  24.6   11:16   7.0   05:44   3.8   1.6   0.0   0.4   9.0   13:37   SSE
 7  14.8  19.8   12:52  10.9   22:38   3.6   0.0   9.0   0.6  10.4   13:18    SE
 8  16.5  24.3   15:14  10.4   03:11   2.7   0.9   0.6   0.7   9.0   14:37    SE
 9  16.8  21.9   15:27  13.7   05:10   2.0   0.5   3.3   0.9  10.4   01:59   SSE
10  18.1  25.9   12:46  11.0   05:09   2.1   1.9   0.3   0.7   9.7   23:43    SE
11  12.9  17.8   11:12   8.1   23:07   5.4   0.0   7.5   1.2  13.0   15:20   SSE
12  11.1  16.6   12:17   7.1   22:53   7.2   0.0   3.3   0.7  10.4   18:46   SSE
13  10.5  17.6   10:52   7.3   00:00   7.8   0.0   2.1   0.4   8.3   13:16   SSE
14  10.5  15.9   10:54   6.8   23:38   7.8   0.0   4.8   0.2   6.5   18:38   SSE
15  11.0  17.1   15:29   7.1   00:00   7.3   0.0   0.3   0.7  14.8   11:39     N
16  12.0  19.7   13:56   4.7   03:08   6.3   0.0   0.0   0.8  13.7   12:16   NNE
17  14.1  22.0   15:13   4.8   05:59   4.7   0.5   0.0   0.6  10.4   12:58    NW
18  16.1  26.3   15:23   5.1   06:19   4.3   2.1   0.0   0.4   9.7   11:23   NNE
19  18.9  27.8   15:07   8.5   04:38   3.0   3.5   0.0   0.5  11.5   14:28   WNW
20  21.5  30.1   10:46  11.8   06:08   1.7   4.8   0.0   0.5   9.0   14:35   WNW
21  21.8  30.0   15:07  13.5   05:38   1.2   4.8   0.0   0.7  10.4   13:18    NW
22  18.9  28.1   12:54  13.0   06:09   1.8   2.4   5.1   0.5   9.0   16:09   ESE
23  17.3  25.1   13:16  10.7   07:54   2.8   1.7  15.9   0.7   8.3   07:41   WNW
24  16.4  24.2   15:32  10.7   06:07   2.9   1.1   0.6   0.4   7.2   05:43   ESE
25  18.4  25.5   14:07  11.2   05:53   2.1   2.2   4.2   0.7  10.4   12:58   NNE
26  16.4  23.1   12:08  12.7   23:11   2.5   0.6   2.4   0.1   4.0   00:37    SW
27  15.3  21.7   13:36  12.5   01:39   3.1   0.1   0.0   0.5   7.2   16:09   ESE
28  16.1  24.9   12:37  10.9   01:22   3.2   1.1   0.0   0.3   5.8   15:19   SSE
29  17.5  26.3   12:16   8.2   05:38   3.1   2.3   0.0   0.4   7.2   11:12   ENE
30  15.1  21.6   13:59   9.6   04:32   3.5   0.3   0.0   0.7  12.2   13:11    NE
31  15.7  22.5   15:24   8.4   03:07   3.4   0.8   0.0   0.7  11.5   12:59     N
----------------------------------------------------------------------------------
    15.1  30.1    20     2.1     5   132.1  34.4  73.8   0.6  14.8    15     ENE

Max >=  27.0:  4
Max <=   0.0:  0
Min <=   0.0:  0
Min <= -18.0:  0
Max Rain: 15.9 on day 23
Days of Rain: 17 (>= 0.2 mm)  12 (>= 2.0 mm)  0 (>= 20.0 mm)
Heat Base: 18.3  Cool Base: 18.3  Method: Integration
:now::gauges::today::yesterday::this month::this year::NOAA-style reports: :records::monthly records::trends::webcam:


Page updated 23.10.2017 00:35:01
powered by Cumulus v1.9.4 (1099)