Schwyzi's weather

 Latitude N 47° 32' 21"    Longitude E 07° 10' 18"    Elevation 385 m

Dawn: 07:30 Sunrise: 08:02 Moonrise: 11:23 Moon
Dusk: 19:00 Sunset:  18:29 Moonset: 20:53
Daylight: 11:30 Day length: 10:27 Moon Phase: Waxing Crescent

Report for 2014 Jun
                   Monthly Climatological Summary for Jun 2014

Name: Schwyzi's Wetter   City: 68580 Seppois le Bas   State: France
Elevation: 385 m  Lat: N 47 32' 21"   Lon: E 007 10' 18"

                  Temperature (C), Rain (mm), Wind Speed (km/h)

                                      Heat  Cool        Avg
    Mean                              Deg   Deg         Wind                 Dom
Day Temp  High   Time   Low    Time   Days  Days  Rain  Speed High   Time    Dir
----------------------------------------------------------------------------------
 1  18.4  29.5   14:26   8.6   05:12   2.9   3.0   0.0   0.3   6.5   09:43   ESE
 2  17.4  28.4   13:09   9.4   05:54   2.8   2.0   0.0   0.2   6.5   11:47     E
 3  18.8  28.0   11:09  11.4   05:56   2.1   2.7   0.0   0.2   5.8   13:23     E
 4  15.8  22.2   11:07  12.0   04:32   2.9   0.4   6.0   0.1  15.5   19:22     S
 5  17.2  25.0   14:58  10.2   05:18   2.8   1.7   0.0   0.1   5.0   12:14     E
 6  20.2  30.5   14:55   7.7   05:28   2.9   4.8   0.0   0.4   9.0   14:55    NE
 7  25.1  36.7   14:47  13.3   05:35   1.1   7.9   0.0   0.2   7.2   12:55   ENE
 8  26.4  36.7   12:59  15.6   05:33   0.4   8.5   0.0   0.1   6.5   15:47     E
 9  28.3  38.7   14:50  16.1   05:33   0.3  10.3   0.0   0.5  11.5   21:37   WSW
10  28.7  39.4   14:55  19.7   05:09   0.0  10.4   0.6   0.1   7.2   22:24    SW
11  26.0  35.6   15:28  16.7   05:27   0.1   7.9   0.0   0.2   6.5   10:52   ENE
12  25.7  33.2   15:23  19.0   05:25   0.0   7.4   0.0   0.6   9.7   16:19    NE
13  24.5  31.8   15:22  17.6   05:22   0.0   6.2   0.0   0.5   8.3   00:16    NE
14  20.7  26.2   12:33  15.0   05:57   0.4   2.8   0.0   1.0  13.7   12:43    NE
15  19.6  24.9   13:37  12.9   05:43   1.2   2.6   0.0   1.3  13.7   15:53    NE
16  20.2  26.9   14:15  10.8   06:06   1.3   3.2   0.0   0.8  12.2   14:44    NE
17  18.7  24.6   13:43  14.4   06:10   1.0   1.5   0.0   1.0  14.8   03:12    NE
18  20.7  26.3   14:59  14.1   06:07   0.8   3.3   0.0   1.1  16.2   14:09    NE
19  21.3  30.1   13:49  13.7   05:31   0.9   3.9   0.9   0.4   6.5   08:43   ENE
20  19.6  28.8   12:32  12.1   05:22   1.7   3.0   0.0   0.3   9.0   14:10   ENE
21  19.1  28.4   14:42   9.2   05:43   2.5   3.3   0.0   0.5   9.0   10:40   NNE
22  21.6  31.3   15:12  10.6   05:32   2.0   5.3   0.0   0.4   7.2   10:28    NE
23  21.6  30.9   12:59  13.9   06:06   1.0   4.3   1.5   0.4   8.3   10:06   ENE
24  19.3  27.1   15:30  14.5   05:32   1.3   2.4   6.9   0.5  10.4   13:10   WNW
25  19.5  28.6   13:46  11.6   05:54   1.8   3.0   0.0   0.7  10.4   10:22   ENE
26  19.5  29.5   15:36   9.2   05:55   2.4   3.5   0.0   0.4   9.0   12:58   ENE
27  22.2  32.6   13:56  10.8   05:22   1.8   5.8   0.0   0.3   7.2   14:54   SSE
28  19.3  24.8   17:39  16.0   05:56   0.6   1.6  21.6   0.2   6.5   20:15   WSW
29  16.9  23.9   15:14  13.3   22:11   1.9   0.5   6.6   0.5   9.0   07:51     S
30  16.6  24.4   15:35  11.8   01:50   2.7   1.0   0.3   0.3   5.8   09:45   SSE
----------------------------------------------------------------------------------
    21.0  39.4    10     7.7     6    43.6 124.2  44.4   0.5  16.2    18      NE

Max >=  27.0: 20
Max <=   0.0:  0
Min <=   0.0:  0
Min <= -18.0:  0
Max Rain: 21.6 on day 28
Days of Rain: 8 (>= 0.2 mm)  4 (>= 2.0 mm)  1 (>= 20.0 mm)
Heat Base: 18.3  Cool Base: 18.3  Method: Integration
:now::gauges::today::yesterday::this month::this year::NOAA-style reports: :records::monthly records::trends::webcam:


Page updated 23.10.2017 00:40:00
powered by Cumulus v1.9.4 (1099)