Schwyzi's weather

 Latitude N 47° 32' 21"    Longitude E 07° 10' 18"    Elevation 385 m

Dawn: 07:30 Sunrise: 08:02 Moonrise: 11:23 Moon
Dusk: 19:00 Sunset:  18:29 Moonset: 20:53
Daylight: 11:30 Day length: 10:27 Moon Phase: Waxing Crescent

Report for 2014 Jul
                   Monthly Climatological Summary for Jul 2014

Name: Schwyzi's Wetter   City: 68580 Seppois le Bas   State: France
Elevation: 385 m  Lat: N 47 32' 21"   Lon: E 007 10' 18"

                  Temperature (C), Rain (mm), Wind Speed (km/h)

                                      Heat  Cool        Avg
    Mean                              Deg   Deg         Wind                 Dom
Day Temp  High   Time   Low    Time   Days  Days  Rain  Speed High   Time    Dir
----------------------------------------------------------------------------------
 1  19.1  27.8   15:26   8.7   05:52   2.5   3.3   0.0   0.6   9.0   10:54   NNE
 2  17.8  24.4   15:35  14.8   06:46   1.5   0.9   1.5   0.2   5.8   16:11   WSW
 3  21.7  31.7   15:17  11.0   05:39   1.9   5.3   0.0   0.4   8.3   13:12   NNE
 4  21.5  30.2   13:36  13.3   05:08   1.3   4.4   6.3   0.5  10.4   13:15   NNE
 5  20.8  26.1   10:33  16.2   05:53   0.5   3.1   0.9   0.3   6.5   09:41   SSE
 6  23.7  35.2   11:12  16.1   03:34   0.5   5.9   3.3   0.4   8.3   16:26   WSW
 7  19.8  26.7   15:08  16.9   23:33   0.4   1.9   6.9   0.4   8.3   12:41    NE
 8  16.0  22.8   14:07  13.5   23:52   2.4   0.1   9.3   0.2   8.3   12:47    SE
 9  14.6  20.7   13:07  11.5   23:59   3.8   0.1   7.2   0.2   7.2   13:36    SE
10  14.9  19.0   18:07  11.5   00:00   3.4   0.0   4.2   0.3   9.7   00:59   SSE
11  18.2  23.1   14:07  15.4   01:22   0.9   0.8  11.4   0.4  10.4   14:19    SE
12  19.2  28.3   14:31  15.9   04:58   1.0   1.9   0.3   0.1   8.3   14:15   SSE
13  19.9  27.8   13:56  14.6   05:36   0.9   2.6   0.0   0.3  10.4   12:59    SE
14  19.6  26.7   13:43  14.2   23:58   0.8   2.1   0.0   0.2   9.0   15:38    SE
15  21.3  31.5   14:23  11.5   05:56   1.8   4.8   0.0   0.2   7.2   15:30   ENE
16  22.9  33.6   15:37  12.8   05:41   1.4   6.0   0.0   0.3   7.2   11:55    NE
17  24.8  34.0   15:37  14.7   05:56   0.7   7.2   0.0   0.3   8.3   12:37    NE
18  26.4  37.4   15:09  14.7   06:28   0.5   8.6   0.0   0.3   7.2   13:40    NE
19  26.3  37.8   12:38  14.3   05:52   0.7   8.7   0.0   0.2   5.8   09:12   NNE
20  21.5  30.0   15:39  17.1   23:36   0.1   3.3  10.8   0.1   6.5   16:51   WSW
21  18.6  22.9   16:42  16.4   05:51   0.6   0.8  13.8   0.1   6.5   17:51    SE
22  19.4  22.3   17:50  17.7   06:46   0.1   1.2  19.8   0.1   9.0   11:28    SE
23  22.8  29.5   14:58  18.1   03:44   0.0   4.5   0.0   0.5  11.5   15:50    NE
24  22.8  31.9   14:12  15.3   06:07   0.6   5.1   0.0   0.4   8.3   17:49   WSW
25  22.7  34.5   14:58  13.8   05:59   1.0   5.4   0.3   0.4  12.2   17:18   SSW
26  19.6  25.1   14:52  15.4   03:46   0.6   2.0   2.7   0.1   5.8   12:42   ESE
27  22.9  32.7   14:43  16.0   05:55   0.4   5.0   0.0   0.2   5.0   09:29     S
28  20.5  30.2   13:07  16.0   23:20   0.4   2.6   3.9   0.3   9.7   15:31   SSE
29  18.0  23.8   15:53  15.4   05:33   1.1   0.8   6.3   0.1   6.5   20:59     S
30  19.2  23.6   16:18  16.4   06:17   0.6   1.5   9.9   0.1   5.0   10:49     S
31  21.2  28.9   15:28  15.3   06:21   0.5   3.4   0.0   0.3   8.3   13:28   ENE
----------------------------------------------------------------------------------
    20.6  37.8    19     8.7     1    32.9 103.3 118.8   0.3  12.2    25       E

Max >=  27.0: 18
Max <=   0.0:  0
Min <=   0.0:  0
Min <= -18.0:  0
Max Rain: 19.8 on day 22
Days of Rain: 18 (>= 0.2 mm)  14 (>= 2.0 mm)  0 (>= 20.0 mm)
Heat Base: 18.3  Cool Base: 18.3  Method: Integration
:now::gauges::today::yesterday::this month::this year::NOAA-style reports: :records::monthly records::trends::webcam:


Page updated 23.10.2017 00:35:01
powered by Cumulus v1.9.4 (1099)