Schwyzi's weather

 Latitude N 47° 32' 21"    Longitude E 07° 10' 18"    Elevation 385 m

Dawn: 07:30 Sunrise: 08:02 Moonrise: 11:23 Moon
Dusk: 19:00 Sunset:  18:29 Moonset: 20:53
Daylight: 11:30 Day length: 10:27 Moon Phase: Waxing Crescent

Report for 2014 Aug
                   Monthly Climatological Summary for Aug 2014

Name: Schwyzi's Wetter   City: 68580 Seppois le Bas   State: France
Elevation: 385 m  Lat: N 47 32' 21"   Lon: E 007 10' 18"

                  Temperature (C), Rain (mm), Wind Speed (km/h)

                                      Heat  Cool        Avg
    Mean                              Deg   Deg         Wind                 Dom
Day Temp  High   Time   Low    Time   Days  Days  Rain  Speed High   Time    Dir
----------------------------------------------------------------------------------
 1  22.9  32.5   15:45  13.7   05:55   1.0   5.6   0.0   0.3   8.3   12:18    NW
 2  21.9  31.4   14:06  17.3   23:57   0.1   3.7   0.0   0.1   6.5   14:06    SE
 3  19.7  24.0   17:37  15.6   23:53   0.5   1.9   0.0   0.1   7.2   20:47     S
 4  20.7  31.9   13:42  13.4   05:56   1.3   3.7   0.0   0.2   5.8   12:38   SSW
 5  21.2  30.3   14:15  14.3   06:26   0.9   3.8   0.0   0.2   7.2   16:44   ENE
 6  20.5  30.0   12:40  12.1   05:57   1.6   3.8   0.0   0.2   5.8   10:38   ENE
 7  21.2  29.9   14:59  16.7   01:09   0.3   3.2   0.0   0.2   6.5   18:19    SW
 8  23.3  32.9   15:19  16.1   05:19   0.4   5.5   0.0   0.2   5.8   11:52   ENE
 9  22.0  30.8   15:27  18.2   04:57   0.0   3.7   0.0   0.2   9.7   01:22     S
10  23.1  34.3   15:14  17.5   05:44   0.1   4.9   3.0   0.2   9.0   21:49     E
11  18.7  25.4   13:58  15.6   22:32   0.7   1.1   0.0   0.3   9.0   15:07   SSE
12  20.4  28.5   12:39  14.6   06:07   1.2   3.3   0.0   0.3   9.0   11:23   SSE
13  15.9  24.3   13:57  13.1   21:55   2.7   0.3   0.0   0.6  13.7   14:50     S
14  17.0  25.8   12:39  11.9   06:47   2.5   1.2   0.3   0.2   9.0   16:46   SSW
15  15.9  22.7   14:27  12.4   01:12   2.8   0.4   0.0   0.2   9.0   10:11   SSE
16  17.2  26.1   14:50  12.0   01:07   2.9   1.8   0.0   0.3   7.2   16:22   SSE
17  18.2  27.6   10:12   9.6   04:38   3.0   2.9   0.0   0.4  10.4   13:48     S
18  18.6  26.5   15:08  13.5   00:37   1.7   2.0   0.0   0.6  14.8   16:26   SSE
19  19.3  28.3   11:19  13.3   06:07   1.8   2.8   0.0   0.4   7.2   12:55   SSE
20  17.2  27.1   12:07   9.9   06:39   2.9   1.8   0.0   0.1   5.0   09:07   NNE
21  17.4  26.2   12:59   8.6   06:35   3.1   2.2   0.0   0.1   5.0   09:45   ESE
22  17.4  28.0   13:10   9.2   06:17   3.3   2.4   0.0   0.2   8.3   16:50    SE
23  16.9  27.3   10:44  11.3   01:55   3.0   1.6   0.3   0.3   8.3   17:54   SSE
24  16.5  26.6   14:21   9.2   06:55   3.4   1.6   0.0   0.2   6.5   12:07   SSE
25  15.0  23.6   15:19   8.3   03:19   4.1   0.9   0.0   0.1   5.0   15:35     W
26  18.7  28.0   15:26  14.1   01:21   1.4   1.9   0.0   0.4   9.7   15:57   SSE
27  19.3  28.0   15:14  15.2   23:28   1.0   2.1   0.0   0.1   6.5   05:41   SSE
28  21.6  32.5   15:09  12.6   06:39   1.4   4.7   0.0   0.1   7.2   12:36    SE
29  19.6  28.0   12:39  15.9   23:12   0.7   2.0   5.4   0.0   5.0   16:45   SSE
30  20.6  30.7   12:45  14.2   05:58   1.1   3.4   0.3   0.1   8.3   12:49    SE
31  15.3  17.1   09:06  13.7   20:43   3.0   0.0   5.4   0.0   5.8   11:51    SE
----------------------------------------------------------------------------------
    19.1  34.3    10     8.3    25    53.9  80.2  14.7   0.2  14.8    18     SSE

Max >=  27.0: 20
Max <=   0.0:  0
Min <=   0.0:  0
Min <= -18.0:  0
Max Rain: 5.4 on day 29
Days of Rain: 6 (>= 0.2 mm)  3 (>= 2.0 mm)  0 (>= 20.0 mm)
Heat Base: 18.3  Cool Base: 18.3  Method: Integration
:now::gauges::today::yesterday::this month::this year::NOAA-style reports: :records::monthly records::trends::webcam:


Page updated 23.10.2017 00:40:00
powered by Cumulus v1.9.4 (1099)