Schwyzi's weather

 Latitude N 47° 32' 21"    Longitude E 07° 10' 18"    Elevation 385 m

Dawn: 07:30 Sunrise: 08:02 Moonrise: 11:23 Moon
Dusk: 19:00 Sunset:  18:29 Moonset: 20:53
Daylight: 11:30 Day length: 10:27 Moon Phase: Waxing Crescent

Report for 2014 Sep
                   Monthly Climatological Summary for Sep 2014

Name: Schwyzi's Wetter   City: 68580 Seppois le Bas   State: France
Elevation: 385 m  Lat: N 47 32' 21"   Lon: E 007 10' 18"

                  Temperature (C), Rain (mm), Wind Speed (km/h)

                                      Heat  Cool        Avg
    Mean                              Deg   Deg         Wind                 Dom
Day Temp  High   Time   Low    Time   Days  Days  Rain  Speed High   Time    Dir
----------------------------------------------------------------------------------
 1  15.9  25.4   14:27  10.8   23:53   3.1   0.7   0.3   0.1   6.5   11:43   ENE
 2  16.0  25.9   12:40   7.4   06:31   3.9   1.6   0.0   0.3   8.3   15:19    NE
 3  15.6  19.3   11:49  12.5   05:35   2.7   0.0   0.0   0.4   9.7   07:29    NE
 4  19.1  27.7   14:58  14.7   06:13   1.6   2.4   0.0   0.3   7.2   14:21     N
 5  20.2  31.6   15:18  11.7   06:43   2.0   3.9   0.0   0.1   6.5   16:11   NNE
 6  21.9  33.5   14:49  12.5   06:39   1.4   5.0   0.0   0.1   5.0   16:26    SE
 7  22.2  33.7   14:42  15.6   06:51   0.8   4.6   0.0   0.1   4.0   11:15   ESE
 8  22.8  34.5   15:07  13.5   06:59   1.1   5.7   0.0   0.0   4.0   10:43     E
 9  21.9  31.8   13:07  14.9   07:08   0.7   4.3   0.3   0.1   5.8   16:59   ENE
10  18.6  26.8   15:17  14.1   04:24   1.5   1.8   0.0   0.3   9.0   18:13    NE
11  15.9  24.5   13:59  10.6   06:08   3.2   0.8   0.3   0.3   7.2   01:40    NW
12  13.8  19.7   14:19  12.0   07:30   4.5   0.0   0.6   0.1   7.2   06:45     N
13  16.6  23.7   14:33  13.5   02:08   2.3   0.6   2.1   0.2   9.7   14:18    NE
14  17.0  22.1   14:27  12.8   23:57   1.9   0.6   0.0   0.2   8.3   05:35    NE
15  17.9  29.5   14:22  11.7   01:59   2.5   2.1   0.0   0.1   5.0   14:28    NE
16  19.4  32.2   14:16  12.2   04:58   2.1   3.2   0.0   0.1   5.0   16:06     E
17  19.3  29.3   13:54  11.5   06:50   2.0   3.0   0.0   0.1   6.5   13:49    NE
18  19.3  25.4   14:59  16.1   03:37   0.8   1.7   0.6   0.0   5.0   16:22   NNE
19  19.1  25.2   11:23  14.4   06:54   1.0   1.9   4.2   0.0   3.2   01:18     S
20  20.9  30.8   14:26  14.6   07:30   0.9   3.6   6.9   0.2   6.5   14:29   SSE
21  18.6  27.9   10:23  14.7   23:57   1.2   1.4   7.2   0.2   6.5   12:58    SE
22
23
24
25
26
27
28
29
30
----------------------------------------------------------------------------------
    17.2  34.5     8     7.4     2    77.4  48.9  24.6   0.1   9.7     3      NE

Max >=  27.0: 11
Max <=   0.0:  0
Min <=   0.0:  0
Min <= -18.0:  0
Max Rain: 7.2 on day 21
Days of Rain: 10 (>= 0.2 mm)  5 (>= 2.0 mm)  0 (>= 20.0 mm)
Heat Base: 18.3  Cool Base: 18.3  Method: Integration
:now::gauges::today::yesterday::this month::this year::NOAA-style reports: :records::monthly records::trends::webcam:


Page updated 23.10.2017 00:40:00
powered by Cumulus v1.9.4 (1099)