Schwyzi's weather

 Latitude N 47° 32' 21"    Longitude E 07° 10' 18"    Elevation 385 m

Dawn: 07:30 Sunrise: 08:02 Moonrise: 11:23 Moon
Dusk: 19:00 Sunset:  18:29 Moonset: 20:53
Daylight: 11:30 Day length: 10:27 Moon Phase: Waxing Crescent

Report for 2014 Oct
                   Monthly Climatological Summary for Okt 2014

Name: Schwyzi's Wetter   City: 68580 Seppois le Bas   State: France
Elevation: 385 m  Lat: N 47 32' 21"   Lon: E 007 10' 18"

                  Temperature (C), Rain (mm), Wind Speed (km/h)

                                      Heat  Cool        Avg
    Mean                              Deg   Deg         Wind                 Dom
Day Temp  High   Time   Low    Time   Days  Days  Rain  Speed High   Time    Dir
----------------------------------------------------------------------------------
12  14.5  18.9   14:56  12.1   23:43   4.9   0.0   0.0   1.5  11.2   17:21   ENE
13  14.9  25.1   16:52  11.7   04:31   3.7   0.4   7.8   1.2  12.2   07:05   SSE
14  15.1  25.5   15:59   7.8   07:51   4.5   1.2   0.0   1.1  17.3   11:37   SSE
15  15.6  23.9   14:07  10.9   03:45   3.4   0.7  12.9   0.9  13.3   05:19     E
16  15.5  19.5   13:42  12.6   08:08   2.9   0.1   2.7   1.0  14.8   14:12   SSW
17  15.5  22.9   15:28   9.5   23:52   3.3   0.5   9.0   2.6  31.7   06:45     W
18  15.6  29.1   15:58   7.5   07:50   4.7   2.0   0.0   0.8   9.7   15:59   ENE
19  16.7  28.6   15:30   9.2   06:37   3.9   2.3   0.0   1.2  12.2   13:49   SSE
20  16.3  23.4   13:05  10.4   08:07   3.1   1.2   9.0   1.4  17.3   12:15   SSW
21  14.9  20.0   13:12   9.5   22:26   3.5   0.1   9.0   4.9  63.7   19:07    SW
22   7.2  11.1   15:37   4.9   04:15  11.1   0.0   4.5   5.5  35.6   03:26    SW
23   8.9  17.3   16:08   3.1   23:53   9.4   0.0   0.0   1.9  13.3   01:21   SSW
24   7.2  15.3   16:24   0.9   07:44  11.1   0.0   0.0   1.9  20.9   15:18     E
25  11.1  19.5   14:38   7.2   08:13   7.2   0.0   0.3   0.5   8.6   14:41   SSE
26  11.4  19.4   14:57   5.8   23:58   7.3   0.0   0.0   1.5  14.8   13:51    NE
27   8.7  16.6   13:53   4.8   01:30   9.6   0.0   0.0   1.7  14.8   14:12     E
28   9.1  18.7   14:52   3.4   05:43   9.2   0.0   0.0   0.9   9.7   12:26   NNE
29   9.1  19.1   14:37   2.1   06:41   9.2   0.0   0.0   1.3  15.8   11:47   SSW
30  11.7  21.3   14:10   5.7   23:53   6.9   0.3   0.0   0.9  11.2   14:38    NE
31  10.5  22.0   14:09   3.0   07:16   8.2   0.4   0.0   0.9  12.2   14:17    NE
----------------------------------------------------------------------------------
    12.5  29.1    18     0.9    24   127.1   9.2  55.2   1.7  63.7    21       S

Max >=  27.0:  2
Max <=   0.0:  0
Min <=   0.0:  0
Min <= -18.0:  0
Max Rain: 12.9 on day 15
Days of Rain: 8 (>= 0.2 mm)  7 (>= 2.0 mm)  0 (>= 20.0 mm)
Heat Base: 18.3  Cool Base: 18.3  Method: Integration
:now::gauges::today::yesterday::this month::this year::NOAA-style reports: :records::monthly records::trends::webcam:


Page updated 23.10.2017 00:35:01
powered by Cumulus v1.9.4 (1099)