Schwyzi's weather

 Latitude N 47° 32' 21"    Longitude E 07° 10' 18"    Elevation 385 m

Dawn: 07:30 Sunrise: 08:02 Moonrise: 11:23 Moon
Dusk: 19:00 Sunset:  18:29 Moonset: 20:53
Daylight: 11:30 Day length: 10:27 Moon Phase: Waxing Crescent

Report for 2014 Nov
                   Monthly Climatological Summary for Nov 2014

Name: Schwyzi's Wetter   City: 68580 Seppois le Bas   State: France
Elevation: 385 m  Lat: N 47 32' 21"   Lon: E 007 10' 18"

                  Temperature (C), Rain (mm), Wind Speed (km/h)

                                      Heat  Cool        Avg
    Mean                              Deg   Deg         Wind                 Dom
Day Temp  High   Time   Low    Time   Days  Days  Rain  Speed High   Time    Dir
----------------------------------------------------------------------------------
 1  11.0  24.0   13:52   3.5   06:53   8.1   0.8   0.0   0.9   8.6   15:48    SE
 2  11.4  23.1   14:32   4.6   06:49   7.5   0.6   0.0   1.1  11.2   12:13    SE
 3  10.1  15.0   12:13   4.9   07:02   8.2   0.0   0.0   1.4  14.8   02:09   ESE
 4  10.4  14.0   13:33   7.8   23:53   7.9   0.0  12.0   1.4  13.3   17:07   SSW
 5   6.2   7.8   00:00   5.7   07:15  12.1   0.0  19.2   1.0  13.3   01:40   SSW
 6   5.5  12.8   15:07   0.6   23:58  12.8   0.0   0.0   0.8   9.7   14:24   NNW
 7   5.0  14.5   13:12  -1.8   06:46  13.3   0.0   0.6   0.8  11.2   15:04     W
 8   7.3  17.9   12:09   1.5   07:02  10.9   0.0   0.0   1.2  14.8   13:36     E
 9   6.8  13.8   13:08   1.4   04:20  11.5   0.0   1.5   0.7  80.6   02:20   ENE
10   8.8  12.2   13:48   6.0   23:55   9.5   0.0   2.4   0.5   6.1   01:27     E
11   8.0  14.8   13:40   5.6   00:59  10.3   0.0   0.0   2.5  15.8   12:23   ENE
12   8.6  11.0   14:43   6.3   00:07   9.7   0.0   9.3   0.6   9.7   21:37   SSE
13   9.7  13.8   11:51   8.4   07:49   8.6   0.0   0.6   1.6  13.3   15:48    NE
14   9.1  15.4   13:47   4.8   07:42   9.2   0.0   0.0   1.9  13.3   20:07     E
15   9.0  12.1   12:49   7.4   04:44   9.3   0.0  15.9   0.8  15.8   00:15   ESE
16   9.1  15.6   10:41   6.6   22:58   9.2   0.0   6.0   1.2  17.3   14:41     S
17   8.0  10.7   11:49   6.4   02:53  10.3   0.0   3.3   0.5   6.1   13:26   ESE
18   7.6  12.4   14:47   5.3   05:00  10.7   0.0   2.1   0.4   6.1   14:12   SSE
19   7.2  15.3   11:41   1.2   23:54  11.1   0.0   0.3   0.7   8.6   14:46    NE
20   4.2   8.4   14:07   0.4   01:32  14.1   0.0   0.0   2.3  15.8   17:17   ENE
21   7.0  12.9   15:42   3.8   07:27  11.3   0.0   0.0   1.1   8.6   00:20   ENE
22   7.3  17.0   15:02   1.8   07:31  11.0   0.0   0.0   0.9  11.2   12:21    NE
23   7.1  16.6   13:41   1.5   07:50  11.2   0.0   0.0   0.7   9.7   14:28    NE
24  10.8  21.9   14:23   6.2   07:37   7.7   0.2   0.0   2.2  15.8   15:03   ENE
25   7.9   8.8   13:44   7.3   05:45  10.4   0.0   0.0   3.1  14.8   03:15    NE
26   8.4  11.4   14:07   7.0   04:35   9.9   0.0   0.0   1.8   8.6   00:13    NE
27   8.3  13.7   13:55   6.5   03:37  10.0   0.0   0.0   3.0  17.3   19:40    NE
28   5.9   7.7   00:00   4.0   22:57  12.4   0.0   0.0   5.5  22.0   03:10    NE
29   3.4   4.1   10:16   2.7   20:52  14.9   0.0   0.0   4.9  18.4   08:59    NE
30   3.3   5.0   13:47   2.4   23:42  15.0   0.0   0.0   3.9  19.4   03:24    NE
----------------------------------------------------------------------------------
     7.7  24.0     1    -1.8     7   318.1   1.6  73.2   1.6  80.6     9     ENE

Max >=  27.0:  0
Max <=   0.0:  0
Min <=   0.0:  1
Min <= -18.0:  0
Max Rain: 19.2 on day 5
Days of Rain: 12 (>= 0.2 mm)  8 (>= 2.0 mm)  0 (>= 20.0 mm)
Heat Base: 18.3  Cool Base: 18.3  Method: Integration
:now::gauges::today::yesterday::this month::this year::NOAA-style reports: :records::monthly records::trends::webcam:


Page updated 23.10.2017 00:40:00
powered by Cumulus v1.9.4 (1099)