Schwyzi's weather

 Latitude N 47° 32' 21"    Longitude E 07° 10' 18"    Elevation 385 m

Dawn: 07:30 Sunrise: 08:02 Moonrise: 11:23 Moon
Dusk: 19:00 Sunset:  18:29 Moonset: 20:53
Daylight: 11:30 Day length: 10:27 Moon Phase: Waxing Crescent

Report for 2014 Dec
                   Monthly Climatological Summary for Dez 2014

Name: Schwyzi's Wetter   City: 68580 Seppois le Bas   State: France
Elevation: 385 m  Lat: N 47 32' 21"   Lon: E 007 10' 18"

                  Temperature (C), Rain (mm), Wind Speed (km/h)

                                      Heat  Cool        Avg
    Mean                              Deg   Deg         Wind                 Dom
Day Temp  High   Time   Low    Time   Days  Days  Rain  Speed High   Time    Dir
----------------------------------------------------------------------------------
 1   2.5   3.2   15:27   1.6   03:48  15.8   0.0   5.1   3.5  19.4   10:58    NE
 2   3.3   4.6   11:51   2.0   22:47  15.0   0.0   0.6   1.5   9.7   22:49     N
 3   1.7   2.1   00:00   1.0   21:03  16.6   0.0   0.6   3.1  15.8   09:45    NE
 4   3.3   5.1   14:10   1.1   00:00  15.0   0.0   0.0   1.9  12.2   05:45   ENE
 5   3.8   4.4   14:53   3.1   08:20  14.5   0.0   1.2   0.9   6.1   00:45   ENE
 6   3.0   3.9   00:36   2.4   10:52  15.3   0.0   2.1   3.8  22.0   10:41   NNE
 7   3.5   4.2   12:28   2.8   07:48  14.8   0.0   0.0   2.5  15.8   06:18   NNE
 8   2.8   5.6   11:27  -1.0   21:00  15.5   0.0   0.9   1.2  14.8   14:40   SSW
 9   1.2   3.5   11:38  -1.9   23:54  17.1   0.0   1.2   1.0  14.8   09:39    SW
10   0.6   3.0   23:17  -3.0   03:45  17.7   0.0   2.1   0.7  12.2   14:47    NW
11   6.2   7.9   12:52   2.7   00:00  12.2   0.0   2.1   4.7  30.6   12:12    SW
12   7.9  10.7   17:59   2.4   08:25  10.4   0.0   0.0   3.6  30.6   12:24   SSW
13   7.2  15.1   13:12   0.1   05:30  11.1   0.0   0.3   0.9  17.3   18:32   SSW
14   8.2  12.2   11:23   6.2   05:14  10.1   0.0   0.9   0.5  12.2   12:22   ESE
15   8.3   9.9   06:53   6.7   23:48  10.0   0.0   7.8   1.0  12.2   11:56    SW
16   5.4   7.1   12:32   3.4   06:50  12.9   0.0   0.3   1.3  15.8   13:46    SW
17   5.5   7.4   23:48   3.3   06:29  12.8   0.0   2.4   1.9  19.4   10:40    SW
18  10.4  12.6   16:26   7.1   01:52   7.9   0.0   0.6   4.7  29.5   19:43   WSW
19  10.6  11.6   15:35   9.7   01:05   7.7   0.0   2.1   6.5  36.7   20:41    SW
20   6.2  10.2   00:00   4.4   08:12  12.1   0.0   4.2   5.0  24.5   12:14    SW
21   5.4   7.5   12:26   1.9   08:45  12.9   0.0   0.0   2.2  17.3   19:14    SW
22   5.1   8.5   13:25   1.5   22:25  13.2   0.0   0.0   3.5  23.4   06:27    SW
23   2.1  11.2   13:59  -1.7   22:36  16.2   0.0   0.3   1.1  13.3   13:03   SSW
24   6.0  13.1   13:41  -2.0   00:38  12.3   0.0   0.0   3.7  25.6   23:26    SW
25   5.6   7.7   00:00   2.1   23:33  12.7   0.0   2.4   3.4  19.4   08:48    SW
26   2.2   5.4   12:50  -2.0   23:22  16.1   0.0   0.0   2.6  17.3   12:23    SW
27   1.9   4.5   09:10  -2.3   00:26  16.4   0.0  15.0   5.7  37.8   15:43    SW
28  -2.8   0.7   00:00  -7.1   23:59  21.1   0.0   0.0   4.8  24.5   11:10    SW
29  -7.4  -2.8   23:01 -14.0   06:07  25.7   0.0   0.0   1.7  17.3   16:29    SW
30  -1.7   0.6   13:25  -3.6   06:43  20.0   0.0   0.0   0.5   8.6   15:03    SW
31  -0.7   6.1   13:28  -5.2   22:08  19.0   0.0   1.2   0.5   6.1   12:30    SE
----------------------------------------------------------------------------------
     3.8  15.1    13   -14.0    29   450.1   0.0  53.4   2.6  37.8    27      SW

Max >=  27.0:  0
Max <=   0.0:  1
Min <=   0.0: 11
Min <= -18.0:  0
Max Rain: 15.0 on day 27
Days of Rain: 21 (>= 0.2 mm)  10 (>= 2.0 mm)  0 (>= 20.0 mm)
Heat Base: 18.3  Cool Base: 18.3  Method: Integration
:now::gauges::today::yesterday::this month::this year::NOAA-style reports: :records::monthly records::trends::webcam:


Page updated 23.10.2017 00:40:00
powered by Cumulus v1.9.4 (1099)