Schwyzi's weather

 Latitude N 47° 32' 21"    Longitude E 07° 10' 18"    Elevation 385 m

Dawn: 07:30 Sunrise: 08:02 Moonrise: 11:23 Moon
Dusk: 19:00 Sunset:  18:29 Moonset: 20:53
Daylight: 11:30 Day length: 10:27 Moon Phase: Waxing Crescent

Report for 2015
                   Annual Climatological Summary for 2015

Name: Schwyzi's Wetter   City: 68580 Seppois le Bas   State: France
Elevation: 385 m  Lat: N 47 32' 21"   Lon: E 007 10' 18"

                  Temperature (C), Heat Base: 18.3  Cool Base: 18.3
                          Dep.  Heat  Cool                       Max  Max  Min  Min
        Mean  Mean        From  Deg   Deg                        >=   <=   <=   <=
 YR MO  Max   Min   Mean  Norm  Days  Days  Hi  Date  Low  Date 27.0  0.0  0.0 -18.0
------------------------------------------------------------------------------------
 15  1   7.2  -1.6   2.3   0.0   495     0  17.4  13 -14.0   29    0    1   23    0
 15  2   5.4  -3.0   0.2   0.0   505     0  16.9  12  -7.1    8    0    3   23    0
 15  3  14.4   1.0   7.0   0.0   349     0  21.5  17  -3.8    7    0    0   15    0
 15  4  19.4   3.4  11.1   0.0   232    16  29.5  15  -3.1    6    1    0    4    0
 15  5  23.7   8.8  15.6   0.0   113    35  49.6  17   2.8   22    5    0    0    0
 15  6  27.1  12.4  19.4   0.0    53    87  37.2   5   0.0   23   16    0    1    0
 15  7  31.8  14.6  23.3   0.0    25   179  40.1   4   0.0    7   22    0    1    0
 15  8  30.3  14.2  21.1   0.0    40   126  42.4   7   9.0   26   18    0    0    0
 15  9  23.1   8.4  14.3   0.0   141    21  30.5  16   3.1    7    5    0    0    0
 15 10  17.1   5.4  10.0   0.0   261     3  25.6   3   0.0   20    0    0    1    0
 15 11  14.9   3.9   8.4   0.0   302     4  30.8   7  -4.6   24    2    0    5    0
 15 12  14.3  -0.5   5.1   0.0   409     0  21.0  17 -16.0   31    0    0   18    0
------------------------------------------------------------------------------------
        19.1   5.6  11.5   0.0  2931   474  49.6 Mai -16.0  Dez   69    4   91    0

                                Precipitation (mm)

              Dep.   Max        Days of Rain
              From   Obs.           >=
 YR MO Total  Norm   Day Date  0.2  2.0 20.0
---------------------------------------------
 15  1 204.9   0.0 103.5  31    19   12    2
 15  2   9.3   0.0   3.0   2     6    2    0
 15  3  49.8   0.0  12.9   2    10    6    0
 15  4 100.5   0.0  20.7  27    14   10    1
 15  5  88.5   0.0  33.6   1    13    7    1
 15  6  68.7   0.0  19.2  14    12    7    0
 15  7  41.4   0.0  19.5  23    10    6    0
 15  8   9.9   0.0   3.9   1     8    2    0
 15  9  70.8   0.0  21.0  17    14    8    1
 15 10  32.7   0.0   8.7   6    13    5    0
 15 11  74.7   0.0  42.6  20    15    5    1
 15 12  15.3   0.0   4.2   9    13    4    0
---------------------------------------------
       766.5   0.0 103.5  Jan  147   74    6

                                Wind Speed (km/h)
                          Dom
 YR MO   Avg.  Hi   Date  Dir
------------------------------
 15  1   2.7  45.0    9    SW
 15  2   3.1  40.3    5    NE
 15  3   3.4  52.6   31   SSW
 15  4   3.0  92.2    1    NE
 15  5   2.5  34.2   13    SW
 15  6   2.8  35.6   27   NNE
 15  7   3.0  89.3    7   WSW
 15  8   1.7  35.6    8     W
 15  9   2.1  35.6   14   ENE
 15 10   1.6  28.1    1    NE
 15 11   2.8  51.5   20   SSW
 15 12   1.1 160.0   31     S
------------------------------
         2.5 160.0  Dez    SW
:now::gauges::today::yesterday::this month::this year::NOAA-style reports: :records::monthly records::trends::webcam:


Page updated 23.10.2017 00:35:01
powered by Cumulus v1.9.4 (1099)