Schwyzi's weather

 Latitude N 47° 32' 21"    Longitude E 07° 10' 18"    Elevation 385 m

Dawn: 07:30 Sunrise: 08:02 Moonrise: 11:23 Moon
Dusk: 19:00 Sunset:  18:29 Moonset: 20:53
Daylight: 11:30 Day length: 10:27 Moon Phase: Waxing Crescent

Report for 2015 Jan
                   Monthly Climatological Summary for Jan 2015

Name: Schwyzi's Wetter   City: 68580 Seppois le Bas   State: France
Elevation: 385 m  Lat: N 47 32' 21"   Lon: E 007 10' 18"

                  Temperature (C), Rain (mm), Wind Speed (km/h)

                                      Heat  Cool        Avg
    Mean                              Deg   Deg         Wind                 Dom
Day Temp  High   Time   Low    Time   Days  Days  Rain  Speed High   Time    Dir
----------------------------------------------------------------------------------
 1  -2.1   8.6   13:15  -7.4   07:50  20.4   0.0   1.5   1.1  12.2   14:21   ESE
 2  -0.4   3.0   14:16  -4.0   02:13  18.7   0.0   3.9   1.7  14.8   13:44    SW
 3  -1.2   8.4   01:30  -4.0   14:30  19.5   0.0   1.5   1.6  12.2   02:35   SSW
 4   2.0  10.7   14:59  -2.1   23:53  16.4   0.0   0.0   1.2  14.8   02:40   ESE
 5  -2.6   3.3   16:58  -3.7   23:29  20.9   0.0   0.0   0.8   3.6   16:58    SE
 6   0.3  11.7   14:29  -5.5   07:50  18.0   0.0   0.3   0.9  12.2   20:37    SW
 7   2.5   7.4   12:07  -1.3   00:07  15.8   0.0   0.0   1.2  12.2   02:36     S
 8   7.5  10.7   14:33   2.1   00:52  10.8   0.0   3.0   4.0  29.5   19:35    SW
 9   8.8  12.5   23:59   5.2   08:53   9.5   0.0   0.9   6.3  45.0   13:30    SW
10  13.0  15.7   11:08  11.3   22:17   5.3   0.0   0.9   9.1  36.7   17:09    SW
11   5.3  11.5   00:00   1.2   07:18  13.0   0.0  10.5   6.1  34.2   12:42    SW
12   3.9  13.3   15:58  -2.2   23:23  14.4   0.0   0.0   3.2  25.6   03:51    SW
13   8.8  17.4   13:01  -2.7   03:22   9.5   0.0   0.0   3.3  28.1   13:52    SW
14   6.3  12.7   00:00   1.2   23:44  12.0   0.0   7.8   4.2  35.6   00:23    SW
15   4.0  10.4   13:12  -0.3   02:44  14.3   0.0   0.0   0.4   7.2   18:47    SE
16   4.5   6.7   15:38   1.9   00:59  13.8   0.0  18.9   1.6  12.2   09:01   SSE
17   3.1   4.3   12:22  -0.8   22:48  15.2   0.0   3.9   2.1  17.3   15:39    SW
18   0.6   8.5   13:40  -3.8   07:52  17.7   0.0   0.3   0.7   9.7   15:55     E
19   0.4   3.3   14:11  -2.9   00:26  17.9   0.0   2.1   0.3   8.6   04:55   ESE
20   1.0   3.1   10:50   0.0   21:37  17.3   0.0   2.7   1.7  12.2   14:20   NNE
21   0.9   2.4   13:21  -0.2   00:47  17.4   0.0   0.0   3.1  13.3   12:24    NE
22   1.0   1.9   14:59   0.5   22:41  17.3   0.0   0.0   2.0  12.2   01:40    NE
23   0.6   1.1   12:21   0.1   03:23  17.7   0.0   0.3   2.8  15.8   16:41   NNE
24   5.2  13.0   14:16  -1.8   05:33  13.3   0.0  25.5   2.5  15.8   00:03   WSW
25   5.7   8.8   00:01   0.0   02:21  12.6   0.0   2.4   3.6  19.4   09:16    SW
26   2.3   5.3   13:21  -1.6   23:46  16.0   0.0   0.0   2.6  17.3   12:51    SW
27   1.8   4.5   09:47  -1.8   00:26  16.5   0.0  15.0   5.5  30.6   12:53   WSW
28  -2.6   1.3   00:04  -6.5   23:59  21.0   0.0   0.0   5.0  30.6   00:04    SW
29  -7.4  -2.8   23:34 -14.0   06:39  25.7   0.0   0.0   1.8  17.3   16:59    SW
30  -1.7   0.5   13:49  -3.6   07:14  20.0   0.0   0.0   0.5   8.6   16:04    SW
31   0.2   5.4   12:16  -1.9   08:39  18.0   0.0 103.5   1.3  15.8   16:07   SSW
----------------------------------------------------------------------------------
     2.3  17.4    13   -14.0    29   495.9   0.0 204.9   2.7  45.0     9      SW

Max >=  27.0:  0
Max <=   0.0:  1
Min <=   0.0: 23
Min <= -18.0:  0
Max Rain: 103.5 on day 31
Days of Rain: 19 (>= 0.2 mm)  12 (>= 2.0 mm)  2 (>= 20.0 mm)
Heat Base: 18.3  Cool Base: 18.3  Method: Integration
:now::gauges::today::yesterday::this month::this year::NOAA-style reports: :records::monthly records::trends::webcam:


Page updated 23.10.2017 00:40:00
powered by Cumulus v1.9.4 (1099)