Schwyzi's weather

 Latitude N 47° 32' 21"    Longitude E 07° 10' 18"    Elevation 385 m

Dawn: 07:30 Sunrise: 08:02 Moonrise: 11:23 Moon
Dusk: 19:00 Sunset:  18:29 Moonset: 20:53
Daylight: 11:30 Day length: 10:27 Moon Phase: Waxing Crescent

Report for 2015 Feb
                   Monthly Climatological Summary for Feb 2015

Name: Schwyzi's Wetter   City: 68580 Seppois le Bas   State: France
Elevation: 385 m  Lat: N 47 32' 21"   Lon: E 007 10' 18"

                  Temperature (C), Rain (mm), Wind Speed (km/h)

                                      Heat  Cool        Avg
    Mean                              Deg   Deg         Wind                 Dom
Day Temp  High   Time   Low    Time   Days  Days  Rain  Speed High   Time    Dir
----------------------------------------------------------------------------------
 1   1.0   2.7   09:17  -0.2   07:34  17.3   0.0   2.4   4.7  24.5   12:35    SW
 2   0.7   2.9   14:07  -0.7   21:02  17.6   0.0   3.0   3.0  23.4   13:55    SW
 3  -0.1   1.8   13:54  -2.1   23:55  18.4   0.0   1.5   2.3  14.8   21:00    NE
 4  -2.0  -0.1   13:28  -3.3   03:52  20.3   0.0   0.0   5.5  28.1   16:33   NNE
 5  -2.1  -0.8   23:44  -2.7   17:31  20.4   0.0   0.0   9.1  40.3   07:55    NE
 6  -1.3   0.1   11:57  -2.8   05:40  19.6   0.0   0.0  10.2  36.7   07:05    NE
 7  -2.6   1.9   15:44  -5.5   23:41  20.9   0.0   0.0   5.7  27.0   11:09    NE
 8  -1.9   3.8   11:58  -7.1   03:33  20.2   0.0   0.6   1.4  19.4   12:58    NE
 9  -0.4   9.0   15:39  -4.9   02:09  18.7   0.0   0.0   1.0  12.2   14:23   SSW
10   0.6   8.4   16:06  -6.1   07:33  17.7   0.0   0.0   2.6  20.9   13:27   ENE
11   1.6  10.4   15:51  -3.4   07:53  16.7   0.0   0.0   1.9  12.2   02:11    NE
12   1.6  16.9   16:13  -5.5   06:49  16.7   0.0   1.2   0.4   6.1   13:54    SE
13   3.5  14.9   12:47  -3.7   05:52  14.8   0.0   0.0   0.6  11.2   14:08     E
14   2.2   2.5   03:44   0.1   00:40  16.1   0.0   0.0   0.1   7.2   01:55   ESE
15   2.4   2.4   00:00   2.4   00:00  15.9   0.0   0.0   0.0   0.0   00:00   ---
16   2.4   2.4   00:00   2.4   00:00  15.9   0.0   0.0   0.0   0.0   00:00   ---
17   2.4   2.4   00:00   2.4   00:00  15.9   0.0   0.0   0.0   0.0   00:00   ---
18   2.4   2.4   00:00   2.4   00:00  15.9   0.0   0.0   0.0   0.0   00:00   ---
19  -1.8   2.4   00:00  -3.3   09:28  20.1   0.0   0.0   4.7  24.5   22:33   NNE
20  -2.1  -1.4   00:03  -2.7   23:03  20.4   0.0   0.0   8.0  35.6   16:08    NE
21  -1.4   0.1   18:13  -2.8   14:38  19.7   0.0   0.0  11.1  34.2   03:38    NE
22  -2.1   1.8   21:09  -5.4   13:43  20.4   0.0   0.0   7.2  25.6   00:03    NE
23  -2.1   3.8   17:34  -7.1   09:09  20.4   0.0   0.6   1.6  15.8   20:09    NE
24  -0.4   8.9   21:14  -4.9   07:44  18.7   0.0   0.0   1.0   9.7   17:54   SSW
25  -0.2   8.4   21:39  -6.1   13:09  18.5   0.0   0.0   2.3  20.9   18:59     E
26   2.3  10.4   21:19  -3.4   13:24  16.0   0.0   0.0   2.2  13.3   00:04   ENE
27   1.5  16.8   21:39  -5.5   12:19  16.8   0.0   0.0   0.4   6.1   19:34    SE
28   2.7  14.9   18:14  -3.7   11:19  15.6   0.0   0.0   0.5   9.7   19:34   ESE
----------------------------------------------------------------------------------
     0.2  16.9    12    -7.1     8   505.6   0.0   9.3   3.1  40.3     5      NE

Max >=  27.0:  0
Max <=   0.0:  3
Min <=   0.0: 23
Min <= -18.0:  0
Max Rain: 3.0 on day 2
Days of Rain: 6 (>= 0.2 mm)  2 (>= 2.0 mm)  0 (>= 20.0 mm)
Heat Base: 18.3  Cool Base: 18.3  Method: Integration
:now::gauges::today::yesterday::this month::this year::NOAA-style reports: :records::monthly records::trends::webcam:


Page updated 23.10.2017 00:45:00
powered by Cumulus v1.9.4 (1099)