Schwyzi's weather

 Latitude N 47° 32' 21"    Longitude E 07° 10' 18"    Elevation 385 m

Dawn: 07:30 Sunrise: 08:02 Moonrise: 11:23 Moon
Dusk: 19:00 Sunset:  18:29 Moonset: 20:53
Daylight: 11:30 Day length: 10:27 Moon Phase: Waxing Crescent

Report for 2015 Mar
                   Monthly Climatological Summary for Mrz 2015

Name: Schwyzi's Wetter   City: 68580 Seppois le Bas   State: France
Elevation: 385 m  Lat: N 47 32' 21"   Lon: E 007 10' 18"

                  Temperature (C), Rain (mm), Wind Speed (km/h)

                                      Heat  Cool        Avg
    Mean                              Deg   Deg         Wind                 Dom
Day Temp  High   Time   Low    Time   Days  Days  Rain  Speed High   Time    Dir
----------------------------------------------------------------------------------
 1   6.8  11.7   13:28   0.1   05:09  11.5   0.0   4.2   2.1  28.1   16:42    SW
 2   8.4  11.8   15:51   2.6   23:47   9.9   0.0  12.9   7.8  43.9   15:06    SW
 3   6.5  13.0   14:07   0.1   07:05  11.8   0.0   0.0   2.5  23.4   13:17    SW
 4   4.0   9.5   15:01   0.2   22:56  14.3   0.0   3.9   2.8  25.6   00:40    SW
 5   2.8   9.4   16:19  -1.7   23:59  15.5   0.0   0.0   3.0  30.6   14:48   NNE
 6   3.2  14.3   16:31  -3.6   06:43  15.1   0.0   0.0   1.7  20.9   12:43   ENE
 7   4.0  14.6   16:48  -3.8   05:56  14.3   0.0   0.0   2.1  18.4   15:26    NE
 8   6.3  19.0   14:53  -2.8   06:48  12.0   0.0   0.0   1.6  13.3   11:38   ENE
 9   7.1  17.9   16:23  -0.5   06:57  11.2   0.0   0.0   1.6  19.4   11:31   ENE
10   8.3  17.3   15:36  -0.3   04:40  10.0   0.0   0.0   1.5  15.8   19:14    NE
11   7.9  13.7   14:59  -0.2   23:58  10.4   0.0   0.9   2.8  19.4   08:19    NE
12   5.2  13.5   16:15  -2.0   03:45  13.1   0.0   0.0   3.2  22.0   11:06   ENE
13   4.9  14.4   14:48  -2.8   07:01  13.4   0.0   0.0   2.1  15.8   11:05    NE
14   5.1  12.0   15:27   0.0   23:53  13.2   0.0   0.0   3.6  19.4   17:36    NE
15   4.5  11.1   16:08  -1.5   02:59  13.8   0.0   0.0   3.2  23.4   12:57   ENE
16   6.8  18.1   14:11   1.6   07:12  11.5   0.0   0.0   1.3  13.3   14:22   ENE
17   8.6  21.5   16:39  -0.3   06:33   9.9   0.3   0.0   1.9  14.8   11:40    NE
18  10.4  21.2   14:18   2.4   06:52   8.2   0.3   0.0   1.1  12.2   13:02    NE
19   9.1  17.9   14:44   1.8   06:33   9.2   0.0   0.0   2.2  19.4   15:21    NE
20   7.7  17.4   15:58   0.5   06:46  10.6   0.0   0.0   1.8  18.4   12:40    NE
21   8.1  13.0   13:15   3.2   01:19  10.2   0.0   0.0   3.1  24.5   16:51   SSW
22   6.5   9.8   14:14   3.6   03:59  11.8   0.0   0.0   5.9  30.6   10:49   ENE
23   8.9  20.4   16:15  -0.2   06:24   9.4   0.1   0.0   1.4  13.3   12:40    NE
24   8.8  18.8   13:49  -0.3   06:36   9.5   0.0   0.0   1.7  20.9   16:18   WNW
25   5.4  11.3   08:35   4.2   01:50  12.9   0.0   6.3   3.5  24.5   10:13    SW
26   5.7   9.0   16:42   4.1   02:19  12.6   0.0   1.2   3.9  19.4   18:41    SW
27   7.2  13.6   13:46   0.9   23:48  11.1   0.0   0.6   3.3  24.5   15:43    SW
28   7.2  14.4   12:12  -1.4   06:26  11.1   0.0   0.0   2.5  19.4   15:11   SSW
29  10.5  12.0   18:32   9.5   06:35   7.5   0.0  11.1   7.8  34.2   23:31    SW
30  10.5  11.9   16:58   9.2   09:24   7.8   0.0   7.8   9.6  39.2   03:24    SW
31  11.8  13.9   17:35   8.8   23:41   6.5   0.0   0.9  11.7  52.6   14:14    SW
----------------------------------------------------------------------------------
     7.0  21.5    17    -3.8     7   349.3   0.7  49.8   3.4  52.6    31     SSW

Max >=  27.0:  0
Max <=   0.0:  0
Min <=   0.0: 15
Min <= -18.0:  0
Max Rain: 12.9 on day 2
Days of Rain: 10 (>= 0.2 mm)  6 (>= 2.0 mm)  0 (>= 20.0 mm)
Heat Base: 18.3  Cool Base: 18.3  Method: Integration
:now::gauges::today::yesterday::this month::this year::NOAA-style reports: :records::monthly records::trends::webcam:


Page updated 23.10.2017 00:45:00
powered by Cumulus v1.9.4 (1099)