Schwyzi's weather

 Latitude N 47° 32' 21"    Longitude E 07° 10' 18"    Elevation 385 m

Dawn: 07:30 Sunrise: 08:02 Moonrise: 11:23 Moon
Dusk: 19:00 Sunset:  18:29 Moonset: 20:53
Daylight: 11:30 Day length: 10:27 Moon Phase: Waxing Crescent

Report for 2015 Apr
                   Monthly Climatological Summary for Apr 2015

Name: Schwyzi's Wetter   City: 68580 Seppois le Bas   State: France
Elevation: 385 m  Lat: N 47 32' 21"   Lon: E 007 10' 18"

                  Temperature (C), Rain (mm), Wind Speed (km/h)

                                      Heat  Cool        Avg
    Mean                              Deg   Deg         Wind                 Dom
Day Temp  High   Time   Low    Time   Days  Days  Rain  Speed High   Time    Dir
----------------------------------------------------------------------------------
 1   6.6   9.2   17:20   2.5   08:43  11.7   0.0   5.1   7.7  92.2   04:42    SW
 2   6.4   8.4   12:37   2.1   23:57  11.9   0.0   9.6   6.1  33.1   11:31    SW
 3   5.9  13.4   13:48  -1.5   06:48  12.4   0.0   4.5   1.4  15.8   16:42     N
 4   6.0   9.1   12:11   3.5   23:49  12.3   0.0  16.8   3.9  27.0   22:24     N
 5   4.7  10.2   16:39   0.1   23:56  13.6   0.0   0.9   5.5  28.1   00:57    NE
 6   4.7  12.0   18:16  -3.1   06:49  13.6   0.0   0.0   3.1  22.0   17:32    NE
 7   5.7  15.0   17:26  -2.3   06:07  12.6   0.0   0.0   3.4  23.4   11:04   ENE
 8   8.2  19.9   17:49  -2.3   06:58  10.2   0.1   0.0   2.6  19.4   17:09    NE
 9  11.6  25.7   18:16   0.3   06:41   7.7   1.0   0.0   2.0  17.3   15:52     N
10  13.7  24.1   14:39   2.2   06:07   6.0   1.3   0.0   2.2  18.4   12:43   WNW
11  13.6  17.0   16:21  10.5   23:59   4.7   0.0   0.9   2.8  22.0   16:21   SSW
12  13.9  23.6   16:23   4.9   06:39   5.3   0.9   0.0   2.0  20.9   16:08    NW
13  14.0  23.0   16:53   4.7   06:57   5.3   1.0   0.0   2.5  19.4   15:37    SW
14  15.0  26.9   17:00   4.1   06:25   5.2   1.9   0.0   1.5  14.8   16:34   ENE
15  15.9  29.5   17:04   3.5   06:31   5.2   2.8   0.0   1.5  15.8   14:14    NW
16  14.7  26.5   15:26   6.5   05:54   4.9   1.3   0.3   1.1  22.0   16:38   ESE
17  12.1  14.1   12:26   7.8   23:50   6.2   0.0  17.4   1.8  18.4   21:34   SSW
18   9.4  15.5   16:53   6.3   08:37   8.9   0.0   0.3   5.1  27.0   17:04   ENE
19  10.2  20.1   17:36   0.2   06:30   8.2   0.1   0.0   3.7  25.6   15:35    NE
20  11.7  21.5   15:50   1.5   06:39   7.1   0.4   0.0   3.0  24.5   17:00    NE
21  13.2  25.2   17:58   2.3   06:22   6.3   1.2   0.0   3.0  20.9   13:23    NE
22  15.1  26.5   16:55   3.5   06:10   5.2   1.9   0.0   2.0  17.3   16:10    NE
23  13.2  23.5   17:53   3.7   06:43   5.8   0.7   0.0   2.4  17.3   10:31    NE
24  13.8  25.3   16:28   2.0   06:41   6.0   1.5   0.0   2.0  17.3   13:26     W
25  13.0  18.3   10:57   7.3   02:55   5.3   0.0   3.6   1.9  22.0   18:38   SSW
26  14.4  22.5   14:38   6.8   06:26   4.4   0.5   2.4   0.9  12.2   12:09   ENE
27  14.5  21.2   14:50  10.9   23:57   4.0   0.2  20.7   3.1  25.6   22:14   NNE
28   9.4  15.0   15:55   6.5   07:15   8.9   0.0  12.0   5.0  23.4   11:06    SW
29  10.6  20.3   17:49   1.7   06:07   7.8   0.1   0.0   2.6  23.4   13:38   ENE
30  12.1  18.5   14:08   6.6   06:22   6.2   0.0   6.0   2.8  19.4   13:11    SW
----------------------------------------------------------------------------------
    11.1  29.5    15    -3.1     6   232.9  16.9 100.5   3.0  92.2     1     NNE

Max >=  27.0:  1
Max <=   0.0:  0
Min <=   0.0:  4
Min <= -18.0:  0
Max Rain: 20.7 on day 27
Days of Rain: 14 (>= 0.2 mm)  10 (>= 2.0 mm)  1 (>= 20.0 mm)
Heat Base: 18.3  Cool Base: 18.3  Method: Integration
:now::gauges::today::yesterday::this month::this year::NOAA-style reports: :records::monthly records::trends::webcam:


Page updated 23.10.2017 00:40:00
powered by Cumulus v1.9.4 (1099)