Schwyzi's weather

 Latitude N 47° 32' 21"    Longitude E 07° 10' 18"    Elevation 385 m

Dawn: 07:30 Sunrise: 08:02 Moonrise: 11:23 Moon
Dusk: 19:00 Sunset:  18:29 Moonset: 20:53
Daylight: 11:30 Day length: 10:27 Moon Phase: Waxing Crescent

Report for 2015 May
                   Monthly Climatological Summary for Mai 2015

Name: Schwyzi's Wetter   City: 68580 Seppois le Bas   State: France
Elevation: 385 m  Lat: N 47 32' 21"   Lon: E 007 10' 18"

                  Temperature (C), Rain (mm), Wind Speed (km/h)

                                      Heat  Cool        Avg
    Mean                              Deg   Deg         Wind                 Dom
Day Temp  High   Time   Low    Time   Days  Days  Rain  Speed High   Time    Dir
----------------------------------------------------------------------------------
 1  11.5  14.7   15:02   8.9   00:12   6.8   0.0  33.6   1.6  19.4   18:31    SW
 2  13.8  17.4   17:04  11.2   23:05   4.5   0.0   8.4   2.9  19.4   18:47   SSW
 3  16.6  23.1   15:30  11.4   00:00   2.5   0.8  12.3   1.9  19.4   20:54   SSW
 4  18.9  25.8   15:52  14.1   06:15   1.3   1.8   0.3   1.0  12.2   15:47     E
 5  17.1  22.2   10:47  13.3   23:49   1.9   0.7   1.2   2.0  22.0   12:28   SSW
 6  15.3  21.7   14:09  10.0   23:01   3.5   0.5   0.3   3.1  28.1   17:29    SW
 7  13.9  23.0   16:48   6.3   05:40   4.8   0.4   0.0   2.4  18.4   13:41     W
 8  14.9  24.4   13:33   5.5   06:25   4.6   1.2   1.2   2.2  20.9   17:32   ENE
 9  15.3  21.9   15:59  10.8   04:14   3.5   0.5   0.3   3.3  31.7   14:51    SW
10  17.0  27.7   16:31   7.4   06:11   3.7   2.4   0.0   1.7  13.3   14:42   NNE
11  18.8  32.0   17:23   6.8   05:39   3.5   4.1   0.0   1.4  12.2   14:10     N
12  21.9  32.8   16:58  10.9   06:10   2.0   5.6   0.0   1.8  18.4   14:36    SW
13  22.3  31.1   17:07  13.9   06:27   0.7   4.6   0.0   2.7  34.2   21:59   WSW
14  18.2  23.7   16:23  10.9   23:59   1.2   1.1   6.3   4.0  24.5   09:17    SW
15   9.2  10.9   00:00   7.9   14:07   9.1   0.0  15.6   1.6  17.3   00:31    SW
16  13.8  20.6   18:28   7.0   04:07   4.7   0.1   0.0   2.5  22.0   16:55    SW
17  16.3  49.6   19:07  10.2   23:54   3.1   1.1   0.0   2.0  14.8   14:47     W
18  16.2  25.7   17:05   6.8   04:23   4.0   2.0   0.0   2.2  20.9   18:36    SW
19  13.1  17.6   17:07  10.3   03:04   5.2   0.0   0.0   3.2  22.0   11:51    SW
20   9.1  13.6   18:13   6.9   02:25   6.3   0.0   3.3   2.1  19.4   08:20    SW
21  11.8  19.6   17:21   4.1   06:12   6.5   0.0   0.3   3.4  31.7   16:39   NNE
22  12.8  21.3   15:18   2.8   05:39   5.7   0.2   0.0   2.6  25.6   16:17   NNE
23  14.9  24.3   16:12   5.7   05:47   4.2   0.8   0.0   3.0  24.5   20:45    NE
24  15.8  23.1   16:54   6.8   05:43   3.6   1.1   0.0   2.3  17.3   12:44   NNE
25  16.0  22.6   11:36  11.4   23:39   3.0   0.7   0.0   3.5  25.6   13:20    SW
28  15.7  24.2   18:56   5.4   06:12   4.9   1.4   5.4   3.0  20.9   15:27    SW
29  17.9  25.7   16:15  10.0   05:28   2.7   2.3   0.0   3.3  30.6   15:04    SW
30  16.0  20.4   16:11  10.5   23:55   2.5   0.2   0.0   3.1  23.4   16:29    SW
31  16.9  25.3   17:20   7.1   05:06   3.4   2.0   0.0   2.8  27.0   17:29    SW
----------------------------------------------------------------------------------
    15.6  49.6    17     2.8    22   113.4  35.6  88.5   2.5  34.2    13      SW

Max >=  27.0:  5
Max <=   0.0:  0
Min <=   0.0:  0
Min <= -18.0:  0
Max Rain: 33.6 on day 1
Days of Rain: 13 (>= 0.2 mm)  7 (>= 2.0 mm)  1 (>= 20.0 mm)
Heat Base: 18.3  Cool Base: 18.3  Method: Integration
:now::gauges::today::yesterday::this month::this year::NOAA-style reports: :records::monthly records::trends::webcam:


Page updated 23.10.2017 00:40:00
powered by Cumulus v1.9.4 (1099)