Schwyzi's weather

 Latitude N 47° 32' 21"    Longitude E 07° 10' 18"    Elevation 385 m

Dawn: 07:30 Sunrise: 08:02 Moonrise: 11:23 Moon
Dusk: 19:00 Sunset:  18:29 Moonset: 20:53
Daylight: 11:30 Day length: 10:27 Moon Phase: Waxing Crescent

Report for 2015 Jun
                   Monthly Climatological Summary for Jun 2015

Name: Schwyzi's Wetter   City: 68580 Seppois le Bas   State: France
Elevation: 385 m  Lat: N 47 32' 21"   Lon: E 007 10' 18"

                  Temperature (C), Rain (mm), Wind Speed (km/h)

                                      Heat  Cool        Avg
    Mean                              Deg   Deg         Wind                 Dom
Day Temp  High   Time   Low    Time   Days  Days  Rain  Speed High   Time    Dir
----------------------------------------------------------------------------------
 1  18.2  23.2   15:20  14.0   05:54   1.3   1.2   0.0   3.2  24.5   14:24    SW
 2  20.1  28.7   16:34  12.0   05:04   1.8   3.6   0.0   2.9  24.5   17:31   SSW
 3  21.9  30.2   16:55  12.8   05:23   1.2   4.7   0.0   3.0  24.5   12:28   WSW
 4  22.1  32.8   17:56  12.3   05:29   1.2   5.0   0.0   2.8  17.3   11:49    NE
 5  25.5  37.2   18:59  13.7   05:32   0.9   8.1   0.0   1.6  12.2   15:21     N
 6  24.7  32.5   16:35  15.9   05:40   0.3   6.7   9.6   2.9  28.1   00:10     S
 7  23.6  30.6   16:33  17.8   05:59   0.0   5.3   0.0   3.2  18.4   14:08    NE
 8  17.7  22.7   15:09  14.8   05:40   1.3   0.7   0.0   4.4  23.4   16:19    NE
 9  14.6  16.2   16:26  13.1   07:06   3.7   0.0   0.0   5.4  22.0   10:24    NE
10  16.2  21.4   17:28  13.1   05:40   2.5   0.4   0.0   4.0  20.9   13:25    NE
11  20.5  30.5   15:56  11.6   05:32   1.9   4.1   0.0   2.1  15.8   12:55    NE
12  20.8  30.2   13:48  13.1   05:30   1.2   3.7   8.7   1.4  23.4   15:20    SW
13  20.6  28.1   17:42  15.0   01:54   0.8   3.1   0.3   3.3  22.0   03:32   WSW
14  20.6  29.0   14:38  15.2   04:34   0.8   3.0  19.2   2.8  19.4   16:35   NNE
15  17.4  24.5   17:02  15.8   05:22   1.4   0.5  11.1   1.9  15.8   17:39     N
16  16.9  21.7   13:13  14.6   23:04   1.7   0.3   1.2   2.0  22.0   14:38   NNE
17  18.1  26.4   17:27  11.5   05:23   2.0   1.8   0.0   3.4  17.3   03:24   NNE
18  15.8  20.5   12:40   9.7   05:03   2.8   0.3   7.8   2.2  20.9   14:36    SW
19  16.9  22.4   16:13  12.7   23:59   2.0   0.6   0.3   3.6  23.4   15:39   WSW
20  15.1  20.2   17:15  12.2   02:29   3.3   0.1   0.0   3.2  19.4   13:07    SW
21  16.6  23.6   17:46  11.7   03:25   2.6   0.9   1.8   2.1  23.4   11:43    SW
22  18.6  24.9   15:57  12.8   23:52   1.6   1.9   3.9   3.5  31.7   23:11    SW
23  14.7  20.2   16:48   0.0   21:23   3.6   0.0   3.9   4.1  19.4   17:02    SW
24  16.5  26.2   16:46   6.4   05:24   3.8   2.0   0.0   2.2  17.3   12:13    NE
25  19.0  29.6   17:03   9.0   05:06   2.8   3.5   0.0   1.7  23.4   14:48     N
26  21.3  30.7   16:42  10.6   05:20   2.0   4.9   0.0   1.5  14.8   13:43    NE
27  20.8  28.1   16:24  14.2   05:30   1.3   3.8   0.9   3.3  35.6   14:18    SW
28  21.4  32.4   18:11  11.3   06:13   1.6   4.7   0.0   1.8  13.3   16:21    NE
29  22.1  32.7   17:31  12.0   05:16   1.7   5.5   0.0   1.4  12.2   14:07    SW
30  24.3  34.2   18:16  14.0   06:12   0.7   6.7   0.0   2.5  17.3   13:19    NE
----------------------------------------------------------------------------------
    19.4  37.2     5     0.0    23    53.8  87.1  68.7   2.8  35.6    27     NNW

Max >=  27.0: 16
Max <=   0.0:  0
Min <=   0.0:  1
Min <= -18.0:  0
Max Rain: 19.2 on day 14
Days of Rain: 12 (>= 0.2 mm)  7 (>= 2.0 mm)  0 (>= 20.0 mm)
Heat Base: 18.3  Cool Base: 18.3  Method: Integration
:now::gauges::today::yesterday::this month::this year::NOAA-style reports: :records::monthly records::trends::webcam:


Page updated 23.10.2017 00:40:00
powered by Cumulus v1.9.4 (1099)