Schwyzi's weather

 Latitude N 47° 32' 21"    Longitude E 07° 10' 18"    Elevation 385 m

Dawn: 07:30 Sunrise: 08:02 Moonrise: 11:23 Moon
Dusk: 19:00 Sunset:  18:29 Moonset: 20:53
Daylight: 11:30 Day length: 10:27 Moon Phase: Waxing Crescent

Report for 2015 Jul
                   Monthly Climatological Summary for Jul 2015

Name: Schwyzi's Wetter   City: 68580 Seppois le Bas   State: France
Elevation: 385 m  Lat: N 47 32' 21"   Lon: E 007 10' 18"

                  Temperature (C), Rain (mm), Wind Speed (km/h)

                                      Heat  Cool        Avg
    Mean                              Deg   Deg         Wind                 Dom
Day Temp  High   Time   Low    Time   Days  Days  Rain  Speed High   Time    Dir
----------------------------------------------------------------------------------
 1  26.6  37.7   17:17  15.1   05:26   0.5   8.7   0.0   1.8  19.4   15:03    NE
 2  28.8  39.1   18:14  18.1   05:32   0.0  10.5   0.0   2.2  18.4   13:50   NNE
 3  29.3  38.4   16:51  19.8   05:53   0.0  11.0   0.0   1.8  20.9   14:21   NNE
 4  29.3  40.1   17:41  18.8   05:49   0.0  11.0   0.0   1.9  15.8   13:44   NNW
 5  29.9  39.9   16:55  20.0   05:04   0.0  11.6   0.0   2.3  22.0   12:16    NW
 6  26.4  34.9   18:32  20.1   05:47   0.0   8.1   0.0   3.0  19.4   01:23     N
 7  27.3  38.5   15:46   0.0   04:17   0.0   9.0   0.0   2.5  89.3   04:17   WSW
 8  20.7  24.4   16:27  17.1   07:36   0.1   2.5   1.8   5.2  35.6   14:15    SW
 9  19.9  26.5   18:10  13.6   23:57   0.7   2.4   0.0   3.9  22.0   14:58   WSW
10  19.5  29.7   17:48  10.0   04:40   2.3   3.5   0.0   3.2  20.9   12:52    NE
11  23.3  32.8   17:39  11.8   05:15   1.6   6.6   0.0   3.5  31.7   15:35    SW
12  22.9  29.1   14:37  13.4   05:51   0.7   5.2   0.0   3.1  23.4   13:26   WSW
13  22.7  29.9   16:44  16.6   05:25   0.2   4.5   0.0   3.0  31.7   14:52   WSW
14  22.8  30.6   17:09  15.0   06:19   0.6   5.1   0.0   3.2  30.6   13:02   WSW
15  24.1  35.7   18:43  13.6   06:08   0.9   6.8   0.0   2.0  14.8   12:09   NNE
16  26.3  39.6   18:13  15.8   05:38   0.4   8.4   0.0   2.2  13.3   12:03   NNE
17  27.3  38.7   15:38  16.5   04:18   0.3   9.2   0.0   2.0  15.8   11:13     S
18  25.1  35.3   17:39  18.7   09:48   0.0   6.8   5.1   1.6  19.4   09:08    NE
19  24.1  30.6   18:31  18.3   04:40   0.0   5.8   1.2   3.4  29.5   17:05    SW
20  26.8  34.1   17:25  16.6   04:44   0.3   8.8   0.0   4.7  22.0   16:13     N
21  24.1  33.3   00:00  18.3   05:55   0.0   5.8   1.2   3.5  25.6   17:10    SW
22  24.7  36.7   19:14  16.6   06:00   0.3   6.7   3.3   2.7  19.4   17:55   WNW
23  22.9  30.0   18:39  18.2   23:40   0.0   4.6  19.5   2.0  24.5   00:24   NNE
24  24.2  35.0   17:39  14.5   06:17   0.6   6.6   0.0   2.1  15.8   16:17     N
25  19.8  23.6   16:28  12.9   23:57   0.4   1.9   0.6   6.0  31.7   07:34    SW
26  15.9  23.1   16:26   7.9   06:22   3.5   1.1   2.1   1.9  17.3   10:58    NE
27  19.3  25.0   18:14  14.2   01:30   0.9   1.9   3.9   5.3  37.8   11:03    SW
28  19.3  24.5   16:55  15.2   23:45   0.5   1.5   0.0   5.5  29.5   11:04    SW
29  15.0  18.6   18:40  10.9   23:59   3.3   0.0   2.7   2.1  22.0   13:13    SW
30  16.6  26.2   17:11   7.0   05:19   3.7   2.0   0.0   2.1  18.4   14:38   WSW
31  16.6  24.3   15:27   6.9   06:11   3.3   1.6   0.0   2.9  20.9   12:55    NE
----------------------------------------------------------------------------------
    23.3  40.1     4     0.0     7    25.1 179.2  41.4   3.0  89.3     7       W

Max >=  27.0: 22
Max <=   0.0:  0
Min <=   0.0:  1
Min <= -18.0:  0
Max Rain: 19.5 on day 23
Days of Rain: 10 (>= 0.2 mm)  6 (>= 2.0 mm)  0 (>= 20.0 mm)
Heat Base: 18.3  Cool Base: 18.3  Method: Integration
:now::gauges::today::yesterday::this month::this year::NOAA-style reports: :records::monthly records::trends::webcam:


Page updated 23.10.2017 00:40:00
powered by Cumulus v1.9.4 (1099)