Schwyzi's weather

 Latitude N 47° 32' 21"    Longitude E 07° 10' 18"    Elevation 385 m

Dawn: 07:30 Sunrise: 08:02 Moonrise: 11:23 Moon
Dusk: 19:00 Sunset:  18:29 Moonset: 20:53
Daylight: 11:30 Day length: 10:27 Moon Phase: Waxing Crescent

Report for 2015 Aug
                   Monthly Climatological Summary for Aug 2015

Name: Schwyzi's Wetter   City: 68580 Seppois le Bas   State: France
Elevation: 385 m  Lat: N 47 32' 21"   Lon: E 007 10' 18"

                  Temperature (C), Rain (mm), Wind Speed (km/h)

                                      Heat  Cool        Avg
    Mean                              Deg   Deg         Wind                 Dom
Day Temp  High   Time   Low    Time   Days  Days  Rain  Speed High   Time    Dir
----------------------------------------------------------------------------------
 1  16.7  24.0   13:09  11.9   02:14   2.3   0.7   3.9   0.8   9.7   17:41     S
 2  21.1  31.0   16:57  11.8   06:26   1.7   4.5   0.3   2.0  19.4   15:39    NE
 3  24.4  37.6   19:05  12.5   05:00   1.5   7.6   0.0   1.5  18.4   13:43     W
 4  24.3  37.6   07:09  15.6   16:54   0.5   6.5   0.3   2.2  28.1   21:54    SW
 5  18.8  25.7   04:14  13.0   16:54   1.4   1.8   1.8   1.5  18.4   05:19   SSW
 6  27.1  40.7   16:48  17.0   04:49   0.2   9.0   0.0   1.4  15.8   11:53   WSW
 7  28.5  42.4   17:24  16.4   06:20   0.2  10.4   0.0   1.9  31.7   22:30   WSW
 8  25.2  33.1   17:02  17.2   06:07   0.1   7.0   0.0   2.7  35.6   12:36     W
 9  21.8  23.9   11:51  19.9   06:28   0.0   3.5   0.0   2.4  14.8   12:25   SSW
10  19.9  22.6   15:54  18.5   06:20   0.0   1.6   0.3   1.8  14.8   18:31    SW
11  24.3  33.3   17:18  18.9   04:14   0.0   6.0   0.0   2.0  12.2   10:46    NE
12  25.8  38.0   17:27  17.0   06:23   0.1   7.6   0.0   1.1   9.7   15:04   ENE
13  24.3  36.4   17:24  17.3   06:33   0.1   6.1   0.3   2.1  31.7   18:56    SW
14  19.1  23.4   14:08  16.5   23:57   0.2   1.0   0.0   1.0  24.5   15:18   NNW
15  16.7  18.6   13:38  14.6   23:53   1.6   0.0   0.0   3.1  25.6   10:08    SW
16  16.1  21.8   14:28  13.8   06:08   2.5   0.3   0.0   1.4  12.2   22:49    SW
17  18.0  25.9   17:47  13.3   23:49   1.9   1.6   0.0   1.0  12.2   14:26    SW
18  16.5  24.8   16:53  10.0   05:30   3.1   1.3   0.0   1.5  15.8   17:48    SW
19  17.1  26.8   17:16  11.4   02:42   2.7   1.5   0.0   1.5  14.8   11:52    NE
20  18.1  27.6   15:06   9.1   05:33   2.9   2.6   0.0   1.3  14.8   15:38   NNE
21  17.1  24.8   01:37  11.4   11:27   2.8   1.6   0.0   1.6  14.8   01:07    SE
22  17.5  27.6   23:52   9.1   14:17   3.1   2.3   0.0   1.5  12.2   21:07    NE
23  18.7  27.5   01:02  11.0   15:32   1.8   2.1   0.3   1.3  14.8   00:22    NE
24  17.0  25.2   12:12  15.3   15:04   1.7   0.5   0.0   1.5  25.6   13:16    SW
25  17.3  25.6   17:18  12.0   05:54   2.3   1.4   0.0   2.8  20.9   08:18    SW
26  19.7  31.9   18:40   9.0   07:02   2.9   4.3   0.0   1.4  12.2   14:22   NNE
27  23.1  37.5   18:19  12.4   06:42   1.6   6.4   0.0   1.1  12.2   14:30     N
28  24.7  33.1   17:04  17.5   07:12   0.0   6.4   2.7   1.9  18.4   11:55    NW
29  24.4  35.7   17:02  15.6   05:50   0.4   6.6   0.0   1.2  12.2   17:09   NNE
30  25.6  39.2   18:30  16.7   06:56   0.2   7.4   0.0   1.2  11.2   11:05   NNW
31  24.4  37.1   15:21  15.4   06:14   0.6   6.7   0.0   1.8  18.4   17:17   NNW
----------------------------------------------------------------------------------
    21.1  42.4     7     9.0    26    40.4 126.3   9.9   1.7  35.6     8     WSW

Max >=  27.0: 18
Max <=   0.0:  0
Min <=   0.0:  0
Min <= -18.0:  0
Max Rain: 3.9 on day 1
Days of Rain: 8 (>= 0.2 mm)  2 (>= 2.0 mm)  0 (>= 20.0 mm)
Heat Base: 18.3  Cool Base: 18.3  Method: Integration
:now::gauges::today::yesterday::this month::this year::NOAA-style reports: :records::monthly records::trends::webcam:


Page updated 23.10.2017 00:40:00
powered by Cumulus v1.9.4 (1099)