Schwyzi's weather

 Latitude N 47° 32' 21"    Longitude E 07° 10' 18"    Elevation 385 m

Dawn: 07:30 Sunrise: 08:02 Moonrise: 11:23 Moon
Dusk: 19:00 Sunset:  18:29 Moonset: 20:53
Daylight: 11:30 Day length: 10:27 Moon Phase: Waxing Crescent

Report for 2015 Sep
                   Monthly Climatological Summary for Sep 2015

Name: Schwyzi's Wetter   City: 68580 Seppois le Bas   State: France
Elevation: 385 m  Lat: N 47 32' 21"   Lon: E 007 10' 18"

                  Temperature (C), Rain (mm), Wind Speed (km/h)

                                      Heat  Cool        Avg
    Mean                              Deg   Deg         Wind                 Dom
Day Temp  High   Time   Low    Time   Days  Days  Rain  Speed High   Time    Dir
----------------------------------------------------------------------------------
 1  19.2  26.0   11:31  14.8   23:56   0.5   1.4   2.4   3.0  29.5   14:51    SW
 2  17.9  27.2   16:48  12.9   02:50   2.2   1.8   0.0   1.4  11.2   12:45   NNE
 3  17.2  24.2   17:41  11.5   23:35   2.3   1.2   0.0   2.0  22.0   15:44    SW
 4  15.5  24.0   16:42   7.8   06:48   3.8   1.0   0.0   2.4  23.4   13:36    SW
 5  14.0  20.4   14:58   9.2   06:46   4.4   0.1   0.0   2.8  27.0   16:42    SW
 6  13.4  19.7   14:23   7.8   23:58   4.9   0.0   0.0   2.1  17.3   12:15     W
 7  12.2  22.4   15:21   3.1   06:21   6.6   0.5   0.0   2.0  20.9   18:38   NNE
 8  13.6  24.3   16:07   5.3   05:51   5.7   0.9   0.0   2.4  19.4   15:44    NE
 9  14.3  25.1   17:07   5.5   07:01   5.3   1.3   0.0   2.6  27.0   13:00    NE
10  13.8  23.6   18:11   5.0   06:37   5.4   0.9   0.0   2.6  25.6   13:52    NE
11  15.8  27.3   18:15   5.9   06:58   4.2   1.7   0.0   1.4  13.3   18:28    NE
12  18.1  28.8   13:17  11.0   06:59   2.5   2.3   6.6   1.6  22.0   17:45   SSW
13  17.7  27.5   17:23  14.2   04:16   1.9   1.3   5.7   1.8  23.4   21:02    NE
14  15.4  23.3   10:47  11.1   21:37   3.4   0.6   9.0   2.3  35.6   16:58   SSW
15  13.8  20.3   14:29   8.5   07:15   4.6   0.1   0.3   0.9  12.2   01:07    SW
16  17.6  30.5   16:17  12.9   02:39   2.6   1.9   5.7   1.5  23.4   15:18     S
17  14.6  23.3   18:25  11.0   22:53   3.9   0.1  21.0   1.1  14.8   12:57   SSW
18  14.2  22.4   18:08   9.2   23:22   4.5   0.3   0.0   1.4  13.3   09:15   SSW
19  13.6  21.8   16:48   8.8   01:31   4.8   0.1   6.9   1.5  22.0   17:25   SSW
20  14.3  23.8   16:13   8.6   23:54   4.6   0.7   0.3   1.4  14.8   14:20   NNE
21  14.0  24.8   17:22   5.5   06:50   5.3   1.0   0.0   1.4  12.2   11:35    NE
22  13.1  16.9   12:49  10.0   00:35   5.2   0.0   7.5   2.2  20.9   13:20    SW
23  11.2  17.2   17:41   9.3   20:23   7.1   0.0   1.2   3.0  18.4   08:21   SSW
24  13.1  23.9   16:40   8.0   23:57   5.6   0.4   1.5   0.8  11.2   12:19    NE
25  12.7  24.6   16:35   4.7   07:13   6.4   0.8   0.0   1.3  14.8   16:11    NE
26  11.2  17.2   18:09   9.3   00:00   7.1   0.0   1.2   3.3  18.4   08:54   SSW
27  13.3  23.7   15:54   8.8   04:34   5.4   0.4   1.5   1.1  15.8   23:38    NE
28  11.4  19.4   16:42   4.5   05:19   7.0   0.0   0.0   4.1  30.6   17:34    NE
29  12.3  20.6   16:19   5.5   06:30   6.2   0.2   0.0   4.3  25.6   14:29    NE
30  10.7  19.2   17:16   3.7   06:07   7.6   0.0   0.0   3.3  28.1   20:48   ENE
----------------------------------------------------------------------------------
    14.3  30.5    16     3.1     7   141.0  21.0  70.8   2.1  35.6    14     ESE

Max >=  27.0:  5
Max <=   0.0:  0
Min <=   0.0:  0
Min <= -18.0:  0
Max Rain: 21.0 on day 17
Days of Rain: 14 (>= 0.2 mm)  8 (>= 2.0 mm)  1 (>= 20.0 mm)
Heat Base: 18.3  Cool Base: 18.3  Method: Integration
:now::gauges::today::yesterday::this month::this year::NOAA-style reports: :records::monthly records::trends::webcam:


Page updated 23.10.2017 00:45:00
powered by Cumulus v1.9.4 (1099)