Schwyzi's weather

 Latitude N 47° 32' 21"    Longitude E 07° 10' 18"    Elevation 385 m

Dawn: 07:30 Sunrise: 08:02 Moonrise: 11:23 Moon
Dusk: 19:00 Sunset:  18:29 Moonset: 20:53
Daylight: 11:30 Day length: 10:27 Moon Phase: Waxing Crescent

Report for 2015 Oct
                   Monthly Climatological Summary for Okt 2015

Name: Schwyzi's Wetter   City: 68580 Seppois le Bas   State: France
Elevation: 385 m  Lat: N 47 32' 21"   Lon: E 007 10' 18"

                  Temperature (C), Rain (mm), Wind Speed (km/h)

                                      Heat  Cool        Avg
    Mean                              Deg   Deg         Wind                 Dom
Day Temp  High   Time   Low    Time   Days  Days  Rain  Speed High   Time    Dir
----------------------------------------------------------------------------------
 1   8.7  17.3   17:26   1.9   07:15   9.6   0.0   0.0   3.0  28.1   13:27    NE
 2  10.4  21.2   16:35   2.8   07:39   8.1   0.2   0.0   2.1  19.4   12:38    NE
 3  14.5  25.6   15:26   7.5   06:59   4.9   1.1   1.5   0.9   9.7   14:45   NNE
 4  14.1  24.0   16:42   8.9   23:48   4.8   0.6   6.6   1.2  11.2   10:44   NNE
 5  14.9  23.6   14:22   8.9   00:35   4.0   0.6   2.7   1.3  13.3   13:43    NE
 6  15.4  21.6   11:28  13.0   07:31   3.0   0.1   8.7   0.7  17.3   11:42   SSW
 7  13.5  18.3   16:10   7.0   23:48   4.8   0.0   0.9   3.0  23.4   14:34   SSW
 8  11.8  18.0   14:38   7.1   00:00   6.5   0.0   0.0   1.1   9.7   11:35     N
 9  11.7  18.6   14:19   7.1   02:44   6.6   0.0   0.0   1.6  15.8   14:22    NE
10  10.8  14.3   16:55   7.2   01:46   7.5   0.0   0.0   2.7  17.3   12:49    NE
11  10.8  13.7   15:57   8.5   09:14   7.5   0.0   0.0   3.6  17.3   00:41    NE
12  10.3  18.2   16:08   4.3   07:38   8.0   0.0   0.0   2.1  14.8   13:03    NE
13   8.3  13.4   13:01   6.0   04:23  10.0   0.0   0.0   2.3  27.0   15:59   SSW
14   5.6  11.1   12:10   2.2   06:20  12.7   0.0   1.2   2.0  12.2   07:27    SW
15   4.9   6.8   15:37   3.6   06:50  13.4   0.0   2.1   1.8  13.3   13:04   NNE
16   6.0  11.1   14:21   3.9   07:53  12.3   0.0   0.3   1.5  15.8   12:17   SSW
17   5.2   7.8   12:29   2.7   01:11  13.1   0.0   0.0   0.6   7.2   12:12    NE
18   7.0  11.2   14:40   4.9   00:10  11.3   0.0   0.3   1.2  12.2   13:16    NE
19   7.2  14.3   16:19   1.5   23:31  11.1   0.0   0.0   1.7  20.9   15:16    NE
20   6.2  16.4   16:25   0.0   03:07  12.1   0.0   0.3   1.4  14.8   12:42    NE
21   7.1  17.1   16:32   1.5   05:48  11.2   0.0   0.0   0.7  12.2   14:17    NE
22   7.8  12.2   14:41   1.7   04:46  10.5   0.0   0.0   1.2  14.8   15:49   SSW
23  11.1  14.3   13:24   9.2   00:58   7.2   0.0   0.3   1.2  11.2   12:58    NE
24  10.1  21.8   13:24   2.5   07:22   8.3   0.1   0.0   0.5   8.6   14:14     N
25  12.8  22.7   14:49   6.7   23:17   6.1   0.4   0.0   1.5  13.3   11:23   NNE
26  11.5  20.6   13:50   7.1   20:46   7.0   0.2   0.0   1.7  12.2   13:02    NE
27   9.6  20.0   14:52   5.4   07:47   8.7   0.0   0.0   1.7  12.2   16:41    NE
28  10.9  17.1   15:15   8.1   06:30   7.4   0.0   6.0   1.5  14.8   12:38    SE
29  11.0  20.5   13:37   6.0   22:07   7.3   0.0   1.8   0.9  11.2   15:30     E
30  11.1  18.2   13:59   7.6   23:42   7.2   0.0   0.0   2.8  14.8   11:24   NNE
31   8.7  18.1   15:22   3.8   23:53   9.6   0.0   0.0   1.5  15.8   15:43   NNE
----------------------------------------------------------------------------------
    10.0  25.6     3     0.0    20   261.8   3.3  32.7   1.6  28.1     1      NE

Max >=  27.0:  0
Max <=   0.0:  0
Min <=   0.0:  1
Min <= -18.0:  0
Max Rain: 8.7 on day 6
Days of Rain: 13 (>= 0.2 mm)  5 (>= 2.0 mm)  0 (>= 20.0 mm)
Heat Base: 18.3  Cool Base: 18.3  Method: Integration
:now::gauges::today::yesterday::this month::this year::NOAA-style reports: :records::monthly records::trends::webcam:


Page updated 23.10.2017 00:35:01
powered by Cumulus v1.9.4 (1099)