Schwyzi's weather

 Latitude N 47° 32' 21"    Longitude E 07° 10' 18"    Elevation 385 m

Dawn: 07:30 Sunrise: 08:02 Moonrise: 11:23 Moon
Dusk: 19:00 Sunset:  18:29 Moonset: 20:53
Daylight: 11:30 Day length: 10:27 Moon Phase: Waxing Crescent

Report for 2015 Nov
                   Monthly Climatological Summary for Nov 2015

Name: Schwyzi's Wetter   City: 68580 Seppois le Bas   State: France
Elevation: 385 m  Lat: N 47 32' 21"   Lon: E 007 10' 18"

                  Temperature (C), Rain (mm), Wind Speed (km/h)

                                      Heat  Cool        Avg
    Mean                              Deg   Deg         Wind                 Dom
Day Temp  High   Time   Low    Time   Days  Days  Rain  Speed High   Time    Dir
----------------------------------------------------------------------------------
 1   7.5  18.0   15:36   3.0   00:30  10.8   0.0   0.3   1.8  13.3   18:44    NE
 2   8.9  19.7   14:17   5.8   08:44   9.4   0.0   0.0   1.6  15.8   14:57   ENE
 3   7.0  11.2   15:15   3.8   23:56  11.3   0.0   0.0   2.0  13.3   02:09   ENE
 4  10.0  17.9   14:07   2.9   01:03   8.3   0.0   0.9   0.5  11.2   06:46     E
 5  11.5  24.2   14:55   5.2   07:29   7.5   0.6   0.0   0.6   9.7   12:27     N
 6  12.9  22.2   13:48   7.6   07:37   5.9   0.5   0.0   1.4  17.3   12:45   SSW
 7  16.0  30.8   15:31  10.3   23:42   4.1   1.8   0.0   0.5  11.2   12:59    NE
 8  13.6  27.2   14:46   7.2   23:48   6.0   1.4   0.0   0.8  12.2   12:07    NE
 9  11.6  20.1   13:23   5.9   05:40   6.7   0.0   0.0   2.1  24.5   13:27    SW
10  11.7  18.1   12:51   3.8   23:33   6.6   0.0   0.0   2.5  19.4   12:58   SSW
11   8.0  18.5   15:36   2.5   23:44  10.3   0.0   0.0   1.5  17.3   10:09   SSW
12   6.5  18.9   14:07   0.4   06:24  11.8   0.0   0.3   1.4  17.3   13:16   ENE
13   8.7  13.1   14:20   2.3   00:07   9.6   0.0   0.6   2.5  20.9   23:44   SSW
14  10.4  14.0   12:58   6.7   07:20   7.9   0.0   0.0   4.1  29.5   23:38   SSW
15  11.1  18.9   15:32   5.0   21:58   7.2   0.0   0.0   3.4  27.0   12:57    SW
16   8.5  17.4   15:17   2.8   06:44   9.8   0.0   0.0   2.3  20.9   13:17   SSW
17  13.7  16.7   22:09   9.6   00:00   4.6   0.0   0.0   5.1  27.0   12:44   SSW
18  13.9  18.2   14:13  11.0   20:23   4.4   0.0   0.3   5.8  27.0   00:17    SW
19  14.5  16.1   13:01  12.8   07:16   3.8   0.0   0.0   6.7  39.2   23:15    SW
20  12.7  15.3   13:00   6.7   23:04   5.6   0.0  42.6   8.5  51.5   12:57    SW
21   3.6   6.7   00:00   1.0   18:22  14.7   0.0   2.1   4.3  30.6   12:32   SSW
22   2.6   6.3   14:35   0.0   19:25  15.7   0.0   0.3   3.6  18.4   01:02   SSW
23   1.1   9.7   14:18  -3.7   23:55  17.2   0.0   0.9   0.5   8.6   15:02   SSE
24  -0.6   3.8   13:42  -4.6   02:30  18.9   0.0   0.0   1.1  14.8   14:51   SSW
25   2.4   4.9   13:28   0.3   00:25  15.9   0.0  12.0   1.0  14.8   14:30   SSW
26   3.1   6.5   15:23   2.1   07:53  15.2   0.0   1.5   1.1  12.2   15:50   NNE
27   1.4   6.3   12:18  -2.7   23:46  16.9   0.0   0.3   2.2  17.3   00:54    NE
28   1.7   4.7   13:14  -2.7   00:00  16.6   0.0   0.6   2.1  14.8   12:10   SSW
29   6.8  10.1   23:28   3.7   00:00  11.5   0.0   7.8   6.2  37.8   13:11    SW
30   9.8  11.0   11:47   8.3   20:31   8.5   0.0   4.2   6.3  29.5   00:59    SW
----------------------------------------------------------------------------------
     8.4  30.8     7    -4.6    24   302.7   4.3  74.7   2.8  51.5    20     SSW

Max >=  27.0:  2
Max <=   0.0:  0
Min <=   0.0:  5
Min <= -18.0:  0
Max Rain: 42.6 on day 20
Days of Rain: 15 (>= 0.2 mm)  5 (>= 2.0 mm)  1 (>= 20.0 mm)
Heat Base: 18.3  Cool Base: 18.3  Method: Integration
:now::gauges::today::yesterday::this month::this year::NOAA-style reports: :records::monthly records::trends::webcam:


Page updated 23.10.2017 00:40:00
powered by Cumulus v1.9.4 (1099)