Schwyzi's weather

 Latitude N 47° 32' 21"    Longitude E 07° 10' 18"    Elevation 385 m

Dawn: 07:30 Sunrise: 08:02 Moonrise: 11:23 Moon
Dusk: 19:00 Sunset:  18:29 Moonset: 20:53
Daylight: 11:30 Day length: 10:27 Moon Phase: Waxing Crescent

Report for 2015 Dec
                   Monthly Climatological Summary for Dez 2015

Name: Schwyzi's Wetter   City: 68580 Seppois le Bas   State: France
Elevation: 385 m  Lat: N 47 32' 21"   Lon: E 007 10' 18"

                  Temperature (C), Rain (mm), Wind Speed (km/h)

                                      Heat  Cool        Avg
    Mean                              Deg   Deg         Wind                 Dom
Day Temp  High   Time   Low    Time   Days  Days  Rain  Speed High   Time    Dir
----------------------------------------------------------------------------------
 1   9.9  12.5   14:32   8.1   23:59   8.4   0.0   0.3   4.4  28.1   05:57    SW
 2   5.4  14.1   15:43  -1.1   23:34  12.9   0.0   0.0   1.0  11.2   10:45    NE
 3   0.2   5.6   14:35  -2.0   23:14  18.1   0.0   0.0   0.8   8.6   15:25   ENE
 4   2.5   6.8   13:25  -2.1   04:37  15.8   0.0   0.3   0.7   8.6   13:16     E
 5   5.5  14.2   14:07   0.8   08:31  12.8   0.0   0.0   1.2  15.8   14:49   NNW
 6   5.5  19.5   14:32  -0.7   06:35  13.0   0.0   0.3   1.1  17.3   12:42     E
 7   6.0  20.3   12:18   0.5   23:50  12.3   0.0   0.0   0.9  11.2   13:33   ENE
 8   5.0  20.6   14:24  -1.1   07:37  13.3   0.0   0.3   0.5   6.1   08:21     E
 9   6.1  12.3   14:34  -1.3   23:56  12.2   0.0   4.2   2.6  19.4   05:32   SSW
10   0.5   9.7   14:12  -2.4   04:18  17.8   0.0   0.0   1.3  15.8   09:56     E
11   2.8  10.1   14:07  -3.7   05:58  15.5   0.0   0.3   1.9  24.5   14:19   SSW
12   6.7  12.4   14:20  -0.2   23:28  11.6   0.0   0.0   1.9  18.4   10:58   SSW
13   3.7  11.5   11:45  -1.5   23:16  14.6   0.0   0.0   0.8  11.2   10:30     S
14   1.6  14.9   14:31  -3.1   07:55  16.7   0.0   0.0   0.3   6.1   14:08   SSE
15   4.0  11.8   13:46  -1.1   03:52  14.3   0.0   0.3   0.5   6.1   02:27     E
16   9.6  13.7   13:27   5.2   00:00   8.7   0.0   2.7   2.0  20.9   14:43   SSW
17  10.2  21.0   13:59   3.5   23:14   8.2   0.1   0.0   0.6   8.6   13:40     E
18   7.5  15.7   13:18   3.6   00:00  10.8   0.0   0.0   0.6   6.1   13:29   ENE
19   6.6  18.3   14:26   1.4   23:31  11.7   0.0   0.0   0.3   6.1   14:27     E
20   6.0  20.9   13:54   0.6   02:44  12.3   0.0   0.0   0.5   7.2   12:59     E
21   7.8  12.8   14:42   3.9   19:04  10.5   0.0   3.6   2.1  29.5   07:07     S
22   7.3  15.2   13:19   1.5   23:55  11.0   0.0   0.0   0.9  11.2   04:52   SSE
23   5.9  13.1   11:58  -0.5   06:36  12.4   0.0   0.0   0.9  15.8   12:09     S
24   6.9  18.0   12:14   1.5   05:27  11.4   0.0   0.0   0.5   8.6   15:39     E
25   6.5  16.9   14:24   1.6   07:59  11.8   0.0   0.0   0.9  13.3   13:12     S
26   4.3  17.1   14:44   0.2   05:29  14.0   0.0   0.3   0.8  12.2   14:11    SE
27   2.9  14.4   14:45  -1.1   23:58  15.4   0.0   0.0   0.8   9.7   13:40   SSE
28   1.5  15.8   14:09  -3.2   08:20  16.8   0.0   0.3   0.5   7.2   13:43     E
29   2.9  14.3   12:09  -3.6   08:12  15.4   0.0   0.3   0.6   8.6   13:26    SE
30   2.7  11.0   14:35  -2.3   23:13  15.6   0.0   0.0   1.3  18.4   11:01   ENE
31   3.9   8.5   14:31 -16.0   12:42  14.4   0.0   2.1   0.6 160.0   12:42   ESE
----------------------------------------------------------------------------------
     5.1  21.0    17   -16.0    31   409.7   0.1  15.3   1.1 160.0    31     SSE

Max >=  27.0:  0
Max <=   0.0:  0
Min <=   0.0: 18
Min <= -18.0:  0
Max Rain: 4.2 on day 9
Days of Rain: 13 (>= 0.2 mm)  4 (>= 2.0 mm)  0 (>= 20.0 mm)
Heat Base: 18.3  Cool Base: 18.3  Method: Integration
:now::gauges::today::yesterday::this month::this year::NOAA-style reports: :records::monthly records::trends::webcam:


Page updated 23.10.2017 00:35:01
powered by Cumulus v1.9.4 (1099)