Schwyzi's weather

 Latitude N 47° 32' 21"    Longitude E 07° 10' 18"    Elevation 385 m

Dawn: 07:30 Sunrise: 08:02 Moonrise: 11:23 Moon
Dusk: 19:00 Sunset:  18:29 Moonset: 20:53
Daylight: 11:30 Day length: 10:27 Moon Phase: Waxing Crescent

Report for 2016
                   Annual Climatological Summary for 2016

Name: Schwyzi's Wetter   City: 68580 Seppois le Bas   State: France
Elevation: 385 m  Lat: N 47 32' 21"   Lon: E 007 10' 18"

                  Temperature (C), Heat Base: 18.3  Cool Base: 18.3
                          Dep.  Heat  Cool                       Max  Max  Min  Min
        Mean  Mean        From  Deg   Deg                        >=   <=   <=   <=
 YR MO  Max   Min   Mean  Norm  Days  Days  Hi  Date  Low  Date 27.0  0.0  0.0 -18.0
------------------------------------------------------------------------------------
 16  1   8.3  -1.7   3.5   0.0   458     0  21.3  25 -25.6    3    0    2   15    2
 16  2   7.0   1.6   3.8   0.0   421     0  19.5   6  -3.2   27    0    0    7    0
 16  3  11.8  -0.4   5.3   0.0   402     0  22.2  30 -20.3   24    0    0   17    1
 16  4  16.4   4.5   9.6   0.0   262     2  25.2  21  -1.2   28    0    0    2    0
 16  5  21.5   8.1  14.3   0.0   155    30  31.9  28   1.1    4    7    0    0    0
 16  6  25.4  13.0  18.3   0.0    60    60  39.3  23   8.9   20    9    0    0    0
 16  7  29.0  13.8  21.1   0.0    39   125  38.6  20   6.6   16   22    0    0    0
 16  8  29.9  13.2  20.9   0.0    40   118  40.6  25   6.7   11   21    0    0    0
 16  9  27.0  11.2  17.8   0.0    86    69  34.6  13   5.3   22   14    0    0    0
 16 10  16.0   3.1   9.5   0.0   274     1  23.5   3 -17.2   15    0    0    3    0
 16 11  10.6   1.5   5.5   0.0   386     0  21.8   1  -6.7   30    0    0   10    0
 16 12   7.7  -2.7   0.8   0.0   541     0  16.1   8  -6.3   30    0    1   26    0
------------------------------------------------------------------------------------
        17.5   5.4  10.9   0.0  3128   410  40.6 Aug -25.6  Jan   73    3   80    3

                                Precipitation (mm)

              Dep.   Max        Days of Rain
              From   Obs.           >=
 YR MO Total  Norm   Day Date  0.2  2.0 20.0
---------------------------------------------
 16  1 174.6   0.0  35.1  31    23   17    1
 16  2 104.7   0.0  15.0  25    18   12    0
 16  3  56.7   0.0  12.0   2    17    9    0
 16  4 168.3   0.0  24.9  17    18   11    3
 16  5 134.4   0.0  22.2  13    18   13    3
 16  6 144.0   0.0  18.3  11    20   16    0
 16  7  49.2   0.0  18.9  14    10    6    0
 16  8  31.5   0.0  12.0   8     8    6    0
 16  9  43.2   0.0  17.7  18     8    6    0
 16 10  68.1   0.0  16.5  25    20   11    0
 16 11  78.6   0.0  17.1  10    14    8    0
 16 12   4.8   0.0   1.8  24     7    0    0
---------------------------------------------
      1058.1   0.0  35.1  Jan  181  115    7

                                Wind Speed (km/h)
                          Dom
 YR MO   Avg.  Hi   Date  Dir
------------------------------
 16  1   2.5 158.0   20     S
 16  2   3.3  51.5    9     S
 16  3   0.0  45.4   28   ---
 16  4   2.7  36.7   16   SSE
 16  5   2.6  39.2   29     S
 16  6   2.3  37.8   24   SSW
 16  7   2.3  31.7    8   SSW
 16  8   2.0  28.1   17   NNE
 16  9   1.6  27.0    4   NNE
 16 10   1.9  30.6    6    NE
 16 11   2.4  33.1   20     E
 16 12   1.3  24.5   25   ENE
------------------------------
         2.1 158.0  Jan   SSE
:now::gauges::today::yesterday::this month::this year::NOAA-style reports: :records::monthly records::trends::webcam:


Page updated 23.10.2017 00:35:01
powered by Cumulus v1.9.4 (1099)