Schwyzi's weather

 Latitude N 47° 32' 21"    Longitude E 07° 10' 18"    Elevation 385 m

Dawn: 07:30 Sunrise: 08:02 Moonrise: 11:23 Moon
Dusk: 19:00 Sunset:  18:29 Moonset: 20:53
Daylight: 11:30 Day length: 10:27 Moon Phase: Waxing Crescent

Report for 2016 Jan
                   Monthly Climatological Summary for Jan 2016

Name: Schwyzi's Wetter   City: 68580 Seppois le Bas   State: France
Elevation: 385 m  Lat: N 47 32' 21"   Lon: E 007 10' 18"

                  Temperature (C), Rain (mm), Wind Speed (km/h)

                                      Heat  Cool        Avg
    Mean                              Deg   Deg         Wind                 Dom
Day Temp  High   Time   Low    Time   Days  Days  Rain  Speed High   Time    Dir
----------------------------------------------------------------------------------
 1   5.2  10.2   13:30   2.6   21:03  13.1   0.0   0.0   2.3  18.4   14:38   ENE
 2   5.1   7.0   14:15   2.6   00:15  13.2   0.0   8.1   0.8  13.3   11:45     S
 3   5.3   8.9   13:34 -25.6   22:21  13.0   0.0   6.9   1.1  17.3   05:20     S
 4   5.6   8.7   13:35   1.4   22:22  12.7   0.0  14.4   3.2  27.0   06:38   SSW
 5   5.5  11.2   14:28   2.6   00:00  12.8   0.0   6.0   2.2  25.6   21:59   SSW
 6   5.1   9.2   13:40   2.3   06:31  13.2   0.0   2.7   1.5  18.4   14:29   SSW
 7   5.1   9.5   17:10   1.2   08:49  13.2   0.0  11.4   2.6  28.1   18:52   SSW
 8   5.6   7.7   12:45   4.0   08:45  12.6   0.0  13.5   2.0  23.4   00:12     E
 9   5.4   8.6   15:15   2.0   22:45  12.9   0.0   3.6   0.3   3.6   18:45     E
10   6.1   9.0   13:17   2.4   00:15  12.2   0.0   8.4   2.2  15.8   05:17   SSW
11   6.1  10.0   14:17   3.8   06:47  12.2   0.0  19.5   4.0  23.4   20:17    SW
12   5.4   8.1   13:47   3.2   22:47  12.9   0.0  13.8   8.2  37.8   04:47   SSW
13   3.2   5.1   14:47  -1.3   23:40  15.0   0.0   2.1   3.3  28.1   05:17   SSW
14   0.6   4.1   12:08  -2.8   07:47  17.7   0.0   0.9   1.7  24.5   23:29   SSW
15   2.0   4.0   11:51   0.2   21:21  16.3   0.0   0.6   8.0  33.1   12:21    SW
16   0.7   3.1   12:49  -0.7   23:57  17.6   0.0   0.6   4.1  22.0   13:07   SSW
17  -0.7   3.5   13:39  -6.2   23:58  19.0   0.0   0.3   3.9  23.4   08:28   SSW
18  -3.8  -0.7   12:18  -6.3   00:11  22.1   0.0   0.0   4.2  19.4   07:21   ENE
19  -1.6  -0.4   21:54  -3.2   00:00  19.9   0.0   0.0   1.4  12.2   00:48    NE
20  -1.7   0.1   16:49  -3.7   23:59  20.0   0.0   0.0   2.3 158.0   16:49    NE
21  -2.7   3.4   14:35  -5.7   02:36  21.0   0.0   0.0   2.4  14.8   13:38    NE
22  -1.1   8.5   14:35  -6.5   08:56  19.4   0.0   1.8   0.9   9.7   01:34     E
23   3.8  13.6   15:55  -2.0   22:15  14.5   0.0   3.3   1.0  12.2   11:05     S
24   2.2   6.3   13:51  -1.9   04:59  16.1   0.0   0.3   0.5   9.7   12:32     E
25   4.4  21.3   14:46  -1.8   06:57  14.0   0.1   0.0   0.7   9.7   11:24     E
26   5.0  18.8   14:50 -19.4   09:39  13.3   0.0   0.0   1.8 158.0   09:39   ESE
27   5.7  14.4   14:58   0.1   02:24  12.6   0.0   0.0   0.7   9.7   12:36     E
28   7.6  12.8   12:12   2.6   03:43  10.7   0.0   3.6   0.6   8.6   13:41   NNE
29   5.9   8.1   01:57   0.6   21:21  12.4   0.0   2.1   2.2  15.8   11:45   SSW
30   5.8  10.4   15:03  -0.3   03:58  12.5   0.0  15.6   5.9  35.6   17:49   SSW
31   8.1  12.9   23:22   4.4   07:39  10.2   0.0  35.1   4.9  30.6   22:21   SSW
----------------------------------------------------------------------------------
     3.5  21.3    25   -25.6     3   458.3   0.1 174.6   2.5 158.0    20     SSW

Max >=  27.0:  0
Max <=   0.0:  2
Min <=   0.0: 15
Min <= -18.0:  2
Max Rain: 35.1 on day 31
Days of Rain: 23 (>= 0.2 mm)  17 (>= 2.0 mm)  1 (>= 20.0 mm)
Heat Base: 18.3  Cool Base: 18.3  Method: Integration
:now::gauges::today::yesterday::this month::this year::NOAA-style reports: :records::monthly records::trends::webcam:


Page updated 23.10.2017 00:45:00
powered by Cumulus v1.9.4 (1099)