Schwyzi's weather

 Latitude N 47° 32' 21"    Longitude E 07° 10' 18"    Elevation 385 m

Dawn: 07:30 Sunrise: 08:02 Moonrise: 11:23 Moon
Dusk: 19:00 Sunset:  18:29 Moonset: 20:53
Daylight: 11:30 Day length: 10:27 Moon Phase: Waxing Crescent

Report for 2016 Feb
                   Monthly Climatological Summary for Feb 2016

Name: Schwyzi's Wetter   City: 68580 Seppois le Bas   State: France
Elevation: 385 m  Lat: N 47 32' 21"   Lon: E 007 10' 18"

                  Temperature (C), Rain (mm), Wind Speed (km/h)

                                      Heat  Cool        Avg
    Mean                              Deg   Deg         Wind                 Dom
Day Temp  High   Time   Low    Time   Days  Days  Rain  Speed High   Time    Dir
----------------------------------------------------------------------------------
 1  11.2  12.8   03:20  10.1   14:25   7.1   0.0   1.2   7.4  30.6   03:37   SSW
 2  10.3  11.3   15:14   9.3   10:42   8.0   0.0   0.0   5.3  37.8   15:40    SW
 3   4.8   9.3   00:00   1.8   20:57  13.5   0.0  11.4   4.3  25.6   14:11   SSW
 4   4.1   6.5   23:46   2.2   03:25  14.2   0.0   3.6   5.6  27.0   21:30   SSW
 5   7.0  14.3   13:03   0.5   23:39  11.3   0.0   0.3   2.2  18.4   01:38   WSW
 6   5.4  19.5   15:57  -0.8   07:39  13.0   0.0   0.0   0.8   8.6   14:19     E
 7   4.1   6.4   10:48   1.2   01:57  14.2   0.0   5.7   2.6  24.5   11:35     S
 8   9.4  13.9   14:58   5.2   00:00   8.9   0.0  12.9   8.5  46.4   13:24   SSW
 9   8.7  13.3   12:08   2.9   21:35   9.6   0.0   8.1   7.3  51.5   17:07   SSW
10   3.1   6.3   13:34   1.2   04:31  15.2   0.0   5.1   6.6  31.7   05:47    SW
11   4.0  10.1   13:55   1.3   00:48  14.3   0.0   0.0   1.9  17.3   12:14   SSW
12   2.0   5.6   12:43  -0.6   08:07  16.3   0.0  14.4   2.1  18.4   13:56   ENE
13   7.0  10.5   12:39   3.5   00:00  11.3   0.0   8.7   4.3  45.4   22:58   SSW
14   5.6   8.6   00:25   3.1   11:23  12.7   0.0  10.8   3.1  34.2   00:36   SSW
15   2.9   4.4   00:11   1.7   23:29  15.4   0.0   0.6   2.6  18.4   07:38   SSW
16   1.1   1.7   00:00   0.3   23:54  17.2   0.0   0.0   9.2  20.9   03:10    NE
17   0.7   1.7   15:06  -0.6   07:12  17.6   0.0   0.3   1.6  15.8   00:12    NE
18   1.7   1.7   00:00   1.7   00:00  16.6   0.0   0.0   0.0   1.1   00:00   ---
19   1.7   1.7   00:00   1.7   00:00  16.6   0.0   0.0   0.0   1.1   00:00   ---
20   1.7   1.7   00:00   1.7   00:00  16.6   0.0   0.0   0.0   1.1   00:00   ---
21   1.7   1.7   00:00   1.7   00:00  16.6   0.0   0.0   0.0   1.1   00:00   ---
22   1.7   1.7   00:00   1.7   00:00  16.6   0.0   0.0   0.0   1.1   00:00   ---
23   1.6   1.7   00:00   0.6   22:38  17.4   0.0   0.0   0.1  15.8   23:38    NE
24   0.9   5.6   16:11  -0.6   09:38  17.6   0.0   1.8   2.4  17.3   16:26    NE
25   2.0   7.0   13:53  -0.1   23:37  16.2   0.0  15.0   0.7   8.6   00:26    NE
26   0.7   6.7   14:28  -2.7   06:07  18.2   0.0   2.1   1.3  11.2   13:45   ENE
27   1.8   9.3   14:47  -3.2   01:50  16.5   0.0   0.3   3.7  22.0   10:23    NE
28   1.9   4.7   15:06   0.1   06:44  16.4   0.0   0.0   4.6  23.4   23:42    NE
29   1.6   2.4   13:28   0.9   18:41  16.7   0.0   2.4   5.0  33.1   01:50   NNE
----------------------------------------------------------------------------------
     3.8  19.5     6    -3.2    27   421.8   0.0 104.7   3.3  51.5     9     SSW

Max >=  27.0:  0
Max <=   0.0:  0
Min <=   0.0:  7
Min <= -18.0:  0
Max Rain: 15.0 on day 25
Days of Rain: 18 (>= 0.2 mm)  12 (>= 2.0 mm)  0 (>= 20.0 mm)
Heat Base: 18.3  Cool Base: 18.3  Method: Integration
:now::gauges::today::yesterday::this month::this year::NOAA-style reports: :records::monthly records::trends::webcam:


Page updated 23.10.2017 00:35:01
powered by Cumulus v1.9.4 (1099)