Schwyzi's weather

 Latitude N 47° 32' 21"    Longitude E 07° 10' 18"    Elevation 385 m

Dawn: 07:30 Sunrise: 08:02 Moonrise: 11:23 Moon
Dusk: 19:00 Sunset:  18:29 Moonset: 20:53
Daylight: 11:30 Day length: 10:27 Moon Phase: Waxing Crescent

Report for 2016 Mar
                   Monthly Climatological Summary for Mrz 2016

Name: Schwyzi's Wetter   City: 68580 Seppois le Bas   State: France
Elevation: 385 m  Lat: N 47 32' 21"   Lon: E 007 10' 18"

                  Temperature (C), Rain (mm), Wind Speed (km/h)

                                      Heat  Cool        Avg
    Mean                              Deg   Deg         Wind                 Dom
Day Temp  High   Time   Low    Time   Days  Days  Rain  Speed High   Time    Dir
----------------------------------------------------------------------------------
 1   3.2   8.1   14:37   0.2   07:33  15.1   0.0   1.5   3.2  23.4   13:07   SSW
 2   4.8  10.2   11:08   0.7   22:26  13.5   0.0  12.0   4.1  40.3   13:36   SSW
 3   2.5   6.4   13:15   0.5   05:23  15.8   0.0   2.7   4.4  30.6   13:40   SSW
 4   2.7   6.2   17:22  -1.4   03:05  15.6   0.0   8.7   0.9  12.2   14:31     N
 5   5.0   8.5   14:49   2.4   23:53  13.3   0.0   6.3   2.6  25.6   18:31     S
 6   2.1   5.6   13:47   0.0   21:33  16.2   0.0   2.1   4.6  25.6   15:08   SSW
 7   0.8   5.1   12:07  -3.2   07:19  17.5   0.0   2.4   1.0  17.3   11:57   WSW
 8   1.1   3.9   10:26  -1.4   23:52  17.2   0.0   6.9   1.5  14.8   11:03    SW
 9   2.2  10.8   15:06  -4.6   05:47  16.1   0.0   1.5   2.0  15.8   13:15   ENE
10   4.6  12.8   14:18  -2.5   06:11  13.7   0.0   0.0   2.7  19.4   14:26    NE
11   3.7   8.7   13:47  -1.1   05:49  14.6   0.0   0.0   2.9  20.9   16:08    NE
12   5.4   8.1   13:54   2.6   07:06  12.9   0.0   0.0   3.7  18.4   13:07    NE
13   4.8   8.5   15:12   2.0   05:18  13.5   0.0   0.0   6.4  34.2   15:34    NE
14   4.5   9.4   16:47  -1.2   23:42  13.8   0.0   0.0   5.3  27.0   13:56    NE
15   2.3  11.5   13:39  -3.7   06:53  16.0   0.0   1.8   3.3  22.0   16:55    NE
16   3.6   7.9   16:38   1.0   06:07  14.7   0.0   0.0   6.6  27.0   10:39    NE
17   5.1  15.4   16:21  -2.6   06:28  13.2   0.0   0.0   2.2  17.3   12:19    NE
18   6.3  19.0   16:35  -2.6   06:00  12.0   0.0   0.0   2.2  17.3   14:09    NE
19   5.2  13.8   16:13  -1.9   05:43  13.1   0.0   0.0   3.2  18.4   13:16    NE
20   4.7  12.8   16:28   0.5   23:56  13.6   0.0   0.0   3.1  15.8   07:07    NE
21   5.2  13.4   17:01  -0.6   00:47  13.1   0.0   0.0   2.8  18.4   15:22    NE
22   6.2  13.1   15:11  -1.5   06:23  12.1   0.0   0.0   4.8  31.7   12:12   NNE
23   5.3  10.8   14:21  -0.2   02:11  13.0   0.0   0.0   2.9  27.0   13:21   NNE
24   6.7  17.0   15:13 -20.3   04:38  11.6   0.0   0.0   1.7  18.4   11:56   ESE
25   6.8   8.7   10:39   4.4   00:46  11.5   0.0   2.1   3.0  29.5   12:52   SSW
26  11.0  20.2   15:25   3.4   23:52   7.4   0.1   0.9   2.4  18.4   16:39    NE
27   6.7  12.4   18:33   1.3   23:58  11.1   0.0   1.8   3.3  25.6   08:13   SSW
28   8.2  17.7   17:17  -0.7   05:57  10.1   0.0   0.9   4.8  45.4   21:50   SSW
29  10.5  15.8   15:30   6.8   07:26   7.8   0.0   3.6   4.7  27.0   01:04   SSW
30  11.7  22.2   17:49   6.4   01:14   6.8   0.2   1.2   1.7  24.5   14:46   SSE
31  12.4  21.6   17:04   5.7   02:26   6.2   0.3   0.3   1.8  13.3   13:16   NNE
----------------------------------------------------------------------------------
     5.3  22.2    30   -20.3    24   402.1   0.6  56.7   3.2  45.4    28     ENE

Max >=  27.0:  0
Max <=   0.0:  0
Min <=   0.0: 17
Min <= -18.0:  1
Max Rain: 12.0 on day 2
Days of Rain: 17 (>= 0.2 mm)  9 (>= 2.0 mm)  0 (>= 20.0 mm)
Heat Base: 18.3  Cool Base: 18.3  Method: Integration
:now::gauges::today::yesterday::this month::this year::NOAA-style reports: :records::monthly records::trends::webcam:


Page updated 23.10.2017 00:45:00
powered by Cumulus v1.9.4 (1099)