Schwyzi's weather

 Latitude N 47° 32' 21"    Longitude E 07° 10' 18"    Elevation 385 m

Dawn: 07:30 Sunrise: 08:02 Moonrise: 11:23 Moon
Dusk: 19:00 Sunset:  18:29 Moonset: 20:53
Daylight: 11:30 Day length: 10:27 Moon Phase: Waxing Crescent

Report for 2016 Apr
                   Monthly Climatological Summary for Apr 2016

Name: Schwyzi's Wetter   City: 68580 Seppois le Bas   State: France
Elevation: 385 m  Lat: N 47 32' 21"   Lon: E 007 10' 18"

                  Temperature (C), Rain (mm), Wind Speed (km/h)

                                      Heat  Cool        Avg
    Mean                              Deg   Deg         Wind                 Dom
Day Temp  High   Time   Low    Time   Days  Days  Rain  Speed High   Time    Dir
----------------------------------------------------------------------------------
 1   8.7  12.7   00:55   6.7   22:42   9.6   0.0   0.6   4.6  28.1   03:29   SSW
 2   9.7  15.0   16:22   6.4   05:48   8.6   0.0   0.0   3.5  17.3   10:25    NE
 3  13.3  19.7   13:30   7.0   06:43   5.1   0.1   0.0   1.6  18.4   13:08   NNE
 4  13.7  20.9   15:19   8.3   06:30   4.7   0.1   0.0   2.3  22.0   11:25     S
 5  11.2  14.3   13:01   8.9   23:46   7.1   0.0  21.6   1.0  14.8   19:58   SSW
 6  12.0  18.8   17:11   7.7   04:52   6.3   0.0   0.6   2.8  23.4   15:19    SW
 7   8.6  11.7   14:55   5.6   23:58   9.7   0.0   0.9   3.1  20.9   14:44   SSW
 8   6.8  11.8   14:59   1.7   05:18  11.5   0.0   0.0   1.2  12.2   11:43   ENE
 9   8.0  11.8   14:50   5.3   03:21  10.3   0.0   0.0   1.0  12.2   11:41    NE
10  10.8  21.1   17:57   1.3   07:05   7.6   0.2   0.0   3.4  29.5   13:57    NE
11  11.2  21.0   13:51   3.5   06:28   7.2   0.1   2.4   2.4  23.4   14:54   ENE
12  12.2  21.3   14:21   5.6   07:12   6.2   0.1   4.5   2.0  23.4   15:40   SSE
13  10.6  17.7   15:36   8.1   21:34   7.7   0.0  12.0   2.3  24.5   16:23     S
14  11.8  22.3   17:15   7.0   01:55   6.6   0.1   0.3   2.0  15.8   15:26   SSE
15  10.7  15.6   17:46   8.8   04:20   7.6   0.0  16.5   1.2  15.8   10:14     S
16  12.7  18.5   12:19  10.1   00:00   5.6   0.0  19.5   3.3  36.7   12:24   SSW
17   8.4  10.5   00:48   5.7   23:03   9.9   0.0  24.9   2.4  22.0   07:55   ENE
18   6.4  12.2   14:36   3.4   23:58  11.9   0.0   5.7   1.2  11.2   05:18     S
19   9.2  19.8   17:07  -0.1   06:29   9.1   0.0   0.0   2.6  17.3   11:44    NE
20  11.3  21.4   17:41   2.4   04:36   7.3   0.3   0.0   4.3  27.0   13:00    NE
21  13.8  25.2   17:27   3.4   05:42   5.7   1.2   0.0   2.0  14.8   16:42    NE
22  14.3  22.0   15:40   6.8   06:41   4.6   0.7   0.0   2.1  18.4   16:40    NW
23   9.6  13.9   09:59   4.7   23:33   8.6   0.0  15.6   2.1  25.6   20:56    NE
24   5.7  12.3   14:53   2.7   06:30  12.6   0.0   1.2   3.2  24.5   17:14   SSW
25   4.7   8.6   14:46   0.8   06:46  13.6   0.0   0.3   5.3  27.0   19:01   SSW
26   5.2   9.9   12:25   1.5   21:54  13.1   0.0  23.4   4.9  30.6   04:35   SSW
27   4.8  11.6   18:12   0.3   23:54  13.5   0.0   1.5   4.6  28.1   11:59   SSW
28   6.3  13.6   18:45  -1.2   04:27  12.0   0.0   0.0   2.9  24.5   12:10     W
29   9.0  18.8   16:48   0.2   03:25   9.3   0.0   0.0   2.3  20.9   17:04   WNW
30   8.6  18.4   12:11   2.0   04:07   9.7   0.0  16.8   1.9  19.4   16:44   NNE
----------------------------------------------------------------------------------
     9.6  25.2    21    -1.2    28   262.3   2.9 168.3   2.7  36.7    16       S

Max >=  27.0:  0
Max <=   0.0:  0
Min <=   0.0:  2
Min <= -18.0:  0
Max Rain: 24.9 on day 17
Days of Rain: 18 (>= 0.2 mm)  11 (>= 2.0 mm)  3 (>= 20.0 mm)
Heat Base: 18.3  Cool Base: 18.3  Method: Integration
:now::gauges::today::yesterday::this month::this year::NOAA-style reports: :records::monthly records::trends::webcam:


Page updated 23.10.2017 00:40:00
powered by Cumulus v1.9.4 (1099)