Schwyzi's weather

 Latitude N 47° 32' 21"    Longitude E 07° 10' 18"    Elevation 385 m

Dawn: 07:30 Sunrise: 08:02 Moonrise: 11:23 Moon
Dusk: 19:00 Sunset:  18:29 Moonset: 20:53
Daylight: 11:30 Day length: 10:27 Moon Phase: Waxing Crescent

Report for 2016 May
                   Monthly Climatological Summary for Mai 2016

Name: Schwyzi's Wetter   City: 68580 Seppois le Bas   State: France
Elevation: 385 m  Lat: N 47 32' 21"   Lon: E 007 10' 18"

                  Temperature (C), Rain (mm), Wind Speed (km/h)

                                      Heat  Cool        Avg
    Mean                              Deg   Deg         Wind                 Dom
Day Temp  High   Time   Low    Time   Days  Days  Rain  Speed High   Time    Dir
----------------------------------------------------------------------------------
 1   6.7   9.9   17:20   5.0   10:30  11.6   0.0  15.6   2.1  17.3   21:12   SSW
 2  12.3  21.9   18:44   6.7   07:00   6.3   0.3   0.6   2.2  18.4   15:50    NE
 3   9.9  16.5   11:02   5.1   05:02   8.3   0.0   0.9   2.5  18.4   11:02    SW
 4  10.2  18.9   18:02   1.1   06:32   8.2   0.0   0.0   2.9  19.4   17:02    NE
 5  11.9  22.0   18:23   1.8   05:32   6.9   0.5   0.0   4.4  30.6   13:03   ENE
 6  15.6  27.4   17:37   3.9   05:50   5.2   2.5   0.0   2.4  18.4   14:07    NE
 7  17.0  28.4   16:38   6.5   06:07   4.0   2.7   0.0   2.0  19.4   13:32    NE
 8  17.3  27.3   16:35   6.5   05:34   3.7   2.7   0.0   2.4  19.4   15:37    NE
 9  17.5  24.2   16:32  11.5   03:17   2.3   1.5   0.9   1.6  14.8   15:23   ENE
10  16.7  23.2   13:59  13.4   05:08   2.3   0.7  11.7   1.6  28.1   14:41   NNE
11  15.4  18.7   10:27  12.0   03:58   2.9   0.0   0.0   1.7  15.8   15:11   SSW
12  13.3  18.2   13:26  11.0   05:51   5.0   0.0  21.0   2.4  23.4   23:28   SSW
13  13.7  17.8   16:59  11.7   02:39   4.6   0.0  22.2   2.7  22.0   01:55   SSW
14  13.2  17.4   13:52   8.4   23:58   5.1   0.0   2.4   3.2  24.5   17:07   SSW
15   9.5  14.3   14:20   4.7   23:55   8.8   0.0   0.0   3.4  24.5   16:44   SSW
16   9.4  16.1   14:39   3.2   01:17   8.9   0.0   3.3   2.6  28.1   13:26   SSW
17  12.5  20.6   17:03   6.5   04:26   5.9   0.2   0.0   2.3  20.9   14:46   WSW
18  13.9  24.3   14:31   4.0   05:45   5.2   0.8   8.4   1.8  35.6   21:24    NE
19  11.6  17.7   17:23   7.9   23:59   6.8   0.0   6.3   3.5  29.5   01:19   SSW
20  13.9  22.0   15:32   4.6   06:20   5.1   0.7   0.0   2.5  22.0   14:14   WSW
21  18.2  29.6   17:11   7.6   06:06   3.5   3.3   0.0   2.0  15.8   14:37   NNE
22  17.0  25.4   11:22  10.2   05:35   3.0   1.7   3.3   3.8  29.5   14:59   SSW
23  10.4  13.2   12:32   8.6   06:29   7.9   0.0  21.0   3.8  20.9   12:49   SSW
24  11.9  15.0   18:27   9.3   05:33   6.4   0.0   1.2   3.4  19.4   05:01   SSW
25  14.8  22.4   16:07   8.1   01:54   4.1   0.7   0.0   2.0  13.3   11:38    NE
26  18.5  29.1   16:51   8.1   05:52   3.0   3.2   0.0   1.8  17.3   13:48   NNE
27  21.0  31.2   18:18  12.2   05:37   1.6   4.3   0.0   1.7  14.8   11:07   NNE
28  21.1  31.9   18:28  14.9   05:34   0.8   3.6   4.2   1.7  25.6   22:27    NE
29  16.4  20.9   10:19  12.3   05:15   2.3   0.3   6.9   1.9  39.2   01:09   SSW
30  15.9  18.6   15:28  14.0   23:56   2.4   0.0   0.3   4.7  30.6   13:46   SSW
31  15.8  21.7   16:36  11.6   23:52   2.9   0.4   4.2   2.8  23.4   16:15   SSW
----------------------------------------------------------------------------------
    14.3  31.9    28     1.1     4   155.0  30.1 134.4   2.6  39.2    29       S

Max >=  27.0:  7
Max <=   0.0:  0
Min <=   0.0:  0
Min <= -18.0:  0
Max Rain: 22.2 on day 13
Days of Rain: 18 (>= 0.2 mm)  13 (>= 2.0 mm)  3 (>= 20.0 mm)
Heat Base: 18.3  Cool Base: 18.3  Method: Integration
:now::gauges::today::yesterday::this month::this year::NOAA-style reports: :records::monthly records::trends::webcam:


Page updated 23.10.2017 00:40:00
powered by Cumulus v1.9.4 (1099)