Schwyzi's weather

 Latitude N 47° 32' 21"    Longitude E 07° 10' 18"    Elevation 385 m

Dawn: 07:30 Sunrise: 08:02 Moonrise: 11:23 Moon
Dusk: 19:00 Sunset:  18:29 Moonset: 20:53
Daylight: 11:30 Day length: 10:27 Moon Phase: Waxing Crescent

Report for 2016 Jun
                   Monthly Climatological Summary for Jun 2016

Name: Schwyzi's Wetter   City: 68580 Seppois le Bas   State: France
Elevation: 385 m  Lat: N 47 32' 21"   Lon: E 007 10' 18"

                  Temperature (C), Rain (mm), Wind Speed (km/h)

                                      Heat  Cool        Avg
    Mean                              Deg   Deg         Wind                 Dom
Day Temp  High   Time   Low    Time   Days  Days  Rain  Speed High   Time    Dir
----------------------------------------------------------------------------------
 1  16.3  25.5   15:14   9.6   03:56   3.1   1.1   0.0   2.0  14.8   14:45   SSW
 2  15.7  19.7   17:10  13.2   06:28   2.7   0.1   9.9   1.4  12.2   10:08   SSW
 3  16.1  21.6   16:45  13.4   05:53   2.5   0.3   0.9   2.3  18.4   15:09   SSW
 4  16.4  22.4   17:55  13.3   06:13   2.4   0.5   3.3   3.1  23.4   15:46   SSW
 5  18.3  25.9   17:00  14.0   05:43   1.6   1.6   0.0   1.5  13.3   17:39   NNE
 6  20.1  30.0   17:24  11.8   05:06   1.7   3.6   0.0   2.2  18.4   13:35    NE
 7  20.1  27.2   11:18  13.5   05:28   1.2   3.1   0.0   1.4  18.4   13:00     N
 8  18.1  24.9   12:56  14.6   23:21   1.2   1.0   8.1   2.3  27.0   15:36   SSW
 9  18.7  26.7   16:56  14.9   00:22   1.6   1.9   2.4   1.9  20.9   15:43   NNE
10  19.9  29.7   16:37  10.4   05:35   1.9   3.5   0.0   1.8  13.3   13:04   NNE
11  17.0  24.6   13:57  14.1   23:57   1.7   0.4  18.3   2.1  22.0   14:29   SSW
12  15.9  19.2   12:24  13.8   01:17   2.4   0.0   3.6   3.3  24.5   13:07   SSW
13  15.2  18.3   14:44  13.0   22:46   3.1   0.0  13.2   2.6  22.0   09:45   SSW
14  14.7  17.8   12:29  12.0   23:31   3.6   0.0   6.3   2.8  30.6   14:08   SSW
15  15.0  21.7   16:51  11.2   02:13   3.7   0.4   9.9   1.9  23.4   16:09   SSW
16  14.6  20.7   13:04  11.3   00:42   3.8   0.1  14.4   1.3  12.2   19:23    NE
17  15.4  23.9   17:02  11.8   03:03   3.3   0.3  11.4   2.7  28.1   11:10     S
18  15.6  21.3   12:14  12.0   04:55   3.0   0.2   5.7   1.8  15.8   10:51   SSW
19  14.7  21.4   13:46  10.8   03:15   3.6   0.1   6.3   1.3  14.8   11:31    SE
20  17.0  26.0   16:59   8.9   04:43   2.8   1.5   0.3   2.1  17.3   16:40   NNW
21  18.8  25.9   18:09  13.8   02:07   1.3   1.8   2.4   2.1  18.4   10:58   SSW
22  23.9  33.0   18:39  14.9   02:07   0.7   6.3   0.0   2.6  17.3   10:55    NE
23  27.0  39.3   17:26  15.6   05:51   0.3   9.0   0.0   1.6  12.2   10:28   NNE
24  26.8  33.9   16:46  18.1   23:58   0.0   8.5  12.9   2.5  37.8   23:47   SSW
25  19.3  25.6   11:59  13.6   23:54   0.8   1.8  13.8   3.7  29.5   14:19   SSW
26  17.8  24.7   12:39  10.2   05:59   2.3   1.8   0.0   2.8  24.5   15:56   WSW
27  18.5  26.4   17:10  10.1   05:36   2.2   2.4   0.0   2.5  20.9   14:43   SSW
28  20.7  28.9   18:48  12.8   05:40   1.1   3.5   0.0   2.4  22.0   16:56    SW
29  21.3  28.6   18:53  16.2   01:34   0.4   3.4   0.3   3.2  22.0   14:55    SW
30  20.6  27.0   15:50  16.4   07:12   0.4   2.7   0.6   2.6  24.5   15:56   SSW
----------------------------------------------------------------------------------
    18.3  39.3    23     8.9    20    60.4  60.9 144.0   2.3  37.8    24     SSW

Max >=  27.0:  9
Max <=   0.0:  0
Min <=   0.0:  0
Min <= -18.0:  0
Max Rain: 18.3 on day 11
Days of Rain: 20 (>= 0.2 mm)  16 (>= 2.0 mm)  0 (>= 20.0 mm)
Heat Base: 18.3  Cool Base: 18.3  Method: Integration
:now::gauges::today::yesterday::this month::this year::NOAA-style reports: :records::monthly records::trends::webcam:


Page updated 23.10.2017 00:35:01
powered by Cumulus v1.9.4 (1099)