Schwyzi's weather

 Latitude N 47° 32' 21"    Longitude E 07° 10' 18"    Elevation 385 m

Dawn: 07:30 Sunrise: 08:02 Moonrise: 11:23 Moon
Dusk: 19:00 Sunset:  18:29 Moonset: 20:53
Daylight: 11:30 Day length: 10:27 Moon Phase: Waxing Crescent

Report for 2016 Jul
                   Monthly Climatological Summary for Jul 2016

Name: Schwyzi's Wetter   City: 68580 Seppois le Bas   State: France
Elevation: 385 m  Lat: N 47 32' 21"   Lon: E 007 10' 18"

                  Temperature (C), Rain (mm), Wind Speed (km/h)

                                      Heat  Cool        Avg
    Mean                              Deg   Deg         Wind                 Dom
Day Temp  High   Time   Low    Time   Days  Days  Rain  Speed High   Time    Dir
----------------------------------------------------------------------------------
 1  22.2  30.3   16:38  15.0   05:47   0.5   4.4   0.0   2.2  18.4   12:40    SW
 2  17.1  21.3   12:12  11.9   23:35   1.6   0.3   5.7   2.5  23.4   13:32   SSW
 3  18.0  25.8   16:19   9.3   03:28   2.7   2.4   0.0   2.4  20.9   16:27    SW
 4  20.1  28.3   18:44  10.8   05:51   1.9   3.7   0.0   2.1  14.8   16:43   NNW
 5  20.7  27.5   16:03  13.1   05:33   1.4   3.7   0.0   1.8  15.8   15:33     S
 6  20.4  27.5   19:10  14.4   23:57   1.0   3.2   0.0   3.6  22.0   13:33    NW
 7  20.5  30.3   17:31  10.3   05:27   2.0   4.2   0.0   2.3  17.3   16:13   NNE
 8  22.5  31.3   15:44  12.6   04:33   1.4   5.6   0.0   2.5  31.7   15:48   SSW
 9  24.1  32.2   18:56  16.6   06:07   0.1   5.9   0.0   2.7  19.4   15:38   SSW
10  25.0  35.3   15:51  14.3   05:51   0.7   7.4   0.0   2.2  17.3   16:55     E
11  22.9  28.5   11:41  18.3   05:56   0.0   4.6   2.1   2.8  19.4   16:28   SSW
12  18.7  24.1   14:55  13.9   23:59   0.7   1.1   1.8   1.9  15.8   17:55   SSW
13  14.5  18.8   17:02  11.5   22:49   3.8   0.0   7.5   3.4  28.1   14:49   SSW
14  13.2  20.0   18:07  10.2   23:59   5.1   0.0  18.9   2.8  17.3   04:31   SSW
15  14.5  21.4   15:50   8.6   02:20   4.1   0.3   0.3   2.0  15.8   11:55     N
16  17.3  27.8   18:21   6.6   06:21   3.7   2.7   0.0   2.2  19.4   17:07    NE
17  21.2  33.4   17:04   9.6   06:07   2.3   5.2   0.0   2.1  17.3   11:23    NE
18  23.9  35.3   17:17  13.3   06:07   1.0   6.6   0.0   1.7  13.3   10:23   NNE
19  25.1  37.1   18:10  15.0   05:35   0.5   7.3   0.0   2.2  15.8   11:12    NE
20  26.5  38.6   17:15  14.9   06:08   0.5   8.8   0.0   1.6  14.8   17:24     N
21  25.0  32.9   18:59  18.9   06:20   0.0   6.7   1.5   2.4  25.6   02:52     N
22  20.6  26.5   10:10  16.8   23:57   0.1   2.4   3.0   2.0  27.0   13:43    SE
23  21.2  28.5   16:41  15.5   05:30   0.6   3.6   0.0   2.3  18.4   15:09   SSW
24  22.6  29.9   16:36  16.3   05:40   0.4   4.7   0.0   2.5  19.4   15:13   WSW
25  23.7  31.5   17:25  16.1   05:55   0.2   5.6   0.0   1.7  13.3   14:58     N
26  24.0  33.5   17:48  16.1   06:08   0.2   6.0   8.1   1.9  17.3   14:35     N
27  21.6  28.4   16:15  16.5   23:39   0.3   3.6   0.3   2.4  22.0   17:27   SSW
28  20.3  26.5   18:21  13.8   05:36   1.2   3.2   0.0   2.4  20.9   13:50   SSW
29  22.5  29.8   16:56  16.5   04:15   0.3   4.5   0.0   2.6  23.4   12:40   SSW
30  23.2  31.6   16:08  15.1   03:44   0.8   5.7   0.0   2.4  25.6   13:41    SW
31  20.5  24.9   16:31  16.9   23:59   0.1   2.2   0.0   2.0  22.0   16:32   SSW
----------------------------------------------------------------------------------
    21.1  38.6    20     6.6    16    39.2 125.6  49.2   2.3  31.7     8      SW

Max >=  27.0: 22
Max <=   0.0:  0
Min <=   0.0:  0
Min <= -18.0:  0
Max Rain: 18.9 on day 14
Days of Rain: 10 (>= 0.2 mm)  6 (>= 2.0 mm)  0 (>= 20.0 mm)
Heat Base: 18.3  Cool Base: 18.3  Method: Integration
:now::gauges::today::yesterday::this month::this year::NOAA-style reports: :records::monthly records::trends::webcam:


Page updated 23.10.2017 00:40:00
powered by Cumulus v1.9.4 (1099)