Schwyzi's weather

 Latitude N 47° 32' 21"    Longitude E 07° 10' 18"    Elevation 385 m

Dawn: 07:30 Sunrise: 08:02 Moonrise: 11:23 Moon
Dusk: 19:00 Sunset:  18:29 Moonset: 20:53
Daylight: 11:30 Day length: 10:27 Moon Phase: Waxing Crescent

Report for 2016 Aug
                   Monthly Climatological Summary for Aug 2016

Name: Schwyzi's Wetter   City: 68580 Seppois le Bas   State: France
Elevation: 385 m  Lat: N 47 32' 21"   Lon: E 007 10' 18"

                  Temperature (C), Rain (mm), Wind Speed (km/h)

                                      Heat  Cool        Avg
    Mean                              Deg   Deg         Wind                 Dom
Day Temp  High   Time   Low    Time   Days  Days  Rain  Speed High   Time    Dir
----------------------------------------------------------------------------------
 1  20.7  30.3   16:49  12.5   06:19   1.4   3.7   0.0   1.6  13.3   14:19     N
 2  19.8  26.5   14:44  14.5   02:51   1.0   2.4   0.0   2.2  23.4   15:07     S
 3  22.4  31.0   16:56  15.6   01:52   0.6   4.8   0.0   2.5  27.0   12:48   SSW
 4  19.5  24.7   10:54  13.0   23:54   0.7   1.9   0.0   1.9  13.3   11:24   SSW
 5  20.6  28.7   10:24  12.6   00:54   1.4   3.7   0.0   1.9  11.2   07:24     N
 6  20.1  26.2   08:24  15.1   00:24   0.7   2.5   0.0   2.1  18.4   07:24     S
 7  22.1  30.3   11:54  13.1   23:54   1.0   4.8   0.0   2.5  14.8   10:24   WSW
 8  21.4  29.9   17:59  12.7   00:54   1.0   4.1  12.0   2.0  19.4   18:31   SSW
 9  17.9  24.5   18:42  11.5   23:48   1.4   0.9   4.5   1.5  13.3   11:31   SSW
10  16.3  23.6   16:43  10.7   03:09   3.1   1.0   0.0   2.7  24.5   15:07   SSW
11  15.7  23.4   16:53   6.7   06:07   3.6   1.0   0.0   2.3  17.3   15:30   WNW
12  19.9  30.1   18:33  14.5   06:51   1.4   3.0   0.0   1.9  17.3   13:38   WSW
13  21.4  32.9   17:10  10.6   06:21   2.0   5.1   0.0   1.4  13.3   14:57     N
14  23.3  34.5   16:27  13.2   06:07   1.2   6.2   0.0   1.6  14.8   17:08   NNW
15  23.5  33.9   17:00  15.5   06:28   0.4   5.6   0.0   2.2  14.8   15:41     N
16  23.2  33.7   15:51  14.6   06:23   0.7   5.6   0.0   1.8  14.8   14:43   NNE
17  20.2  30.1   15:07  15.7   03:49   0.7   2.7   4.2   2.2  28.1   19:20   NNE
18  17.7  22.5   17:59  13.4   06:07   1.4   0.8   3.6   1.5  19.4   11:35    SW
19  20.0  29.7   15:34  14.8   06:53   0.9   2.6   0.3   1.4  13.3   12:16    NW
20  16.8  21.2   12:26  11.9   23:38   2.0   0.5   3.3   1.4  20.9   14:55   SSW
21  16.2  22.0   14:32  10.7   02:35   2.7   0.5   3.3   2.8  25.6   11:34   SSW
22  19.1  29.1   17:03   9.6   07:01   2.3   3.1   0.0   1.6  15.8   14:15   NNE
23  20.7  31.5   18:07  11.1   06:39   2.0   4.4   0.0   2.5  24.5   12:20    NE
24  23.1  34.5   17:19  12.4   06:27   1.3   6.0   0.0   2.1  18.4   13:15    NE
25  25.0  40.6   18:08  14.0   06:38   0.9   7.5   0.0   1.1  12.2   13:23     N
26  26.2  39.7   17:14  15.4   07:02   0.5   8.4   0.0   1.3  15.8   15:42   NNE
27  25.9  40.2   18:07  15.0   05:54   0.4   8.1   0.0   1.6  11.2   14:43     N
28  25.3  33.9   14:59  17.5   05:20   0.1   7.0   0.3   3.4  27.0   16:46   SSW
29  21.1  26.5   15:16  14.9   23:52   0.3   3.1   0.0   2.9  19.4   11:24   SSW
30  20.0  29.1   17:48  13.2   02:19   1.5   3.1   0.0   2.8  22.0   14:15   NNE
31  21.5  32.7   16:40  12.0   06:44   1.6   4.9   0.0   1.8  14.8   14:34     N
----------------------------------------------------------------------------------
    20.9  40.6    25     6.7    11    40.2 119.0  31.5   2.0  28.1    17       W

Max >=  27.0: 21
Max <=   0.0:  0
Min <=   0.0:  0
Min <= -18.0:  0
Max Rain: 12.0 on day 8
Days of Rain: 8 (>= 0.2 mm)  6 (>= 2.0 mm)  0 (>= 20.0 mm)
Heat Base: 18.3  Cool Base: 18.3  Method: Integration
:now::gauges::today::yesterday::this month::this year::NOAA-style reports: :records::monthly records::trends::webcam:


Page updated 23.10.2017 00:45:00
powered by Cumulus v1.9.4 (1099)