Schwyzi's weather

 Latitude N 47° 32' 21"    Longitude E 07° 10' 18"    Elevation 385 m

Dawn: 07:30 Sunrise: 08:02 Moonrise: 11:23 Moon
Dusk: 19:00 Sunset:  18:29 Moonset: 20:53
Daylight: 11:30 Day length: 10:27 Moon Phase: Waxing Crescent

Report for 2016 Sep
                   Monthly Climatological Summary for Sep 2016

Name: Schwyzi's Wetter   City: 68580 Seppois le Bas   State: France
Elevation: 385 m  Lat: N 47 32' 21"   Lon: E 007 10' 18"

                  Temperature (C), Rain (mm), Wind Speed (km/h)

                                      Heat  Cool        Avg
    Mean                              Deg   Deg         Wind                 Dom
Day Temp  High   Time   Low    Time   Days  Days  Rain  Speed High   Time    Dir
----------------------------------------------------------------------------------
 1  21.9  31.2   17:13  14.4   06:54   1.0   4.6   0.0   1.7  18.4   16:23   NNW
 2  20.7  31.0   15:20  11.2   06:52   2.0   4.4   0.0   1.6  19.4   17:03     N
 3  21.0  33.6   17:18  12.0   04:21   1.9   4.6   0.0   1.4  12.2   13:38     N
 4  17.9  26.8   13:20  12.4   05:19   2.0   1.6   1.8   1.8  27.0   15:42   SSW
 5  16.9  21.5   16:20  13.1   23:48   1.8   0.3  10.2   1.3  15.8   02:18   SSW
 6  17.5  27.4   16:35   9.6   04:53   3.0   2.2   0.3   2.7  20.9   11:36    NE
 7  19.1  29.7   17:23  10.5   06:42   2.3   3.1   0.0   2.1  17.3   10:21    NE
 8  20.7  32.1   17:08  11.2   06:07   2.2   4.6   0.0   1.9  19.4   14:33    SW
 9  21.3  31.8   15:59  15.0   03:28   1.0   4.1   0.0   1.5  14.8   14:12   NNE
10  21.9  33.8   16:20  13.3   06:46   1.3   4.8   0.0   1.4  11.2   12:43     N
11  21.8  31.3   17:41  14.8   04:34   0.9   4.4   0.0   1.3  14.8   14:07     N
12  22.6  33.5   15:47  13.9   05:43   1.0   5.3   0.0   1.6  15.8   13:24    NW
13  22.8  34.6   16:16  13.8   06:39   1.1   5.6   0.0   1.6  15.8   16:52   NNE
14  22.3  33.7   17:00  14.1   06:46   1.1   5.2   0.0   1.5  15.8   14:14   NNE
15  17.1  20.5   17:40  14.1   04:31   1.5   0.3   5.1   1.8  22.0   07:37   SSW
16  15.5  22.3   16:55  11.8   23:32   2.9   0.1   2.1   0.7  14.8   18:40   SSE
17  13.5  17.8   14:35  10.4   05:47   4.8   0.0   2.7   2.0  19.4   16:08   SSW
18  13.8  15.8   13:28  12.5   05:45   4.5   0.0  17.7   1.5  14.8   11:39     S
19  15.3  22.4   13:39  13.6   23:56   3.2   0.2   3.3   1.2  14.8   18:17   NNE
20  14.3  20.6   15:49  11.0   06:27   4.2   0.1   0.0   1.8  14.8   16:16   NNE
21  14.6  23.0   18:08   9.2   23:18   4.2   0.6   0.0   2.1  15.8   13:10   NNE
22  13.8  26.3   16:38   5.3   06:42   5.7   1.2   0.0   1.5  17.3   12:12    NE
23  14.7  25.0   17:34   8.4   07:04   4.9   1.3   0.0   0.7   8.6   14:04   NNE
24  14.5  25.6   16:34   5.7   07:04   5.4   1.7   0.0   2.1  12.2   12:34   NNE
25  17.0  29.4   16:04   7.9   07:04   3.8   2.5   0.0   0.7   8.6   17:04   NNE
26  16.3  25.1   16:32  12.3   03:48   2.6   0.6   0.0   1.1  13.3   10:51   NNE
27  16.3  25.8   16:14  10.9   23:59   3.2   1.2   0.0   1.1  15.8   14:27   NNE
28  15.3  25.2   17:02   7.9   06:16   4.6   1.6   0.0   1.6  20.9   13:37   SSW
29  16.7  28.0   16:43   8.5   06:57   4.1   2.4   0.0   1.5  18.4   16:09   SSW
30  15.6  25.0   13:11   8.0   07:02   4.0   1.2   0.0   1.9  27.0   14:12     S
----------------------------------------------------------------------------------
    17.8  34.6    13     5.3    22    86.2  69.8  43.2   1.6  27.0     4     NNE

Max >=  27.0: 14
Max <=   0.0:  0
Min <=   0.0:  0
Min <= -18.0:  0
Max Rain: 17.7 on day 18
Days of Rain: 8 (>= 0.2 mm)  6 (>= 2.0 mm)  0 (>= 20.0 mm)
Heat Base: 18.3  Cool Base: 18.3  Method: Integration
:now::gauges::today::yesterday::this month::this year::NOAA-style reports: :records::monthly records::trends::webcam:


Page updated 23.10.2017 00:45:00
powered by Cumulus v1.9.4 (1099)