Schwyzi's weather

 Latitude N 47° 32' 21"    Longitude E 07° 10' 18"    Elevation 385 m

Dawn: 07:30 Sunrise: 08:02 Moonrise: 11:23 Moon
Dusk: 19:00 Sunset:  18:29 Moonset: 20:53
Daylight: 11:30 Day length: 10:27 Moon Phase: Waxing Crescent

Report for 2016 Oct
                   Monthly Climatological Summary for Okt 2016

Name: Schwyzi's Wetter   City: 68580 Seppois le Bas   State: France
Elevation: 385 m  Lat: N 47 32' 21"   Lon: E 007 10' 18"

                  Temperature (C), Rain (mm), Wind Speed (km/h)

                                      Heat  Cool        Avg
    Mean                              Deg   Deg         Wind                 Dom
Day Temp  High   Time   Low    Time   Days  Days  Rain  Speed High   Time    Dir
----------------------------------------------------------------------------------
 1  14.6  17.8   13:22  11.8   04:33   3.7   0.0   0.9   0.7  17.3   13:07     S
 2  13.2  18.5   15:08   7.2   22:34   5.1   0.0   3.0   3.2  27.0   12:30   SSW
 3  12.4  23.5   17:04   6.7   23:34   6.4   0.5   0.0   1.1  11.2   15:04   NNW
 4  11.1  19.7   16:34   4.4   04:34   7.3   0.1   0.0   3.8  27.0   13:04    NE
 5  10.2  16.2   16:34 -16.0   21:27   8.3   0.0   0.0   4.0  24.5   19:16    NE
 6   8.1  15.4   16:12   2.8   05:00  10.2   0.0   0.0   5.7  30.6   13:35   NNE
 7   9.8  14.3   15:53   4.3   03:15   8.5   0.0   0.0   1.9  15.8   11:32    NE
 8   9.2  17.6   17:04   5.6   22:52   9.1   0.0   1.8   0.7   8.6   02:44    NE
 9   7.2  13.0   15:34 -16.1   11:22  11.1   0.0   4.8   1.4  15.8   16:49   NNE
10   7.6  15.7   16:08   4.4   02:44  10.7   0.0   0.0   1.3  12.2   12:11   NNE
11   7.4  15.5   15:20   1.7   23:58  10.9   0.0   0.3   2.2  19.4   15:58    NE
12   5.6  14.2   15:44   0.3   03:16  12.7   0.0   0.3   2.3  25.6   14:43    NE
13   6.0   9.7   14:37   1.2   00:25  12.3   0.0   2.1   2.5  23.4   14:41    NE
14   8.5  12.9   15:17   5.7   23:59   9.8   0.0   2.4   2.0  17.3   11:01    NE
15  10.7  22.5   15:41 -17.2   00:15   7.9   0.3   0.3   0.8  11.2   13:39    NE
16  10.3  22.3   14:21   1.8   07:58   8.4   0.3   0.0   0.9   9.7   12:37     N
17  11.9  17.3   14:24   8.1   04:37   6.4   0.0   8.7   0.5   9.7   22:54     S
18  13.2  19.1   15:38   9.6   21:08   5.2   0.0   0.9   2.5  18.4   16:57   SSW
19   9.6  15.3   15:45   7.1   21:17   8.7   0.0   3.0   2.1  18.4   16:20     S
20   8.5  12.2   11:31   5.9   18:59   9.8   0.0   3.3   1.8  20.9   13:56     S
----------------------------------------------------------------------------------
     9.8  23.5     3   -17.2    15   172.5   1.2  31.8   2.0  30.6     6      NE

Max >=  27.0:  0
Max <=   0.0:  0
Min <=   0.0:  3
Min <= -18.0:  0
Max Rain: 8.7 on day 17
Days of Rain: 13 (>= 0.2 mm)  7 (>= 2.0 mm)  0 (>= 20.0 mm)
Heat Base: 18.3  Cool Base: 18.3  Method: Integration
:now::gauges::today::yesterday::this month::this year::NOAA-style reports: :records::monthly records::trends::webcam:


Page updated 23.10.2017 00:35:01
powered by Cumulus v1.9.4 (1099)